{"id":774654,"date":"2025-09-09T09:49:14","date_gmt":"2025-09-09T06:49:14","guid":{"rendered":"https:\/\/roveyayinevi.com.tr\/index.php\/urun\/turk-mitolojisi-2\/"},"modified":"2026-04-16T02:07:15","modified_gmt":"2026-04-15T23:07:15","slug":"turk-mitolojisi-2","status":"publish","type":"product","link":"https:\/\/roveyayinevi.com.tr\/index.php\/urun\/turk-mitolojisi-2\/","title":{"rendered":"T\u00fcrk Mitolojisi"},"content":{"rendered":"<p>T\u00fcrk Mitolojisi T\u00fcrklerin \u0130slam \u00f6ncesi ve T\u00fcrkiye d\u0131\u015f\u0131ndaki \u00fclkelerde T\u00fcrk\u00e7e konu\u015fan halklar\u0131n mitolojileri hakk\u0131nda a\u00e7\u0131klay\u0131c\u0131 bilgiler i\u00e7ermektedir. Bin y\u0131l \u00f6nce tek tanr\u0131l\u0131 bir din olan \u0130slam\u2019a kat\u0131lan ve bu nedenle de pagan d\u00f6nemindeki gelenekleriyle resmi olarak ba\u011f\u0131n\u0131 koparan bir halk\u0131n mitolojisinden konu\u015fmak olduk\u00e7a zordur. T\u00fcrk-Anadolu mitolojisinde de \u00e7ok farkl\u0131 k\u00f6kenlere dayanan kapsaml\u0131 bile\u015fenlerin kar\u0131\u015f\u0131m\u0131 s\u00f6z konusudur: Altay miras\u0131, Anadolu uygarl\u0131klar\u0131n\u0131n pagan d\u00f6neme dayanan temelleri, Ortodoks ve Heterodoks \u0130slami gelene\u011fin ve H\u0131ristiyanl\u0131\u011f\u0131n dikkate de\u011fer katk\u0131s\u0131 ile nihayet evrensel konular i\u00e7eren ve her yerde rahatl\u0131kla rastlanan masal, destan ve efsanelerin g\u00fc\u00e7 belirlenebilecek etkisi. T\u00fcrk Mitolojisi ister ya\u015fayan, isterse eski zamanlardan beri yaz\u0131l\u0131 kaynaklarda sakl\u0131 kalan gelenekler olsun, geni\u015f anlamda, T\u00fcrkiye\u2019deki T\u00fcrklerin geleneklerine dayanan ve mitolojiyle yak\u0131n veya uzak ilgisi olan konular\u0131n kayd\u0131n\u0131 tutmaktad\u0131r. Sunumumuz bir taraftan tarihsel olarak O\u011fuzlar\u0131n ge\u00e7mi\u015fine, di\u011fer taraftan da \u0130slami mirasa dayanmaktad\u0131r. E\u015f zamanl\u0131 bak\u0131\u015f a\u00e7\u0131s\u0131yla, etnik olarak T\u00fcrk-Altay miras\u0131 olmayan \u00f6geleri de konu d\u0131\u015f\u0131nda b\u0131rakmak istemedik. Bu anlamda bak\u0131\u015f a\u00e7\u0131m\u0131z, bug\u00fcnk\u00fc T\u00fcrkiye\u2019nin farkl\u0131 k\u00f6kenli k\u00fclt\u00fcrel ger\u00e7eklerini kapsamay\u0131 ama\u00e7lam\u0131\u015ft\u0131r. <\/p>\n","protected":false},"excerpt":{"rendered":"<p>T\u00fcrk Mitolojisi T\u00fcrklerin \u0130slam \u00f6ncesi ve T\u00fcrkiye d\u0131\u015f\u0131ndaki \u00fclkelerde T\u00fcrk\u00e7e konu\u015fan halklar\u0131n mitolojileri hakk\u0131nda a\u00e7\u0131klay\u0131c\u0131 bilgiler i\u00e7ermektedir. Bin y\u0131l \u00f6nce tek tanr\u0131l\u0131 bir din olan \u0130slam\u2019a<span class=\"excerpt-hellip\"> [\u2026]<\/span><\/p>\n","protected":false},"featured_media":0,"template":"","meta":{"_monsterinsights_skip_tracking":false,"_monsterinsights_sitenote_active":false,"_monsterinsights_sitenote_note":"","_monsterinsights_sitenote_category":0},"product_brand":[],"product_cat":[12364],"product_tag":[],"class_list":{"0":"post-774654","1":"product","2":"type-product","3":"status-publish","5":"product_cat-genel-konular","6":"pa_cilt-ciltsiz","7":"pa_tur-kitap","8":"pa_yayinevi-bilgesu-yayincilik","9":"pa_yazar-pertev-naili-boratav","11":"first","12":"instock","13":"sale","14":"shipping-taxable","15":"purchasable","16":"product-type-simple"},"_links":{"self":[{"href":"https:\/\/roveyayinevi.com.tr\/index.php\/wp-json\/wp\/v2\/product\/774654","targetHints":{"allow":["GET"]}}],"collection":[{"href":"https:\/\/roveyayinevi.com.tr\/index.php\/wp-json\/wp\/v2\/product"}],"about":[{"href":"https:\/\/roveyayinevi.com.tr\/index.php\/wp-json\/wp\/v2\/types\/product"}],"wp:attachment":[{"href":"https:\/\/roveyayinevi.com.tr\/index.php\/wp-json\/wp\/v2\/media?parent=774654"}],"wp:term":[{"taxonomy":"product_brand","embeddable":true,"href":"https:\/\/roveyayinevi.com.tr\/index.php\/wp-json\/wp\/v2\/product_brand?post=774654"},{"taxonomy":"product_cat","embeddable":true,"href":"https:\/\/roveyayinevi.com.tr\/index.php\/wp-json\/wp\/v2\/product_cat?post=774654"},{"taxonomy":"product_tag","embeddable":true,"href":"https:\/\/roveyayinevi.com.tr\/index.php\/wp-json\/wp\/v2\/product_tag?post=774654"}],"curies":[{"name":"wp","href":"https:\/\/api.w.org\/{rel}","templated":true}]}}