{"id":774645,"date":"2025-09-09T09:42:40","date_gmt":"2025-09-09T06:42:40","guid":{"rendered":"https:\/\/roveyayinevi.com.tr\/index.php\/urun\/inanan-beyin\/"},"modified":"2025-09-09T09:42:40","modified_gmt":"2025-09-09T06:42:40","slug":"inanan-beyin","status":"publish","type":"product","link":"https:\/\/roveyayinevi.com.tr\/index.php\/urun\/inanan-beyin\/","title":{"rendered":"\u0130nanan Beyin"},"content":{"rendered":"<p>\u0130nan\u00e7lar nas\u0131l do\u011far, \u015fekillenir, peki\u015ftirilir, ayakta kal\u0131r, de\u011fi\u015ftirilir ve yok edilir? Bu \u00e7al\u0131\u015fma psikolog, bilim tarih\u00e7isi ve d\u00fcnyan\u0131n en \u00fcnl\u00fc \u015f\u00fcphecilerinden biri olan Michael Shermer\u2019in otuz y\u0131ll\u0131k birikiminin \u00fcr\u00fcn\u00fcd\u00fcr. Shermer\u2019a g\u00f6re beyin bir inan\u00e7 motorudur. \u00d6nce inan\u00e7lar gelir, sonra a\u00e7\u0131klamalar. Duyu verilerinden gelen bilgiyi i\u015fleyen beyin do\u011fal olarak \u00f6nce bir kal\u0131p arar, daha sonra bu kal\u0131ba g\u00f6re anlam bulur. \u0130\u015fte beynimizin noktalar\u0131 birle\u015ftirerek yaratt\u0131\u011f\u0131 bu kal\u0131plar inan\u00e7lard\u0131r, inan\u00e7lar bir kere olu\u015funca, bunlar\u0131 sa\u011flamla\u015ft\u0131rmak i\u00e7in kan\u0131t aramaya ba\u015flan\u0131r.    Shermer bu s\u00fcrecin nas\u0131l i\u015fledi\u011fini g\u00f6stermek i\u00e7in siyasetten ekonomiye, dinlerden komplo teorilerine ve do\u011fa\u00fcst\u00fc olaylara kadar ger\u00e7ek ya\u015famdan say\u0131s\u0131z \u00f6rnekler veriyor. En sonunda da inan\u00e7lar\u0131m\u0131z\u0131n ger\u00e7eklerle ba\u011fda\u015f\u0131p ba\u011fda\u015fmad\u0131\u011f\u0131na karar vermek i\u00e7in en iyi arac\u0131n bilim oldu\u011funu g\u00f6zler \u00f6n\u00fcne seriyor. \u201cMichael Shermer uzun zamand\u0131r bizim bilimsel d\u00fc\u015f\u00fcnce savunusu \u015fampiyonumuzdur. \u0130nanan Beyin\u2019de temellendirilmi\u015f inan\u00e7 ile temelsiz inan\u00e7 aras\u0131ndaki s\u0131n\u0131r \u00e7izgisini ola\u011fan\u00fcst\u00fc bir a\u00e7\u0131kl\u0131kla ve sa\u011flaml\u0131kla g\u00f6zler \u00f6n\u00fcne sermekte.\u201dSam Harris, Yalan ve \u0130nanc\u0131n Sonu kitaplar\u0131n\u0131n  yazar\u0131 \u201cFizik\u00e7i Richard Feynman bir zamanlar en kolay\u0131, ki\u015finin kendini kand\u0131rmas\u0131d\u0131r demi\u015fti. O nedenle bir bilim insan\u0131 sadece kuramlar\u0131nda do\u011fru olan nedir diye sormakla yetinmemeli, onlarda yanl\u0131\u015f olanlar nelerdir diye de sormal\u0131d\u0131r. Michael Shermer bu kitab\u0131nda neden \u2018inanmaya istekli\u2019 oldu\u011fumuzu \u00e7ok anla\u015f\u0131l\u0131r bir bi\u00e7imde a\u00e7\u0131klam\u0131\u015f.\u201dLawrence M. Krauss, Arizona Devlet \u00dcniversitesinde K\u00f6kenlerProjesi Ba\u015fkan\u0131 ve Hi\u00e7 Yoktan Bir Evren kitab\u0131n\u0131n yazar\u0131<\/p>\n","protected":false},"excerpt":{"rendered":"<p>\u0130nan\u00e7lar nas\u0131l do\u011far, \u015fekillenir, peki\u015ftirilir, ayakta kal\u0131r, de\u011fi\u015ftirilir ve yok edilir? Bu \u00e7al\u0131\u015fma psikolog, bilim tarih\u00e7isi ve d\u00fcnyan\u0131n en \u00fcnl\u00fc \u015f\u00fcphecilerinden biri olan Michael Shermer\u2019in otuz<span class=\"excerpt-hellip\"> [\u2026]<\/span><\/p>\n","protected":false},"featured_media":0,"template":"","meta":{"_monsterinsights_skip_tracking":false,"_monsterinsights_sitenote_active":false,"_monsterinsights_sitenote_note":"","_monsterinsights_sitenote_category":0},"product_brand":[],"product_cat":[13005,15998],"product_tag":[],"class_list":{"0":"post-774645","1":"product","2":"type-product","3":"status-publish","5":"product_cat-bilim-muhendislik","6":"product_cat-bilim-tarihi","7":"pa_cilt-ciltsiz","8":"pa_tur-kitap","9":"pa_yayinevi-alfa-yayinlari","10":"pa_yazar-michael-shermer","12":"first","13":"instock","14":"sale","15":"shipping-taxable","16":"purchasable","17":"product-type-simple"},"_links":{"self":[{"href":"https:\/\/roveyayinevi.com.tr\/index.php\/wp-json\/wp\/v2\/product\/774645","targetHints":{"allow":["GET"]}}],"collection":[{"href":"https:\/\/roveyayinevi.com.tr\/index.php\/wp-json\/wp\/v2\/product"}],"about":[{"href":"https:\/\/roveyayinevi.com.tr\/index.php\/wp-json\/wp\/v2\/types\/product"}],"wp:attachment":[{"href":"https:\/\/roveyayinevi.com.tr\/index.php\/wp-json\/wp\/v2\/media?parent=774645"}],"wp:term":[{"taxonomy":"product_brand","embeddable":true,"href":"https:\/\/roveyayinevi.com.tr\/index.php\/wp-json\/wp\/v2\/product_brand?post=774645"},{"taxonomy":"product_cat","embeddable":true,"href":"https:\/\/roveyayinevi.com.tr\/index.php\/wp-json\/wp\/v2\/product_cat?post=774645"},{"taxonomy":"product_tag","embeddable":true,"href":"https:\/\/roveyayinevi.com.tr\/index.php\/wp-json\/wp\/v2\/product_tag?post=774645"}],"curies":[{"name":"wp","href":"https:\/\/api.w.org\/{rel}","templated":true}]}}