{"id":774641,"date":"2025-09-09T09:40:16","date_gmt":"2025-09-09T06:40:16","guid":{"rendered":"https:\/\/roveyayinevi.com.tr\/index.php\/urun\/72-kogus\/"},"modified":"2026-04-16T02:05:51","modified_gmt":"2026-04-15T23:05:51","slug":"72-kogus","status":"publish","type":"product","link":"https:\/\/roveyayinevi.com.tr\/index.php\/urun\/72-kogus\/","title":{"rendered":"72. Ko\u011fu\u015f"},"content":{"rendered":"<p>T\u00fcrk edebiyat\u0131n\u0131n en \u00f6nemli kalemlerinden biri olan Orhan Kemal\u2019in ba\u015fyap\u0131tlar\u0131ndan biri olan 72. Ko\u011fu\u015f, insan haysiyetinin d\u00fc\u015febilece\u011fi en dipsiz kuyunun hik\u00e2yesidir T\u00fcm yap\u0131tlar\u0131nda her \u015feye ra\u011fmen insana olan inanc\u0131n\u0131 ve sevgisini korumu\u015f olan Orhan Kemal, bu derin \u00e7ukura yuvarlanm\u0131\u015f olan insanlar\u0131n, en yak\u0131n\u0131n\u0131 bile \u00fc\u00e7 kuru\u015fa vurabilecek kadar al\u00e7alm\u0131\u015f olanlar\u0131n d\u00fcnyas\u0131n\u0131 bir ko\u011fu\u015fun karanl\u0131\u011f\u0131nda anlat\u0131rken bile direni\u015fin sesini duyuruyor okurlar\u0131na. Al\u00e7al\u0131\u015f\u0131n bile yok edemeyece\u011fi insanl\u0131k onurunu dile getiriyor. Orhan Kemal&#8217;in kitaplar\u0131 b\u00eer okurum hayatta rastlayabilece\u011fi o \u00e7ok nadir hazineler aras\u0131nda yer al\u0131r. \u00c7ok az yazar okurunun d\u00fcnyas\u0131nda onun kadar iz kak\u0131r, \u00e7ok az yazar okurunu onun kadar bi\u00e7imlendirir. Orhan Kemal umudu ve ayd\u0131nl\u0131\u011f\u0131 yeniden kazanmam\u0131z i\u00e7in yol g\u00f6sterir bize. Orhan Kemal&#8217;in kitaplar\u0131 b\u00eer okurum hayatta rastlayabilece\u011fi o \u00e7ok nadir hazineler aras\u0131nda yer al\u0131r. \u00c7ok az yazar okurunun d\u00fcnyas\u0131nda onun kadar iz kak\u0131r, \u00e7ok az yazar okurunu onun kadar bi\u00e7imlendirir. \ufffc<\/p>\n","protected":false},"excerpt":{"rendered":"<p>T\u00fcrk edebiyat\u0131n\u0131n en \u00f6nemli kalemlerinden biri olan Orhan Kemal\u2019in ba\u015fyap\u0131tlar\u0131ndan biri olan 72. Ko\u011fu\u015f, insan haysiyetinin d\u00fc\u015febilece\u011fi en dipsiz kuyunun hik\u00e2yesidir T\u00fcm yap\u0131tlar\u0131nda her \u015feye ra\u011fmen<span class=\"excerpt-hellip\"> [\u2026]<\/span><\/p>\n","protected":false},"featured_media":0,"template":"","meta":{"_monsterinsights_skip_tracking":false,"_monsterinsights_sitenote_active":false,"_monsterinsights_sitenote_note":"","_monsterinsights_sitenote_category":0},"product_brand":[],"product_cat":[12291,12292],"product_tag":[],"class_list":{"0":"post-774641","1":"product","2":"type-product","3":"status-publish","5":"product_cat-edebiyat","6":"product_cat-turk-edebiyati","7":"pa_cilt-ciltsiz","8":"pa_tur-kitap","9":"pa_yayinevi-everest-yayinlari","10":"pa_yazar-orhan-kemal","12":"first","13":"instock","14":"sale","15":"shipping-taxable","16":"purchasable","17":"product-type-simple"},"_links":{"self":[{"href":"https:\/\/roveyayinevi.com.tr\/index.php\/wp-json\/wp\/v2\/product\/774641","targetHints":{"allow":["GET"]}}],"collection":[{"href":"https:\/\/roveyayinevi.com.tr\/index.php\/wp-json\/wp\/v2\/product"}],"about":[{"href":"https:\/\/roveyayinevi.com.tr\/index.php\/wp-json\/wp\/v2\/types\/product"}],"wp:attachment":[{"href":"https:\/\/roveyayinevi.com.tr\/index.php\/wp-json\/wp\/v2\/media?parent=774641"}],"wp:term":[{"taxonomy":"product_brand","embeddable":true,"href":"https:\/\/roveyayinevi.com.tr\/index.php\/wp-json\/wp\/v2\/product_brand?post=774641"},{"taxonomy":"product_cat","embeddable":true,"href":"https:\/\/roveyayinevi.com.tr\/index.php\/wp-json\/wp\/v2\/product_cat?post=774641"},{"taxonomy":"product_tag","embeddable":true,"href":"https:\/\/roveyayinevi.com.tr\/index.php\/wp-json\/wp\/v2\/product_tag?post=774641"}],"curies":[{"name":"wp","href":"https:\/\/api.w.org\/{rel}","templated":true}]}}