{"id":774631,"date":"2025-09-09T09:34:09","date_gmt":"2025-09-09T06:34:09","guid":{"rendered":"https:\/\/roveyayinevi.com.tr\/index.php\/urun\/yuce-ve-guzel-kavramlarimizin-kaynagi-hakkinda-felsefi-bir-sorusturma\/"},"modified":"2026-04-16T02:05:02","modified_gmt":"2026-04-15T23:05:02","slug":"yuce-ve-guzel-kavramlarimizin-kaynagi-hakkinda-felsefi-bir-sorusturma","status":"publish","type":"product","link":"https:\/\/roveyayinevi.com.tr\/index.php\/urun\/yuce-ve-guzel-kavramlarimizin-kaynagi-hakkinda-felsefi-bir-sorusturma\/","title":{"rendered":"Y\u00fcce ve G\u00fczel Kavramlar\u0131m\u0131z\u0131n Kayna\u011f\u0131 Hakk\u0131nda Felsefi Bir Soru\u015fturma"},"content":{"rendered":"<p>Y\u00fcce ve G\u00fczel Kavramlar\u0131m\u0131z\u0131n Kayna\u011f\u0131 Hakk\u0131nda Felsefi Bir Soru\u015fturma <\/p>\n","protected":false},"excerpt":{"rendered":"<p>Y\u00fcce ve G\u00fczel Kavramlar\u0131m\u0131z\u0131n Kayna\u011f\u0131 Hakk\u0131nda Felsefi Bir Soru\u015fturma<\/p>\n","protected":false},"featured_media":0,"template":"","meta":{"_monsterinsights_skip_tracking":false,"_monsterinsights_sitenote_active":false,"_monsterinsights_sitenote_note":"","_monsterinsights_sitenote_category":0},"product_brand":[],"product_cat":[12364],"product_tag":[],"class_list":{"0":"post-774631","1":"product","2":"type-product","3":"status-publish","5":"product_cat-genel-konular","6":"pa_cilt-ciltsiz","7":"pa_tur-kitap","8":"pa_yayinevi-bilgesu-yayincilik","9":"pa_yazar-edmund-burke","11":"first","12":"instock","13":"sale","14":"shipping-taxable","15":"purchasable","16":"product-type-simple"},"_links":{"self":[{"href":"https:\/\/roveyayinevi.com.tr\/index.php\/wp-json\/wp\/v2\/product\/774631","targetHints":{"allow":["GET"]}}],"collection":[{"href":"https:\/\/roveyayinevi.com.tr\/index.php\/wp-json\/wp\/v2\/product"}],"about":[{"href":"https:\/\/roveyayinevi.com.tr\/index.php\/wp-json\/wp\/v2\/types\/product"}],"wp:attachment":[{"href":"https:\/\/roveyayinevi.com.tr\/index.php\/wp-json\/wp\/v2\/media?parent=774631"}],"wp:term":[{"taxonomy":"product_brand","embeddable":true,"href":"https:\/\/roveyayinevi.com.tr\/index.php\/wp-json\/wp\/v2\/product_brand?post=774631"},{"taxonomy":"product_cat","embeddable":true,"href":"https:\/\/roveyayinevi.com.tr\/index.php\/wp-json\/wp\/v2\/product_cat?post=774631"},{"taxonomy":"product_tag","embeddable":true,"href":"https:\/\/roveyayinevi.com.tr\/index.php\/wp-json\/wp\/v2\/product_tag?post=774631"}],"curies":[{"name":"wp","href":"https:\/\/api.w.org\/{rel}","templated":true}]}}