{"id":774617,"date":"2025-09-09T09:31:16","date_gmt":"2025-09-09T06:31:16","guid":{"rendered":"https:\/\/roveyayinevi.com.tr\/index.php\/urun\/don-quijote-2-cilt-takim-kutulu\/"},"modified":"2026-04-11T13:22:38","modified_gmt":"2026-04-11T10:22:38","slug":"don-quijote-2-cilt-takim-kutulu","status":"publish","type":"product","link":"https:\/\/roveyayinevi.com.tr\/index.php\/urun\/don-quijote-2-cilt-takim-kutulu\/","title":{"rendered":"Don Quijote 2 Cilt Tak\u0131m (Kutulu)"},"content":{"rendered":"<p>Roman\u0131n &#8216;\u00f6z&#8217; babas\u0131 Miguel de Cervantes Saavedra, kendisini izleyen t\u00fcm romanc\u0131lar\u0131 yap\u0131tlar\u0131n\u0131n &#8216;\u00fcvey&#8217; babas\u0131 konumuna d\u00fc\u015f\u00fcrece\u011fini -\u00e7\u00fcnk\u00fc Don Quijote&#8217;den \u015fu ya da bu bi\u00e7imde etkilenmemi\u015f tek b\u00fcy\u00fck romanc\u0131 yoktur- [&#8230;] okuruna seslemirken bilebilir miydi? Jale Parla&#8217;n\u0131n yerinde saptamalar\u0131yla: Shakespeare&#8217;le birlikte belki de ilk kez &#8216;modern&#8217; okuru d\u00fc\u015fleyen ve sadece \u015f\u00f6valye romanlar\u0131 n\u0131n de\u011fil, R\u00f6nesans&#8217;ta kullan\u0131lan b\u00fct\u00fcn yaz\u0131nsal t\u00fcrlerin otoritesini y\u0131kan bu \u00f6nc\u00fc yazar\u0131n, 1605 y\u0131l\u0131ndan beri en \u00e7ok okunan, en \u00e7ok sevilen, en \u00e7ok yorumlanan ve yeniden en \u00e7ok yaz\u0131lan ve belki postmodern anlat\u0131y\u0131 bile d\u00f6rt y\u00fczy\u0131l \u00f6nceden haber veren bu \u00f6nc\u00fc roman\u0131, Roza Hakmen&#8217;in \u0130spanyolca asl\u0131ndan yapt\u0131\u011f\u0131 tam metin \u00e7eviriyle (ve Ahmet G\u00fcntan&#8217;\u0131n \u015fiir \u00e7evirileriyle) T\u00fcrk\u00e7ede. <\/p>\n","protected":false},"excerpt":{"rendered":"<p>Roman\u0131n &#8216;\u00f6z&#8217; babas\u0131 Miguel de Cervantes Saavedra, kendisini izleyen t\u00fcm romanc\u0131lar\u0131 yap\u0131tlar\u0131n\u0131n &#8216;\u00fcvey&#8217; babas\u0131 konumuna d\u00fc\u015f\u00fcrece\u011fini -\u00e7\u00fcnk\u00fc Don Quijote&#8217;den \u015fu ya da bu bi\u00e7imde etkilenmemi\u015f tek<span class=\"excerpt-hellip\"> [\u2026]<\/span><\/p>\n","protected":false},"featured_media":0,"template":"","meta":{"_monsterinsights_skip_tracking":false,"_monsterinsights_sitenote_active":false,"_monsterinsights_sitenote_note":"","_monsterinsights_sitenote_category":0},"product_brand":[],"product_cat":[12291,12711],"product_tag":[],"class_list":{"0":"post-774617","1":"product","2":"type-product","3":"status-publish","5":"product_cat-edebiyat","6":"product_cat-roman-oyku","7":"pa_cilt-takim","8":"pa_tur-kitap","9":"pa_yayinevi-yapi-kredi-yayinlari","10":"pa_yazar-miguel-de-cervantes-saavedra","12":"first","13":"instock","14":"sale","15":"shipping-taxable","16":"purchasable","17":"product-type-simple"},"_links":{"self":[{"href":"https:\/\/roveyayinevi.com.tr\/index.php\/wp-json\/wp\/v2\/product\/774617","targetHints":{"allow":["GET"]}}],"collection":[{"href":"https:\/\/roveyayinevi.com.tr\/index.php\/wp-json\/wp\/v2\/product"}],"about":[{"href":"https:\/\/roveyayinevi.com.tr\/index.php\/wp-json\/wp\/v2\/types\/product"}],"wp:attachment":[{"href":"https:\/\/roveyayinevi.com.tr\/index.php\/wp-json\/wp\/v2\/media?parent=774617"}],"wp:term":[{"taxonomy":"product_brand","embeddable":true,"href":"https:\/\/roveyayinevi.com.tr\/index.php\/wp-json\/wp\/v2\/product_brand?post=774617"},{"taxonomy":"product_cat","embeddable":true,"href":"https:\/\/roveyayinevi.com.tr\/index.php\/wp-json\/wp\/v2\/product_cat?post=774617"},{"taxonomy":"product_tag","embeddable":true,"href":"https:\/\/roveyayinevi.com.tr\/index.php\/wp-json\/wp\/v2\/product_tag?post=774617"}],"curies":[{"name":"wp","href":"https:\/\/api.w.org\/{rel}","templated":true}]}}