{"id":774598,"date":"2025-09-09T09:18:52","date_gmt":"2025-09-09T06:18:52","guid":{"rendered":"https:\/\/roveyayinevi.com.tr\/index.php\/urun\/cocuk-egitimi-el-kitabi\/"},"modified":"2026-04-16T02:02:36","modified_gmt":"2026-04-15T23:02:36","slug":"cocuk-egitimi-el-kitabi","status":"publish","type":"product","link":"https:\/\/roveyayinevi.com.tr\/index.php\/urun\/cocuk-egitimi-el-kitabi\/","title":{"rendered":"\u00c7ocuk E\u011fitimi El Kitab\u0131"},"content":{"rendered":"<p>\u00c7ocuk E\u011fitimi El Kitab\u0131, Haluk Yavuzer&#8217;in &#8220;\u00c7ocuk ve gen\u00e7lik psikolojisi&#8221; konusundaki otuz y\u0131ll\u0131k mesleki birikiminin k\u0131sa bir \u00f6zetidir. Kitab\u0131n temel amac\u0131, \u00e7ocuklar\u0131yla sa\u011fl\u0131kl\u0131 bir ileti\u015fim kurabilmeleri i\u00e7in, anne-babalara yol g\u00f6stermektir. Bu ama\u00e7la, kitapta, anne-babalar\u0131n g\u00fcnl\u00fck hayatta kar\u015f\u0131la\u015ft\u0131klar\u0131 e\u011fitim ve ileti\u015fim sorunlar\u0131n\u0131n \u00e7\u00f6z\u00fcm\u00fcne y\u00f6nelik pratik \u00f6nerilere yer verilmi\u015f, yap\u0131lan pedagojik hatalar, olmas\u0131 gereken do\u011frularla birlikte ele al\u0131nm\u0131\u015f, okumay\u0131 kolayla\u015ft\u0131rmak i\u00e7in, her konu resimlerle desteklenmi\u015ftir. \u00c7ocuk E\u011fitimi El Kitab\u0131, &#8220;kendini de\u011fi\u015ftirmek&#8221; konusunda &#8220;istekli&#8221; ve &#8220;kararl\u0131&#8221; olan t\u00fcm anne-babalar ve \u00f6\u011fretmenler i\u00e7in, vazge\u00e7ilmez bir rehber olacakt\u0131r.<\/p>\n","protected":false},"excerpt":{"rendered":"<p>\u00c7ocuk E\u011fitimi El Kitab\u0131, Haluk Yavuzer&#8217;in &#8220;\u00c7ocuk ve gen\u00e7lik psikolojisi&#8221; konusundaki otuz y\u0131ll\u0131k mesleki birikiminin k\u0131sa bir \u00f6zetidir. Kitab\u0131n temel amac\u0131, \u00e7ocuklar\u0131yla sa\u011fl\u0131kl\u0131 bir ileti\u015fim kurabilmeleri<span class=\"excerpt-hellip\"> [\u2026]<\/span><\/p>\n","protected":false},"featured_media":0,"template":"","meta":{"_monsterinsights_skip_tracking":false,"_monsterinsights_sitenote_active":false,"_monsterinsights_sitenote_note":"","_monsterinsights_sitenote_category":0},"product_brand":[],"product_cat":[12679,12357],"product_tag":[],"class_list":{"0":"post-774598","1":"product","2":"type-product","3":"status-publish","5":"product_cat-cocuk-psikolojisi","6":"product_cat-psikoloji","7":"pa_cilt-ciltsiz","8":"pa_tur-kitap","9":"pa_yayinevi-remzi-kitabevi","10":"pa_yazar-haluk-yavuzer","12":"first","13":"instock","14":"sale","15":"shipping-taxable","16":"purchasable","17":"product-type-simple"},"_links":{"self":[{"href":"https:\/\/roveyayinevi.com.tr\/index.php\/wp-json\/wp\/v2\/product\/774598","targetHints":{"allow":["GET"]}}],"collection":[{"href":"https:\/\/roveyayinevi.com.tr\/index.php\/wp-json\/wp\/v2\/product"}],"about":[{"href":"https:\/\/roveyayinevi.com.tr\/index.php\/wp-json\/wp\/v2\/types\/product"}],"wp:attachment":[{"href":"https:\/\/roveyayinevi.com.tr\/index.php\/wp-json\/wp\/v2\/media?parent=774598"}],"wp:term":[{"taxonomy":"product_brand","embeddable":true,"href":"https:\/\/roveyayinevi.com.tr\/index.php\/wp-json\/wp\/v2\/product_brand?post=774598"},{"taxonomy":"product_cat","embeddable":true,"href":"https:\/\/roveyayinevi.com.tr\/index.php\/wp-json\/wp\/v2\/product_cat?post=774598"},{"taxonomy":"product_tag","embeddable":true,"href":"https:\/\/roveyayinevi.com.tr\/index.php\/wp-json\/wp\/v2\/product_tag?post=774598"}],"curies":[{"name":"wp","href":"https:\/\/api.w.org\/{rel}","templated":true}]}}