{"id":774596,"date":"2025-09-09T09:16:46","date_gmt":"2025-09-09T06:16:46","guid":{"rendered":"https:\/\/roveyayinevi.com.tr\/index.php\/urun\/koroglu-destani-2\/"},"modified":"2026-04-16T02:02:13","modified_gmt":"2026-04-15T23:02:13","slug":"koroglu-destani-2","status":"publish","type":"product","link":"https:\/\/roveyayinevi.com.tr\/index.php\/urun\/koroglu-destani-2\/","title":{"rendered":"K\u00f6ro\u011flu Destan\u0131"},"content":{"rendered":"<p>K\u00f6ro\u011flu Destan\u0131\u2019nda K\u00f6ro\u011flu ad\u0131yla \u00fcn alm\u0131\u015f efsane kahraman\u0131 \u00fczerine bir \u015feyler \u00f6\u011frenmek isteyen s\u0131radan okuyucu, bu konuda, 1931\u2019lerdeki olanaklar\u0131m \u00f6l\u00e7\u00fcs\u00fcnde edinebildi\u011fim bilgileri bulacak, K\u00f6ro\u011flu ile \u201cDelileri\u201dnin yi\u011fitlik maceralar\u0131n\u0131, yer yer kopuk bir sinema \u015feridine bakar gibi seyredecek, bir b\u00f6l\u00fc\u011f\u00fc belki \u201chaydut-ozan\u201d bir K\u00f6ro\u011flu\u2019nun yaratmalar\u0131, daha b\u00fcy\u00fck bir b\u00f6l\u00fc\u011f\u00fc ise, onun ya da yi\u011fit yolda\u015flar\u0131n\u0131n ve de onunla boy \u00f6l\u00e7\u00fc\u015fmeyi g\u00f6ze alm\u0131\u015f \u00e7e\u015fit \u00e7e\u015fit insanlar\u0131n a\u011fz\u0131ndan, y\u00fczy\u0131llar boyunca a\u015f\u0131k-hikayecilerin s\u00f6ylemi\u015f olduklar\u0131 deyi\u015fleri okuma zevkini tadacakt\u0131r. K\u00f6ro\u011flu Destan\u0131 t\u00fcr\u00fcnden hikayeler \u00fczerinde \u00e7al\u0131\u015fan halkbilimi uzmanlar\u0131 da, benim bu konudaki ara\u015ft\u0131rmalara ilk katk\u0131 olarak o tarihlerde bir araya getirebildi\u011fim belgelerle elde edebildi\u011fim sonu\u00e7lardan, kendi ara\u015ft\u0131rmalar\u0131 i\u00e7in yararlanma olana\u011f\u0131n\u0131 bulacaklard\u0131r. <\/p>\n","protected":false},"excerpt":{"rendered":"<p>K\u00f6ro\u011flu Destan\u0131\u2019nda K\u00f6ro\u011flu ad\u0131yla \u00fcn alm\u0131\u015f efsane kahraman\u0131 \u00fczerine bir \u015feyler \u00f6\u011frenmek isteyen s\u0131radan okuyucu, bu konuda, 1931\u2019lerdeki olanaklar\u0131m \u00f6l\u00e7\u00fcs\u00fcnde edinebildi\u011fim bilgileri bulacak, K\u00f6ro\u011flu ile \u201cDelileri\u201dnin<span class=\"excerpt-hellip\"> [\u2026]<\/span><\/p>\n","protected":false},"featured_media":0,"template":"","meta":{"_monsterinsights_skip_tracking":false,"_monsterinsights_sitenote_active":false,"_monsterinsights_sitenote_note":"","_monsterinsights_sitenote_category":0},"product_brand":[],"product_cat":[20234,12291],"product_tag":[],"class_list":{"0":"post-774596","1":"product","2":"type-product","3":"status-publish","5":"product_cat-divan-edebiyati-halk-edebiyati","6":"product_cat-edebiyat","7":"pa_cilt-ciltsiz","8":"pa_tur-kitap","9":"pa_yayinevi-bilgesu-yayincilik","10":"pa_yazar-pertev-naili-boratav","12":"first","13":"instock","14":"sale","15":"shipping-taxable","16":"purchasable","17":"product-type-simple"},"_links":{"self":[{"href":"https:\/\/roveyayinevi.com.tr\/index.php\/wp-json\/wp\/v2\/product\/774596","targetHints":{"allow":["GET"]}}],"collection":[{"href":"https:\/\/roveyayinevi.com.tr\/index.php\/wp-json\/wp\/v2\/product"}],"about":[{"href":"https:\/\/roveyayinevi.com.tr\/index.php\/wp-json\/wp\/v2\/types\/product"}],"wp:attachment":[{"href":"https:\/\/roveyayinevi.com.tr\/index.php\/wp-json\/wp\/v2\/media?parent=774596"}],"wp:term":[{"taxonomy":"product_brand","embeddable":true,"href":"https:\/\/roveyayinevi.com.tr\/index.php\/wp-json\/wp\/v2\/product_brand?post=774596"},{"taxonomy":"product_cat","embeddable":true,"href":"https:\/\/roveyayinevi.com.tr\/index.php\/wp-json\/wp\/v2\/product_cat?post=774596"},{"taxonomy":"product_tag","embeddable":true,"href":"https:\/\/roveyayinevi.com.tr\/index.php\/wp-json\/wp\/v2\/product_tag?post=774596"}],"curies":[{"name":"wp","href":"https:\/\/api.w.org\/{rel}","templated":true}]}}