{"id":774594,"date":"2025-09-09T09:16:05","date_gmt":"2025-09-09T06:16:05","guid":{"rendered":"https:\/\/roveyayinevi.com.tr\/index.php\/urun\/cankaya\/"},"modified":"2026-04-16T02:02:12","modified_gmt":"2026-04-15T23:02:12","slug":"cankaya","status":"publish","type":"product","link":"https:\/\/roveyayinevi.com.tr\/index.php\/urun\/cankaya\/","title":{"rendered":"\u00c7ankaya"},"content":{"rendered":"<p>\u201cHi\u00e7 \u015f\u00fcphesiz ki Falih R\u0131fk\u0131 Atay\u2019\u0131n \u00c7ankaya, Atat\u00fcrk\u2019\u00fcn Hat\u0131ralar\u0131 kitaplar\u0131 her t\u00fcrl\u00fc d\u00fc\u015f\u00fcnce sahibinin mutlaka okumas\u0131 gereken kitaplard\u0131r. Falih R\u0131fk\u0131 Atay\u2019\u0131n s\u00fcr\u00fckleyici, zengin muhteval\u0131, z\u0131t g\u00f6r\u00fcn\u00fcm ve olaylara dayanarak tezlerini savunan bir \u00fcslubu vard\u0131r.\u201d Prof. Dr. \u0130lber ORTAYLI \u201cAtat\u00fcrk ne yapt\u0131\u011f\u0131n\u0131, nas\u0131l yapaca\u011f\u0131n\u0131, kimlere ne yapt\u0131raca\u011f\u0131n\u0131, kimleri nas\u0131l ve nerede de\u011ferlendirece\u011fini bilen pek hesapl\u0131 bir adamd\u0131. Bir f\u0131kras\u0131ndan, bir hik\u00e2yesinden, bir yaz\u0131 veya nutkundan hemen anlad\u0131\u011f\u0131m\u0131z\u0131 sand\u0131\u011f\u0131m\u0131z Gazi, arad\u0131k\u00e7a yeni bir s\u0131r verir. Yakla\u015f\u0131lan bir da\u011f gibi b\u00fcy\u00fcr. Onun h\u00e2l terc\u00fcmesi, yeni T\u00fcrk devletinin tarihi demektir. Tarihimizi bilmek i\u00e7in Gazi\u2019yi \u00f6\u011frenmeliyiz!\u201d Falih R\u0131fk\u0131 ATAY Kurdu\u011fu cumhuriyet ile ad\u0131n\u0131 tarihin \u015fanl\u0131 sayfalar\u0131na yazd\u0131ran, T\u00fcrk\u2019\u00fcn ne oldu\u011funu d\u00fcnyaya g\u00f6steren, ola\u011fan\u00fcst\u00fc \u015fartlarda ortaya \u00e7\u0131km\u0131\u015f s\u0131ra d\u0131\u015f\u0131 bir liderdi Atat\u00fcrk. O, neredeyse i\u015fgal edilmemi\u015f topra\u011f\u0131 kalmayan bir ulusun, k\u00fcllerinden do\u011fmas\u0131na \u00f6nderlik etti. B\u00fcy\u00fck ba\u015far\u0131lara imza atm\u0131\u015f Atat\u00fcrk hakk\u0131nda bir\u00e7ok kitap ve makale yaz\u0131ld\u0131. Onun hakk\u0131ndaki her \u015fey etrafl\u0131ca tart\u0131\u015f\u0131ld\u0131, h\u00e2l\u00e2 tart\u0131\u015f\u0131l\u0131yor. Bu yaz\u0131lar\u0131n bir\u00e7o\u011fu ancak Atat\u00fcrk \u00f6ld\u00fckten sonra yaz\u0131ld\u0131\u011f\u0131 i\u00e7in, Falih R\u0131fk\u0131 Atay gibi onu yak\u0131ndan tan\u0131yan ve uzun y\u0131llar yan\u0131nda bulunanlar\u0131n ilk elden verdi\u011fi bilgilerin k\u0131ymetiharbiyesi \u00e7ok daha \u00f6nemlidir. Falih R\u0131fk\u0131 Atay, 1923\u2019ten 1938\u2019e kadar Atat\u00fcrk\u2019\u00fcn yan\u0131nda bulunmu\u015f, onun ya\u015fad\u0131klar\u0131n\u0131 bizzat kendisinden dinlemi\u015f ve hatta bir\u00e7o\u011funa \u015fahit olmu\u015f devrin \u00f6nemli gazetecilerindendir. \u00c7ankaya, Atat\u00fcrk\u2019\u00fc do\u011fumundan okul y\u0131llar\u0131na, sava\u015ft\u0131\u011f\u0131 cephelerden yapt\u0131\u011f\u0131 ink\u0131laplara, tart\u0131\u015fma sofralar\u0131ndan insani y\u00f6nlerine kadar her detay\u0131 anekdotlara yer vererek anlatan muazzam bir kitapt\u0131r. Atat\u00fcrk\u2019\u00fc ve T\u00fcrkiye\u2019nin d\u00f6n\u00fc\u015f\u00fcm\u00fcn\u00fc her y\u00f6n\u00fcyle anlamak ve alg\u0131lamak i\u00e7in, \u00c7ankaya kitab\u0131 onlarca y\u0131ld\u0131r en \u00f6nemli kaynak olmaya devam etmektedir. Bu nedenle her T\u00fcrk vatanda\u015f\u0131n\u0131n mutlaka okumas\u0131 gereken \u00e7arp\u0131c\u0131 bir eserdir!<\/p>\n","protected":false},"excerpt":{"rendered":"<p>\u201cHi\u00e7 \u015f\u00fcphesiz ki Falih R\u0131fk\u0131 Atay\u2019\u0131n \u00c7ankaya, Atat\u00fcrk\u2019\u00fcn Hat\u0131ralar\u0131 kitaplar\u0131 her t\u00fcrl\u00fc d\u00fc\u015f\u00fcnce sahibinin mutlaka okumas\u0131 gereken kitaplard\u0131r. Falih R\u0131fk\u0131 Atay\u2019\u0131n s\u00fcr\u00fckleyici, zengin muhteval\u0131, z\u0131t g\u00f6r\u00fcn\u00fcm<span class=\"excerpt-hellip\"> [\u2026]<\/span><\/p>\n","protected":false},"featured_media":0,"template":"","meta":{"_monsterinsights_skip_tracking":false,"_monsterinsights_sitenote_active":false,"_monsterinsights_sitenote_note":"","_monsterinsights_sitenote_category":0},"product_brand":[],"product_cat":[12530,12304],"product_tag":[],"class_list":{"0":"post-774594","1":"product","2":"type-product","3":"status-publish","5":"product_cat-mustafa-kemal-ataturk","6":"product_cat-tarih","7":"pa_cilt-ciltsiz","8":"pa_tur-kitap","9":"pa_yayinevi-pozitif-yayinlari","10":"pa_yazar-falih-rifki-atay","12":"first","13":"instock","14":"sale","15":"shipping-taxable","16":"purchasable","17":"product-type-simple"},"_links":{"self":[{"href":"https:\/\/roveyayinevi.com.tr\/index.php\/wp-json\/wp\/v2\/product\/774594","targetHints":{"allow":["GET"]}}],"collection":[{"href":"https:\/\/roveyayinevi.com.tr\/index.php\/wp-json\/wp\/v2\/product"}],"about":[{"href":"https:\/\/roveyayinevi.com.tr\/index.php\/wp-json\/wp\/v2\/types\/product"}],"wp:attachment":[{"href":"https:\/\/roveyayinevi.com.tr\/index.php\/wp-json\/wp\/v2\/media?parent=774594"}],"wp:term":[{"taxonomy":"product_brand","embeddable":true,"href":"https:\/\/roveyayinevi.com.tr\/index.php\/wp-json\/wp\/v2\/product_brand?post=774594"},{"taxonomy":"product_cat","embeddable":true,"href":"https:\/\/roveyayinevi.com.tr\/index.php\/wp-json\/wp\/v2\/product_cat?post=774594"},{"taxonomy":"product_tag","embeddable":true,"href":"https:\/\/roveyayinevi.com.tr\/index.php\/wp-json\/wp\/v2\/product_tag?post=774594"}],"curies":[{"name":"wp","href":"https:\/\/api.w.org\/{rel}","templated":true}]}}