{"id":774587,"date":"2025-09-09T09:10:52","date_gmt":"2025-09-09T06:10:52","guid":{"rendered":"https:\/\/roveyayinevi.com.tr\/index.php\/urun\/2-murad\/"},"modified":"2026-04-16T02:00:52","modified_gmt":"2026-04-15T23:00:52","slug":"2-murad","status":"publish","type":"product","link":"https:\/\/roveyayinevi.com.tr\/index.php\/urun\/2-murad\/","title":{"rendered":"2. Murad"},"content":{"rendered":"<p>Hz. Ebu Eyyub El-Ensari\u2019den Fatih Sultan Mehmed\u2019e uzanan \u00e7izgide sondan bir \u00f6nceki halka: Sultan II. Murad&#8230; O\u2019nun vazifesi, o\u011fluna yol a\u00e7mak, as\u0131rlar\u0131n r\u00fcyas\u0131n\u0131 ger\u00e7ekle\u015ftirmesine imk\u00e2n ve zemin haz\u0131rlamakt\u0131. Ve bunu lay\u0131k\u0131yla ba\u015fard\u0131. Gelece\u011fin Fatih\u2019ine baba oldu, onu ger\u00e7ekten  Fatih  olacak liyakatte yeti\u015ftirdi ve kendi d\u00f6neminde \u00fclke s\u0131n\u0131rlar\u0131n\u0131 emniyete alarak Konstantiniye\u2019nin fethine uzanan k\u00f6pr\u00fcy\u00fc geni\u015fletti. Art\u0131k Fatih Sultan Mehmed, peygamber m\u00fcjdesini tahakkuk ettirebilirdi. <\/p>\n","protected":false},"excerpt":{"rendered":"<p>Hz. Ebu Eyyub El-Ensari\u2019den Fatih Sultan Mehmed\u2019e uzanan \u00e7izgide sondan bir \u00f6nceki halka: Sultan II. Murad&#8230; O\u2019nun vazifesi, o\u011fluna yol a\u00e7mak, as\u0131rlar\u0131n r\u00fcyas\u0131n\u0131 ger\u00e7ekle\u015ftirmesine imk\u00e2n ve<span class=\"excerpt-hellip\"> [\u2026]<\/span><\/p>\n","protected":false},"featured_media":0,"template":"","meta":{"_monsterinsights_skip_tracking":false,"_monsterinsights_sitenote_active":false,"_monsterinsights_sitenote_note":"","_monsterinsights_sitenote_category":0},"product_brand":[],"product_cat":[13517,12304],"product_tag":[],"class_list":{"0":"post-774587","1":"product","2":"type-product","3":"status-publish","5":"product_cat-osmanli-tarihi","6":"product_cat-tarih","7":"pa_tur-kitap","8":"pa_yayinevi-nesil-yayinlari","9":"pa_yazar-yavuz-bahadiroglu","11":"first","12":"instock","13":"sale","14":"shipping-taxable","15":"purchasable","16":"product-type-simple"},"_links":{"self":[{"href":"https:\/\/roveyayinevi.com.tr\/index.php\/wp-json\/wp\/v2\/product\/774587","targetHints":{"allow":["GET"]}}],"collection":[{"href":"https:\/\/roveyayinevi.com.tr\/index.php\/wp-json\/wp\/v2\/product"}],"about":[{"href":"https:\/\/roveyayinevi.com.tr\/index.php\/wp-json\/wp\/v2\/types\/product"}],"wp:attachment":[{"href":"https:\/\/roveyayinevi.com.tr\/index.php\/wp-json\/wp\/v2\/media?parent=774587"}],"wp:term":[{"taxonomy":"product_brand","embeddable":true,"href":"https:\/\/roveyayinevi.com.tr\/index.php\/wp-json\/wp\/v2\/product_brand?post=774587"},{"taxonomy":"product_cat","embeddable":true,"href":"https:\/\/roveyayinevi.com.tr\/index.php\/wp-json\/wp\/v2\/product_cat?post=774587"},{"taxonomy":"product_tag","embeddable":true,"href":"https:\/\/roveyayinevi.com.tr\/index.php\/wp-json\/wp\/v2\/product_tag?post=774587"}],"curies":[{"name":"wp","href":"https:\/\/api.w.org\/{rel}","templated":true}]}}