{"id":774576,"date":"2025-09-09T09:08:46","date_gmt":"2025-09-09T06:08:46","guid":{"rendered":"https:\/\/roveyayinevi.com.tr\/index.php\/urun\/celebi-mehmed\/"},"modified":"2026-04-16T02:00:44","modified_gmt":"2026-04-15T23:00:44","slug":"celebi-mehmed","status":"publish","type":"product","link":"https:\/\/roveyayinevi.com.tr\/index.php\/urun\/celebi-mehmed\/","title":{"rendered":"\u00c7elebi Mehmed"},"content":{"rendered":"<p>Art\u0131k y\u0131k\u0131ld\u0131 san\u0131lan bir devleti, y\u0131llarca s\u00fcren karma\u015fa d\u00f6neminden \u00e7\u0131karan ve onu tekrar b\u00fcy\u00fck bir devlet haline getiren \u00c7elebi Mehmed, kendisinden sonra yakalanan b\u00fct\u00fcn ba\u015far\u0131lar\u0131n ba\u015f mimar\u0131d\u0131r. Taht kavgalar\u0131na son verip, idareyi tekrar d\u00fczen alt\u0131na almak; sald\u0131rmak i\u00e7in f\u0131rsat kollayan d\u00fc\u015fmanlara kar\u015f\u0131 tekv\u00fccud olup tekrar m\u00fccadeleye ba\u015flamak, \u00c7elebi Mehmed d\u00f6neminin g\u00f6rmezden gelinemez ba\u015far\u0131lar\u0131d\u0131r. Bu y\u00f6n\u00fcyle \u00c7elebi Mehmed\u2019i anlamak, gecenin en karanl\u0131k oldu\u011fu anlarda bile g\u00fcnd\u00fcz\u00fcn hayalini kurabilen bir insan\u0131 anlamakt\u0131r. Ve bug\u00fcn, bizim en \u00e7ok ihtiya\u00e7 duydu\u011fumuz \u015fey de, belki budur. \ufffcTan\u0131t\u0131m Metni<\/p>\n","protected":false},"excerpt":{"rendered":"<p>Art\u0131k y\u0131k\u0131ld\u0131 san\u0131lan bir devleti, y\u0131llarca s\u00fcren karma\u015fa d\u00f6neminden \u00e7\u0131karan ve onu tekrar b\u00fcy\u00fck bir devlet haline getiren \u00c7elebi Mehmed, kendisinden sonra yakalanan b\u00fct\u00fcn ba\u015far\u0131lar\u0131n ba\u015f<span class=\"excerpt-hellip\"> [\u2026]<\/span><\/p>\n","protected":false},"featured_media":0,"template":"","meta":{"_monsterinsights_skip_tracking":false,"_monsterinsights_sitenote_active":false,"_monsterinsights_sitenote_note":"","_monsterinsights_sitenote_category":0},"product_brand":[],"product_cat":[13517,12304],"product_tag":[],"class_list":{"0":"post-774576","1":"product","2":"type-product","3":"status-publish","5":"product_cat-osmanli-tarihi","6":"product_cat-tarih","7":"pa_cilt-ciltsiz","8":"pa_tur-kitap","9":"pa_yayinevi-nesil-yayinlari","10":"pa_yazar-yavuz-bahadiroglu","12":"first","13":"instock","14":"sale","15":"shipping-taxable","16":"purchasable","17":"product-type-simple"},"_links":{"self":[{"href":"https:\/\/roveyayinevi.com.tr\/index.php\/wp-json\/wp\/v2\/product\/774576","targetHints":{"allow":["GET"]}}],"collection":[{"href":"https:\/\/roveyayinevi.com.tr\/index.php\/wp-json\/wp\/v2\/product"}],"about":[{"href":"https:\/\/roveyayinevi.com.tr\/index.php\/wp-json\/wp\/v2\/types\/product"}],"wp:attachment":[{"href":"https:\/\/roveyayinevi.com.tr\/index.php\/wp-json\/wp\/v2\/media?parent=774576"}],"wp:term":[{"taxonomy":"product_brand","embeddable":true,"href":"https:\/\/roveyayinevi.com.tr\/index.php\/wp-json\/wp\/v2\/product_brand?post=774576"},{"taxonomy":"product_cat","embeddable":true,"href":"https:\/\/roveyayinevi.com.tr\/index.php\/wp-json\/wp\/v2\/product_cat?post=774576"},{"taxonomy":"product_tag","embeddable":true,"href":"https:\/\/roveyayinevi.com.tr\/index.php\/wp-json\/wp\/v2\/product_tag?post=774576"}],"curies":[{"name":"wp","href":"https:\/\/api.w.org\/{rel}","templated":true}]}}