{"id":774575,"date":"2025-09-09T09:08:42","date_gmt":"2025-09-09T06:08:42","guid":{"rendered":"https:\/\/roveyayinevi.com.tr\/index.php\/urun\/ayetul-kursi\/"},"modified":"2026-04-16T02:00:44","modified_gmt":"2026-04-15T23:00:44","slug":"ayetul-kursi","status":"publish","type":"product","link":"https:\/\/roveyayinevi.com.tr\/index.php\/urun\/ayetul-kursi\/","title":{"rendered":"Ayet\u00fc\u2019l K\u00fcrsi"},"content":{"rendered":"<p>Hz. Peygamber (s.a.s) \u015f\u00f6yle buyurdular:  Her \u015feyin bir \u015ferefesi var. Kur\u2019\u00e2n-\u0131 Ker\u00eem\u2019in \u015ferefesi de Bakara S\u00fbresi\u2019dir. Bu s\u00fbrede bir \u00e2yet vard\u0131r ki Kur\u2019an \u00e2yetlerinin efendisidir: \u00c2yet\u00fc\u2019l-K\u00fcrs\u00ee  Bakara S\u00fbresi\u2019nin 255. \u00e2yetinin ad\u0131 olan ve tevhid ak\u00eedesini anlatan \u00c2yet\u00fc\u2019l-K\u00fcrs\u00ee, Allah\u2019\u0131n y\u00fcce z\u00e2t\u0131 ile ilgili temel il\u00e2h\u00ee meseleleri kapsamaktad\u0131r. Ad\u0131n\u0131, \u00e2yetin i\u00e7inde ge\u00e7en ve taht, h\u00fck\u00fcmranl\u0131k, ilim, kudret gibi m\u00e2n\u00e2lara gelen k\u00fcrs\u00ee kelimesinden alm\u0131\u015ft\u0131r. \u0130l\u00e2h\u00ee saltanat\u0131n ve h\u00fck\u00fcmdarl\u0131\u011f\u0131n son derece a\u00e7\u0131k ve \u00f6zet anlat\u0131m\u0131n\u0131 ve Allah Te\u00e2l\u00e2\u2019n\u0131n z\u00e2t\u0131n\u0131 ve s\u0131fat\u0131n\u0131 hem tarif eden hem de madd\u00ee ve m\u00e2nev\u00ee kuvvetlerinin son derece a\u00e7\u0131k \u015f\u00e2hitli\u011fi ile ispat eden bu \u00e2yet, Kur\u2019an \u00e2yetleri aras\u0131nda en y\u00fcksek bir \u015feref ve k\u0131ymete sahiptir. \u00c7\u00fcnk\u00fc ilmin kavranmas\u0131 i\u00e7in \u00f6nce Allah\u2019\u0131n ve O\u2019nun sonsuz kudretinin tan\u0131nmas\u0131 gerekmektedir. Cemalnur Sargut taraf\u0131ndan derlenen \u00c2yet\u00fc\u2019l-K\u00fcrs\u00ee, \u00e7e\u015fitli tefsir \u00e7al\u0131\u015fmalar\u0131n\u0131n yan\u0131 s\u0131ra \u0130ns\u00e2n-\u0131 K\u00e2mil\u2019lerin yorumlar\u0131ndan faydalan\u0131larak \u00e2yetin tasavvuf\u00ee m\u00e2n\u00e2s\u0131n\u0131n derinlemesine incelendi\u011fi bir \u015ferh \u00e7al\u0131\u015fmas\u0131d\u0131r. Bu eserde okuyucu, Allah, \u0130l\u00e2h, H\u00fb, H\u00fcve, H\u00fcviyet, Hayy, Kayyum, H\u00e2f\u0131z gibi isimler ile Ar\u015f ve K\u00fcrs\u00ee\u2019nin hak\u00eekatini tefekk\u00fcr etme f\u0131rsat\u0131 bulacakt\u0131r. Cemalnur Sargut\u2019un ifadesiyle: \u00c2yet\u00fc\u2019l-K\u00fcrs\u00ee\u2019nin tamam\u0131, Allah\u2019\u0131n kulunu h\u0131fzetmesini anlatmaktad\u0131r. Allah kulunu, onun hi\u00e7li\u011fini ve kendi b\u00fcy\u00fckl\u00fc\u011f\u00fcn\u00fc g\u00f6stererek korur. \u00c2yet\u00fc\u2019l-K\u00fcrs\u00ee kalplere dirilik verir. \u00ceman\u0131 zaaftan korur. Tevh\u00eed konusunda bizi muhafaza eyler. \u00c2yeti okuduk\u00e7a \u00eeman g\u00fc\u00e7lenir, \u00eeman g\u00fc\u00e7lendik\u00e7e \u00c2yet\u00fc\u2019l-K\u00fcrs\u00ee, eman hikmetiyle bizi h\u0131fzeder, tevhid ve ihl\u00e2s s\u0131rr\u0131n\u0131 kalplere ilka eder. <\/p>\n","protected":false},"excerpt":{"rendered":"<p>Hz. Peygamber (s.a.s) \u015f\u00f6yle buyurdular: Her \u015feyin bir \u015ferefesi var. Kur\u2019\u00e2n-\u0131 Ker\u00eem\u2019in \u015ferefesi de Bakara S\u00fbresi\u2019dir. Bu s\u00fbrede bir \u00e2yet vard\u0131r ki Kur\u2019an \u00e2yetlerinin efendisidir: \u00c2yet\u00fc\u2019l-K\u00fcrs\u00ee<span class=\"excerpt-hellip\"> [\u2026]<\/span><\/p>\n","protected":false},"featured_media":0,"template":"","meta":{"_monsterinsights_skip_tracking":false,"_monsterinsights_sitenote_active":false,"_monsterinsights_sitenote_note":"","_monsterinsights_sitenote_category":0},"product_brand":[],"product_cat":[12718,12719,17284],"product_tag":[],"class_list":{"0":"post-774575","1":"product","2":"type-product","3":"status-publish","5":"product_cat-din","6":"product_cat-islam","7":"product_cat-kuran-ve-kuran-uzerine","8":"pa_cilt-ciltsiz","9":"pa_tur-kitap","10":"pa_yayinevi-nefes-yayincilik","11":"pa_yazar-cemalnur-sargut","13":"first","14":"instock","15":"sale","16":"shipping-taxable","17":"purchasable","18":"product-type-simple"},"_links":{"self":[{"href":"https:\/\/roveyayinevi.com.tr\/index.php\/wp-json\/wp\/v2\/product\/774575","targetHints":{"allow":["GET"]}}],"collection":[{"href":"https:\/\/roveyayinevi.com.tr\/index.php\/wp-json\/wp\/v2\/product"}],"about":[{"href":"https:\/\/roveyayinevi.com.tr\/index.php\/wp-json\/wp\/v2\/types\/product"}],"wp:attachment":[{"href":"https:\/\/roveyayinevi.com.tr\/index.php\/wp-json\/wp\/v2\/media?parent=774575"}],"wp:term":[{"taxonomy":"product_brand","embeddable":true,"href":"https:\/\/roveyayinevi.com.tr\/index.php\/wp-json\/wp\/v2\/product_brand?post=774575"},{"taxonomy":"product_cat","embeddable":true,"href":"https:\/\/roveyayinevi.com.tr\/index.php\/wp-json\/wp\/v2\/product_cat?post=774575"},{"taxonomy":"product_tag","embeddable":true,"href":"https:\/\/roveyayinevi.com.tr\/index.php\/wp-json\/wp\/v2\/product_tag?post=774575"}],"curies":[{"name":"wp","href":"https:\/\/api.w.org\/{rel}","templated":true}]}}