{"id":774565,"date":"2025-09-09T08:57:38","date_gmt":"2025-09-09T05:57:38","guid":{"rendered":"https:\/\/roveyayinevi.com.tr\/index.php\/urun\/ispanyolca-cep-sozluk-ispanyolca-turkce-turkce-ispanyolca\/"},"modified":"2026-04-16T01:59:15","modified_gmt":"2026-04-15T22:59:15","slug":"ispanyolca-cep-sozluk-ispanyolca-turkce-turkce-ispanyolca","status":"publish","type":"product","link":"https:\/\/roveyayinevi.com.tr\/index.php\/urun\/ispanyolca-cep-sozluk-ispanyolca-turkce-turkce-ispanyolca\/","title":{"rendered":"\u0130spanyolca Cep S\u00f6zl\u00fck (\u0130spanyolca-T\u00fcrk\u00e7e &amp; T\u00fcrk\u00e7e-\u0130spanyolca)"},"content":{"rendered":"<p>Bu cep s\u00f6zl\u00fc\u011f\u00fc yakla\u015f\u0131k 30.000 madde ba\u015f\u0131 alt\u0131nda g\u00fcnl\u00fck konu\u015fmada kullan\u0131lan say\u0131s\u0131z deyim, ibare ve t\u00fcmceleri i\u00e7ermektedir. \ufffcTan\u0131t\u0131m Metni<\/p>\n","protected":false},"excerpt":{"rendered":"<p>Bu cep s\u00f6zl\u00fc\u011f\u00fc yakla\u015f\u0131k 30.000 madde ba\u015f\u0131 alt\u0131nda g\u00fcnl\u00fck konu\u015fmada kullan\u0131lan say\u0131s\u0131z deyim, ibare ve t\u00fcmceleri i\u00e7ermektedir. \ufffcTan\u0131t\u0131m Metni<\/p>\n","protected":false},"featured_media":0,"template":"","meta":{"_monsterinsights_skip_tracking":false,"_monsterinsights_sitenote_active":false,"_monsterinsights_sitenote_note":"","_monsterinsights_sitenote_category":0},"product_brand":[],"product_cat":[14597,12566,14608],"product_tag":[],"class_list":{"0":"post-774565","1":"product","2":"type-product","3":"status-publish","5":"product_cat-dil-ogrenimi","6":"product_cat-egitim","7":"product_cat-ispanyolca","8":"pa_cilt-ciltsiz","9":"pa_tur-kitap","10":"pa_yayinevi-inkilap-kitabevi","11":"pa_yazar-inci-kut-gungor-kut","13":"first","14":"instock","15":"sale","16":"shipping-taxable","17":"purchasable","18":"product-type-simple"},"_links":{"self":[{"href":"https:\/\/roveyayinevi.com.tr\/index.php\/wp-json\/wp\/v2\/product\/774565","targetHints":{"allow":["GET"]}}],"collection":[{"href":"https:\/\/roveyayinevi.com.tr\/index.php\/wp-json\/wp\/v2\/product"}],"about":[{"href":"https:\/\/roveyayinevi.com.tr\/index.php\/wp-json\/wp\/v2\/types\/product"}],"wp:attachment":[{"href":"https:\/\/roveyayinevi.com.tr\/index.php\/wp-json\/wp\/v2\/media?parent=774565"}],"wp:term":[{"taxonomy":"product_brand","embeddable":true,"href":"https:\/\/roveyayinevi.com.tr\/index.php\/wp-json\/wp\/v2\/product_brand?post=774565"},{"taxonomy":"product_cat","embeddable":true,"href":"https:\/\/roveyayinevi.com.tr\/index.php\/wp-json\/wp\/v2\/product_cat?post=774565"},{"taxonomy":"product_tag","embeddable":true,"href":"https:\/\/roveyayinevi.com.tr\/index.php\/wp-json\/wp\/v2\/product_tag?post=774565"}],"curies":[{"name":"wp","href":"https:\/\/api.w.org\/{rel}","templated":true}]}}