{"id":774564,"date":"2025-09-09T08:57:16","date_gmt":"2025-09-09T05:57:16","guid":{"rendered":"https:\/\/roveyayinevi.com.tr\/index.php\/urun\/orlando-iletisim\/"},"modified":"2026-04-16T01:59:14","modified_gmt":"2026-04-15T22:59:14","slug":"orlando-iletisim","status":"publish","type":"product","link":"https:\/\/roveyayinevi.com.tr\/index.php\/urun\/orlando-iletisim\/","title":{"rendered":"Orlando &#8211; \u0130LET\u0130\u015e\u0130M"},"content":{"rendered":"<p>Virginia Woolf\u2019un deneysel yap\u0131tlar\u0131ndan Orlando, edebiyat tarihine getirdi\u011fi yeni solukla modernist roman\u0131n doruklar\u0131ndan biri. Gen\u00e7 bir soylu olarak 16. y\u00fczy\u0131lda hayat ser\u00fcvenine ba\u015flayan Orlando, bir\u00e7ok tarihsel d\u00f6nemi ve co\u011frafyay\u0131 ziyaret edip 20. y\u00fczy\u0131la gelirken k\u0131l\u0131k k\u0131yafet ve cinsiyet de\u011fi\u015ftirerek toplumsal normlara ve yerle\u015fik yarg\u0131lara meydan okur. Krali\u00e7e Elizabeth\u2019in saray\u0131ndan \u0130stanbul sokaklar\u0131na ve Bursa dolaylar\u0131na dek uzanan Orlando\u2019nun yolculu\u011fu tarihsel oldu\u011fu kadar edebiyat\u0131n ve dilin yeni olanaklar\u0131na, daha \u00f6nce denenmemi\u015f anlat\u0131m tarzlar\u0131na y\u00f6nelik benzersiz bir ke\u015fiftir de. Orlando\u2019yla edebiyatta ger\u00e7ek bir devrim yapan Virginia Woolf, kendi \u00f6zel hayat\u0131ndan bir\u00e7ok kesit de i\u00e7eren bu eseriyle modernist romana yeni ve deneysel bir boyut katm\u0131\u015ft\u0131r. \u201cOrlando, \u0130ngiliz edebiyat\u0131ndaki hi\u00e7bir ba\u015fka kitaba benzemeyen, t\u00fcm\u00fcyle \u00f6zg\u00fcn bir d\u00fc\u015fg\u00fcc\u00fc \u00fcr\u00fcn\u00fcd\u00fcr.\u201d M\u00ceNA URGAN<\/p>\n","protected":false},"excerpt":{"rendered":"<p>Virginia Woolf\u2019un deneysel yap\u0131tlar\u0131ndan Orlando, edebiyat tarihine getirdi\u011fi yeni solukla modernist roman\u0131n doruklar\u0131ndan biri. Gen\u00e7 bir soylu olarak 16. y\u00fczy\u0131lda hayat ser\u00fcvenine ba\u015flayan Orlando, bir\u00e7ok tarihsel<span class=\"excerpt-hellip\"> [\u2026]<\/span><\/p>\n","protected":false},"featured_media":0,"template":"","meta":{"_monsterinsights_skip_tracking":false,"_monsterinsights_sitenote_active":false,"_monsterinsights_sitenote_note":"","_monsterinsights_sitenote_category":0},"product_brand":[],"product_cat":[12291,12866],"product_tag":[],"class_list":{"0":"post-774564","1":"product","2":"type-product","3":"status-publish","5":"product_cat-edebiyat","6":"product_cat-ingiliz-edebiyati","7":"pa_cilt-ciltsiz","8":"pa_tur-kitap","9":"pa_yayinevi-iletisim-yayinlari","10":"pa_yazar-virginia-woolf","12":"first","13":"instock","14":"sale","15":"shipping-taxable","16":"purchasable","17":"product-type-simple"},"_links":{"self":[{"href":"https:\/\/roveyayinevi.com.tr\/index.php\/wp-json\/wp\/v2\/product\/774564","targetHints":{"allow":["GET"]}}],"collection":[{"href":"https:\/\/roveyayinevi.com.tr\/index.php\/wp-json\/wp\/v2\/product"}],"about":[{"href":"https:\/\/roveyayinevi.com.tr\/index.php\/wp-json\/wp\/v2\/types\/product"}],"wp:attachment":[{"href":"https:\/\/roveyayinevi.com.tr\/index.php\/wp-json\/wp\/v2\/media?parent=774564"}],"wp:term":[{"taxonomy":"product_brand","embeddable":true,"href":"https:\/\/roveyayinevi.com.tr\/index.php\/wp-json\/wp\/v2\/product_brand?post=774564"},{"taxonomy":"product_cat","embeddable":true,"href":"https:\/\/roveyayinevi.com.tr\/index.php\/wp-json\/wp\/v2\/product_cat?post=774564"},{"taxonomy":"product_tag","embeddable":true,"href":"https:\/\/roveyayinevi.com.tr\/index.php\/wp-json\/wp\/v2\/product_tag?post=774564"}],"curies":[{"name":"wp","href":"https:\/\/api.w.org\/{rel}","templated":true}]}}