{"id":774559,"date":"2025-09-09T08:54:26","date_gmt":"2025-09-09T05:54:26","guid":{"rendered":"https:\/\/roveyayinevi.com.tr\/index.php\/urun\/hayaletli-golun-cocuklari\/"},"modified":"2026-04-16T01:58:41","modified_gmt":"2026-04-15T22:58:41","slug":"hayaletli-golun-cocuklari","status":"publish","type":"product","link":"https:\/\/roveyayinevi.com.tr\/index.php\/urun\/hayaletli-golun-cocuklari\/","title":{"rendered":"Hayaletli G\u00f6l\u00fcn \u00c7ocuklar\u0131"},"content":{"rendered":"<p>G\u00f6l kenar\u0131ndaki bisiklet turu, sakin bir tatil g\u00fcn\u00fcn\u00fc nas\u0131l de\u011fi\u015ftirdi? \u00dc\u00e7 arkada\u015f, B\u00fcy\u00fcte\u00e7, Efe ve Bilye, s\u0131cak yaz tatilinin dura\u011fanl\u0131\u011f\u0131ndan bunalm\u0131\u015f, g\u00fcnlerini ne\u015felendirmenin yollar\u0131n\u0131 aramaktad\u0131rlar. Sokaklar\u0131na ta\u015f\u0131nan esrarengiz kom\u015fular\u0131n\u0131n ya\u015fl\u0131 bir Kuklac\u0131 Usta oldu\u011funu \u00f6\u011frenince \u00e7ok sevinirler. Kuklac\u0131 Usta&#8217;n\u0131n evi ve \u00f6yk\u00fcleri g\u00fcnlerini renklendirir. Tatilin ortas\u0131nda aralar\u0131na Melodi de kat\u0131l\u0131r. D\u00f6rt arkada\u015f, g\u00f6l k\u0131y\u0131s\u0131nda yapt\u0131klar\u0131 bisiklet turu s\u0131ras\u0131nda, kayal\u0131kta bir ma\u011fara bulurlar. Ma\u011farada, eski bir elyazmas\u0131, eski bir y\u00fcz\u00fck ve bir de \u00e7ene kemi\u011fi par\u00e7as\u0131 bulunca, soluksuz bir maceraya kap\u0131l\u0131p giderler\u2026 Polisiye tad\u0131ndaki macera ve gizem dolu romanlar\u0131yla tan\u0131nan Ye\u015fim Armutak, bu kitab\u0131nda da, g\u00fcnl\u00fck ya\u015fam\u0131n s\u0131radanl\u0131\u011f\u0131na oturttu\u011fu konular\u0131, merak uyand\u0131ran kurgulara d\u00f6n\u00fc\u015ft\u00fcrmeyi ustal\u0131kla ba\u015far\u0131yor. Dostlu\u011fun g\u00fcc\u00fcn\u00fc y\u00fccelten roman, ya\u015fam\u0131n i\u00e7indeki k\u00fc\u00e7\u00fck \u00f6yk\u00fcleri \u00e7ocuklara soluksuz okunacak bir ser\u00fcvenle sunuyor. D\u00f6rt arkada\u015f\u0131n s\u0131radan yaz tatillerinin, s\u00fcrprizlerle dolu, gizemli bir ser\u00fcvene nas\u0131l d\u00f6n\u00fc\u015ft\u00fc\u011f\u00fcn\u00fc anlatan; s\u0131rlarla, dostluklarla \u00f6r\u00fcl\u00fc, merakl\u0131 karakterlerle kurgulanm\u0131\u015f heyecan dolu bir roman.<\/p>\n","protected":false},"excerpt":{"rendered":"<p>G\u00f6l kenar\u0131ndaki bisiklet turu, sakin bir tatil g\u00fcn\u00fcn\u00fc nas\u0131l de\u011fi\u015ftirdi? \u00dc\u00e7 arkada\u015f, B\u00fcy\u00fcte\u00e7, Efe ve Bilye, s\u0131cak yaz tatilinin dura\u011fanl\u0131\u011f\u0131ndan bunalm\u0131\u015f, g\u00fcnlerini ne\u015felendirmenin yollar\u0131n\u0131 aramaktad\u0131rlar. Sokaklar\u0131na<span class=\"excerpt-hellip\"> [\u2026]<\/span><\/p>\n","protected":false},"featured_media":0,"template":"","meta":{"_monsterinsights_skip_tracking":false,"_monsterinsights_sitenote_active":false,"_monsterinsights_sitenote_note":"","_monsterinsights_sitenote_category":0},"product_brand":[],"product_cat":[12275,12274],"product_tag":[],"class_list":{"0":"post-774559","1":"product","2":"type-product","3":"status-publish","5":"product_cat-6-12-yas-kitaplari","6":"product_cat-cocuk-ve-genclik-kitaplari","7":"pa_cilt-ciltsiz","8":"pa_tur-kitap","9":"pa_yayinevi-gunisigi-kitapligi","10":"pa_yazar-yesim-s-armutak","12":"first","13":"instock","14":"sale","15":"shipping-taxable","16":"purchasable","17":"product-type-simple"},"_links":{"self":[{"href":"https:\/\/roveyayinevi.com.tr\/index.php\/wp-json\/wp\/v2\/product\/774559","targetHints":{"allow":["GET"]}}],"collection":[{"href":"https:\/\/roveyayinevi.com.tr\/index.php\/wp-json\/wp\/v2\/product"}],"about":[{"href":"https:\/\/roveyayinevi.com.tr\/index.php\/wp-json\/wp\/v2\/types\/product"}],"wp:attachment":[{"href":"https:\/\/roveyayinevi.com.tr\/index.php\/wp-json\/wp\/v2\/media?parent=774559"}],"wp:term":[{"taxonomy":"product_brand","embeddable":true,"href":"https:\/\/roveyayinevi.com.tr\/index.php\/wp-json\/wp\/v2\/product_brand?post=774559"},{"taxonomy":"product_cat","embeddable":true,"href":"https:\/\/roveyayinevi.com.tr\/index.php\/wp-json\/wp\/v2\/product_cat?post=774559"},{"taxonomy":"product_tag","embeddable":true,"href":"https:\/\/roveyayinevi.com.tr\/index.php\/wp-json\/wp\/v2\/product_tag?post=774559"}],"curies":[{"name":"wp","href":"https:\/\/api.w.org\/{rel}","templated":true}]}}