{"id":774551,"date":"2025-08-30T17:37:46","date_gmt":"2025-08-30T14:37:46","guid":{"rendered":"https:\/\/roveyayinevi.com.tr\/index.php\/urun\/edward-tulane-ve-mucizevi-yolculuk-ciltli\/"},"modified":"2026-04-15T03:41:44","modified_gmt":"2026-04-15T00:41:44","slug":"edward-tulane-ve-mucizevi-yolculuk-ciltli","status":"publish","type":"product","link":"https:\/\/roveyayinevi.com.tr\/index.php\/urun\/edward-tulane-ve-mucizevi-yolculuk-ciltli\/","title":{"rendered":"Edward Tulane ve Mucizevi Yolculuk (Ciltli)"},"content":{"rendered":"<p>K\u0131r\u0131k bir kalbin tamir g\u00fcncesi D\u00fcnya \u00e7ocuk edebiyat\u0131n\u0131n \u00f6nemli isimlerinden Kate DiCamillo\u2019nun klasikle\u015fmi\u015f eseri Edward Tulane ve Mucizevi Yolculuk, her ya\u015ftan okurun kalbine seslenen bir sevginin dilini ke\u015ffetme hik\u00e2yesi. 31 dile \u00e7evrilen, opera ve tiyatro sahnelerine uyarlanan, \u00e7o\u011fu \u201cY\u0131l\u0131n En \u0130yi \u00c7ocuk Kitab\u0131\u201d olmak \u00fczere 40\u2019tan fazla \u00f6d\u00fcle de\u011fer g\u00f6r\u00fclen bu etkileyici roman; bulmak, kaybetmek ve yeniden kazanmak kavramlar\u0131 \u00fczerine t\u00fcm duyular\u0131 harekete ge\u00e7iren bir anlat\u0131 sunuyor. Sayfa tasar\u0131m\u0131 ve ciltli \u00f6zel bask\u0131s\u0131yla g\u00f6z kama\u015ft\u0131ran kitap, \u00fcnl\u00fc ill\u00fcstrat\u00f6r Bagram Ibatoulline\u2019nin b\u00fcy\u00fcleyici resimleriyle masals\u0131 bir d\u00fcnyan\u0131n kap\u0131lar\u0131n\u0131 a\u00e7\u0131yor. \u0130\u00e7inde sevgi olmayan bir masal, nas\u0131l mutlu sonla bitebilir? Bir zamanlar M\u0131s\u0131r Soka\u011f\u0131\u2019ndaki b\u00fcy\u00fck evde, Edward ad\u0131nda porselenden yap\u0131lm\u0131\u015f k\u00fc\u00e7\u00fck bir oyuncak tav\u015fan ya\u015fard\u0131. Kibirliydi. Zarafetine hayran olmaktan kendini hi\u00e7 alamazd\u0131. Sevmekten \u00f6nce sevilmeyi \u00f6\u011frenmi\u015fti. Her \u015feyin en iyisine, en g\u00fczeline l\u00e2y\u0131k oldu\u011funa inan\u0131yordu; ta ki g\u00fcn\u00fcn birinde hi\u00e7 beklemedi\u011fi \u201cger\u00e7ek\u201d bir yolculu\u011fa \u00e7\u0131kmak zorunda kalana dek. Yolculuk boyunca pek \u00e7ok ad\u0131 oldu, pek \u00e7ok da sahibi. Y\u0131llar boyunca say\u0131s\u0131z yer g\u00f6rd\u00fc, bir\u00e7ok yeni \u015fey \u00f6\u011frendi, s\u0131ra d\u0131\u015f\u0131 deneyimler ya\u015fad\u0131. Ama hi\u00e7biri duygular\u0131 hissetmeyi \u00f6\u011frenmekten daha \u201cinan\u0131lmaz\u201d de\u011fildi&#8230; Kate DiCamillo, porselen bir tav\u015fan\u0131n mucizevi hik\u00e2yesini belleklerde yer edecek bir modern klasi\u011fe d\u00f6n\u00fc\u015ft\u00fcrd\u00fc\u011f\u00fc bu kitab\u0131yla, okurlar\u0131n kalbini sevgi tomurcuklar\u0131yla dolduruyor.<\/p>\n","protected":false},"excerpt":{"rendered":"<p>K\u0131r\u0131k bir kalbin tamir g\u00fcncesi D\u00fcnya \u00e7ocuk edebiyat\u0131n\u0131n \u00f6nemli isimlerinden Kate DiCamillo\u2019nun klasikle\u015fmi\u015f eseri Edward Tulane ve Mucizevi Yolculuk, her ya\u015ftan okurun kalbine seslenen bir sevginin<span class=\"excerpt-hellip\"> [\u2026]<\/span><\/p>\n","protected":false},"featured_media":0,"template":"","meta":{"_monsterinsights_skip_tracking":false,"_monsterinsights_sitenote_active":false,"_monsterinsights_sitenote_note":"","_monsterinsights_sitenote_category":0},"product_brand":[],"product_cat":[12274,12284],"product_tag":[],"class_list":{"0":"post-774551","1":"product","2":"type-product","3":"status-publish","5":"product_cat-cocuk-ve-genclik-kitaplari","6":"product_cat-hikayeler","7":"pa_cilt-ciltli","8":"pa_tur-kitap","9":"pa_yayinevi-tudem-yayinlari","10":"pa_yazar-kate-dicamillo","12":"first","13":"instock","14":"sale","15":"shipping-taxable","16":"purchasable","17":"product-type-simple"},"_links":{"self":[{"href":"https:\/\/roveyayinevi.com.tr\/index.php\/wp-json\/wp\/v2\/product\/774551","targetHints":{"allow":["GET"]}}],"collection":[{"href":"https:\/\/roveyayinevi.com.tr\/index.php\/wp-json\/wp\/v2\/product"}],"about":[{"href":"https:\/\/roveyayinevi.com.tr\/index.php\/wp-json\/wp\/v2\/types\/product"}],"wp:attachment":[{"href":"https:\/\/roveyayinevi.com.tr\/index.php\/wp-json\/wp\/v2\/media?parent=774551"}],"wp:term":[{"taxonomy":"product_brand","embeddable":true,"href":"https:\/\/roveyayinevi.com.tr\/index.php\/wp-json\/wp\/v2\/product_brand?post=774551"},{"taxonomy":"product_cat","embeddable":true,"href":"https:\/\/roveyayinevi.com.tr\/index.php\/wp-json\/wp\/v2\/product_cat?post=774551"},{"taxonomy":"product_tag","embeddable":true,"href":"https:\/\/roveyayinevi.com.tr\/index.php\/wp-json\/wp\/v2\/product_tag?post=774551"}],"curies":[{"name":"wp","href":"https:\/\/api.w.org\/{rel}","templated":true}]}}