{"id":774541,"date":"2025-08-30T10:41:30","date_gmt":"2025-08-30T07:41:30","guid":{"rendered":"https:\/\/roveyayinevi.com.tr\/index.php\/urun\/degisimsever-bay-flux\/"},"modified":"2026-04-16T02:17:34","modified_gmt":"2026-04-15T23:17:34","slug":"degisimsever-bay-flux","status":"publish","type":"product","link":"https:\/\/roveyayinevi.com.tr\/index.php\/urun\/degisimsever-bay-flux\/","title":{"rendered":"De\u011fi\u015fimsever Bay Flux"},"content":{"rendered":"<p>Bir zamanlar Martin ad\u0131nda de\u011fi\u015fikli\u011fi hi\u00e7 sevmeyen bir \u00e7ocuk varm\u0131\u015f. Asl\u0131nda de\u011fi\u015fikli\u011fi sevmiyor de\u011filmi\u015f de de\u011fi\u015fiklik nedir bilmiyormu\u015f. Martin, ailesiyle birlikte ho\u015f ama her \u015feyin tekd\u00fcze gitti\u011fi bir yerde ya\u015f\u0131yormu\u015f. Sonra bir g\u00fcn Bay Flux diye bir adam g\u00fcr\u00fclt\u00fcl\u00fc, eski minib\u00fcs\u00fcyle \u00e7\u0131kagelmi\u015f. Bay Flux de\u011fi\u015fikli\u011fin neoldu\u011funu bilmekle kalmaz de\u011fi\u015fikli\u011fe bay\u0131l\u0131rm\u0131\u015f. \u00c7ok ge\u00e7meden de\u011fi\u015fiklik, Bay Flux\u2019\u0131n bah\u00e7esinden soka\u011fa ta\u015fmaya ba\u015flam\u0131\u015f. Bu de\u011fi\u015fiklikten ka\u00e7mak m\u00fcmk\u00fcn de\u011filmi\u015f.Beklenmedik bir arkada\u015fl\u0131\u011f\u0131n hik\u00e2yesi olan De\u011fi\u015fimsever Bay Flux, b\u00fcy\u00fck ve k\u00fc\u00e7\u00fck de\u011fi\u015fikliklerde bulunabilecek mutlulu\u011fu resmediyor.De\u011fi\u015fimsever Bay Flux kitab\u0131n\u0131n esin kayna\u011f\u0131 Fluxus ak\u0131m\u0131n\u0131n kurucusu George Maciunas. George Maciunas, onunla benzer \u015feyler d\u00fc\u015f\u00fcnen sanat\u00e7\u0131lar ve m\u00fczisyenler ile birlikte flux (ya da de\u011fi\u015fim) denen \u015feyin g\u00fczelliklerini methetmi\u015f ve sanat\u0131 en olmad\u0131k nesnelerde bulmu\u015ftur.<\/p>\n","protected":false},"excerpt":{"rendered":"<p>Bir zamanlar Martin ad\u0131nda de\u011fi\u015fikli\u011fi hi\u00e7 sevmeyen bir \u00e7ocuk varm\u0131\u015f. Asl\u0131nda de\u011fi\u015fikli\u011fi sevmiyor de\u011filmi\u015f de de\u011fi\u015fiklik nedir bilmiyormu\u015f. Martin, ailesiyle birlikte ho\u015f ama her \u015feyin tekd\u00fcze<span class=\"excerpt-hellip\"> [\u2026]<\/span><\/p>\n","protected":false},"featured_media":0,"template":"","meta":{"_monsterinsights_skip_tracking":false,"_monsterinsights_sitenote_active":false,"_monsterinsights_sitenote_note":"","_monsterinsights_sitenote_category":0},"product_brand":[],"product_cat":[12275,12274],"product_tag":[],"class_list":{"0":"post-774541","1":"product","2":"type-product","3":"status-publish","5":"product_cat-6-12-yas-kitaplari","6":"product_cat-cocuk-ve-genclik-kitaplari","7":"pa_cilt-ciltsiz","8":"pa_tur-kitap","9":"pa_yayinevi-hep-kitap","10":"pa_yazar-kyo-maclear","12":"first","13":"instock","14":"sale","15":"shipping-taxable","16":"purchasable","17":"product-type-simple"},"_links":{"self":[{"href":"https:\/\/roveyayinevi.com.tr\/index.php\/wp-json\/wp\/v2\/product\/774541","targetHints":{"allow":["GET"]}}],"collection":[{"href":"https:\/\/roveyayinevi.com.tr\/index.php\/wp-json\/wp\/v2\/product"}],"about":[{"href":"https:\/\/roveyayinevi.com.tr\/index.php\/wp-json\/wp\/v2\/types\/product"}],"wp:attachment":[{"href":"https:\/\/roveyayinevi.com.tr\/index.php\/wp-json\/wp\/v2\/media?parent=774541"}],"wp:term":[{"taxonomy":"product_brand","embeddable":true,"href":"https:\/\/roveyayinevi.com.tr\/index.php\/wp-json\/wp\/v2\/product_brand?post=774541"},{"taxonomy":"product_cat","embeddable":true,"href":"https:\/\/roveyayinevi.com.tr\/index.php\/wp-json\/wp\/v2\/product_cat?post=774541"},{"taxonomy":"product_tag","embeddable":true,"href":"https:\/\/roveyayinevi.com.tr\/index.php\/wp-json\/wp\/v2\/product_tag?post=774541"}],"curies":[{"name":"wp","href":"https:\/\/api.w.org\/{rel}","templated":true}]}}