{"id":774531,"date":"2025-08-29T18:26:19","date_gmt":"2025-08-29T15:26:19","guid":{"rendered":"https:\/\/roveyayinevi.com.tr\/index.php\/urun\/daha-yakindan-bak\/"},"modified":"2026-04-15T03:41:40","modified_gmt":"2026-04-15T00:41:40","slug":"daha-yakindan-bak","status":"publish","type":"product","link":"https:\/\/roveyayinevi.com.tr\/index.php\/urun\/daha-yakindan-bak\/","title":{"rendered":"Daha Yak\u0131ndan Bak"},"content":{"rendered":"<p>HER \u015eEY APA\u00c7IK ORTADAYDI&#8230;   TA K\u0130 DAHA YAKINDAN BAKANA KADAR.   Simon ile Vicky d\u0131\u015far\u0131dan bak\u0131ld\u0131\u011f\u0131nda gayet normal bir \u00e7iftti: Sayg\u0131n bir hukuk profes\u00f6r\u00fc ve aile i\u00e7i \u015fiddet ma\u011fdurlar\u0131 i\u00e7in sava\u015fan kar\u0131s\u0131. Hayatlar\u0131 ne kadar \u00e7\u0131kmaza girerse girsin, ge\u00e7mi\u015fte ne ya\u015fam\u0131\u015f olurlarsa olsunlar mutlu bir evlilikleri vard\u0131. Ama ne yaz\u0131k ki hi\u00e7bir \u015fey g\u00f6r\u00fcnd\u00fc\u011f\u00fc gibi de\u011fildi.   Bir yasak a\u015fk. Yirmi milyon dolarl\u0131k bir varl\u0131k fonu. Y\u0131llara yay\u0131lan bir kin ve intikam tak\u0131nt\u0131s\u0131. T\u00fcm bunlar, deh\u015fet verici bir sona do\u011fru s\u00fcr\u00fcklenmelerine neden olacakt\u0131.   Yak\u0131nlardaki zengin sitede ya\u015fayan g\u00fczel ve sosyetik bir kad\u0131n\u0131n cesedi bulundu\u011fundaysa s\u0131rlar yava\u015f yava\u015f \u00e7\u00f6z\u00fclmeye ba\u015flayacakt\u0131. \u00c7\u00fcnk\u00fc bu mutlu tabloda bir katil vard\u0131.   Vicky de Simon da yalan s\u00f6yl\u00fcyordu. Ama esas soru \u015fuydu: Asl\u0131nda kim kimi kand\u0131r\u0131yordu?   \u201cTecr\u00fcbeli polisiye okurlar\u0131 bile Simon ve Vicky\u2019nin sahte a\u011f\u0131ndaki t\u00fcm d\u00fc\u011f\u00fcmleri \u00f6nceden tahmin edemeyecek.\u201d \u2013Kirkus <\/p>\n","protected":false},"excerpt":{"rendered":"<p>HER \u015eEY APA\u00c7IK ORTADAYDI&#8230; TA K\u0130 DAHA YAKINDAN BAKANA KADAR. Simon ile Vicky d\u0131\u015far\u0131dan bak\u0131ld\u0131\u011f\u0131nda gayet normal bir \u00e7iftti: Sayg\u0131n bir hukuk profes\u00f6r\u00fc ve aile i\u00e7i<span class=\"excerpt-hellip\"> [\u2026]<\/span><\/p>\n","protected":false},"featured_media":0,"template":"","meta":{"_monsterinsights_skip_tracking":false,"_monsterinsights_sitenote_active":false,"_monsterinsights_sitenote_note":"","_monsterinsights_sitenote_category":0},"product_brand":[],"product_cat":[141304],"product_tag":[],"class_list":{"0":"post-774531","1":"product","2":"type-product","3":"status-publish","5":"product_cat-yeni-cikanlar","6":"pa_cilt-ciltsiz","7":"pa_tur-kitap","8":"pa_yayinevi-nox-yayinlari","9":"pa_yazar-david-ellis","11":"first","12":"instock","13":"sale","14":"shipping-taxable","15":"purchasable","16":"product-type-simple"},"_links":{"self":[{"href":"https:\/\/roveyayinevi.com.tr\/index.php\/wp-json\/wp\/v2\/product\/774531","targetHints":{"allow":["GET"]}}],"collection":[{"href":"https:\/\/roveyayinevi.com.tr\/index.php\/wp-json\/wp\/v2\/product"}],"about":[{"href":"https:\/\/roveyayinevi.com.tr\/index.php\/wp-json\/wp\/v2\/types\/product"}],"wp:attachment":[{"href":"https:\/\/roveyayinevi.com.tr\/index.php\/wp-json\/wp\/v2\/media?parent=774531"}],"wp:term":[{"taxonomy":"product_brand","embeddable":true,"href":"https:\/\/roveyayinevi.com.tr\/index.php\/wp-json\/wp\/v2\/product_brand?post=774531"},{"taxonomy":"product_cat","embeddable":true,"href":"https:\/\/roveyayinevi.com.tr\/index.php\/wp-json\/wp\/v2\/product_cat?post=774531"},{"taxonomy":"product_tag","embeddable":true,"href":"https:\/\/roveyayinevi.com.tr\/index.php\/wp-json\/wp\/v2\/product_tag?post=774531"}],"curies":[{"name":"wp","href":"https:\/\/api.w.org\/{rel}","templated":true}]}}