{"id":774530,"date":"2025-08-29T18:26:16","date_gmt":"2025-08-29T15:26:16","guid":{"rendered":"https:\/\/roveyayinevi.com.tr\/index.php\/urun\/eksilerek-cogalmak\/"},"modified":"2026-04-15T03:41:40","modified_gmt":"2026-04-15T00:41:40","slug":"eksilerek-cogalmak","status":"publish","type":"product","link":"https:\/\/roveyayinevi.com.tr\/index.php\/urun\/eksilerek-cogalmak\/","title":{"rendered":"Eksilerek \u00c7o\u011falmak"},"content":{"rendered":"<p>Eklenerek de\u011fil, eksilerek \u00e7o\u011fal\u0131r insan.   Eksilerek \u00c7o\u011falmak, kay\u0131plar, eksiklikler ve bo\u015fluklardan yola \u00e7\u0131karak ya\u015fam\u0131n ve anlat\u0131n\u0131n tamamlanmam\u0131\u015f do\u011fas\u0131n\u0131 inceliyor. Bir foto\u011fraf\u0131n kadraj d\u0131\u015f\u0131 kalan k\u0131sm\u0131ndan yar\u0131m b\u0131rak\u0131lm\u0131\u015f c\u00fcmlelere, bir dizinin ertelenmi\u015f finalinden Japon esteti\u011findeki ma kavram\u0131na uzanan geni\u015f bir d\u00fc\u015f\u00fcnce hatt\u0131nda dola\u015f\u0131yor.   Asl\u0131 Kotaman, ki\u015fisel hik\u00e2yeleri teori ve sanatla bulu\u015fturarak, tamamlanmam\u0131\u015f olan\u0131 bir eksiklik de\u011fil, d\u00fc\u015f\u00fcnceye ve soluklanmaya a\u00e7\u0131lm\u0131\u015f bir imk\u00e2n olarak ele al\u0131yor. Yazar, okuru eksikleri gidermeye de\u011fil, onlar\u0131n varl\u0131\u011f\u0131yla ya\u015famaya davet ediyor.   \u00c7\u00fcnk\u00fc anlam\u0131, iplik ve bo\u015flu\u011fun birlikte varl\u0131\u011f\u0131 kurar; dantelde b\u00fct\u00fcn\u00fc yaratan ne yaln\u0131zca ipliktir ne de yaln\u0131zca aral\u0131klar, ikisinin uyumudur. <\/p>\n","protected":false},"excerpt":{"rendered":"<p>Eklenerek de\u011fil, eksilerek \u00e7o\u011fal\u0131r insan. Eksilerek \u00c7o\u011falmak, kay\u0131plar, eksiklikler ve bo\u015fluklardan yola \u00e7\u0131karak ya\u015fam\u0131n ve anlat\u0131n\u0131n tamamlanmam\u0131\u015f do\u011fas\u0131n\u0131 inceliyor. Bir foto\u011fraf\u0131n kadraj d\u0131\u015f\u0131 kalan k\u0131sm\u0131ndan yar\u0131m<span class=\"excerpt-hellip\"> [\u2026]<\/span><\/p>\n","protected":false},"featured_media":0,"template":"","meta":{"_monsterinsights_skip_tracking":false,"_monsterinsights_sitenote_active":false,"_monsterinsights_sitenote_note":"","_monsterinsights_sitenote_category":0},"product_brand":[],"product_cat":[12777,12291],"product_tag":[],"class_list":{"0":"post-774530","1":"product","2":"type-product","3":"status-publish","5":"product_cat-deneme","6":"product_cat-edebiyat","7":"pa_cilt-ciltsiz","8":"pa_tur-kitap","9":"pa_yayinevi-kara-karga-yayinlari","10":"pa_yazar-asli-kotaman","12":"first","13":"instock","14":"sale","15":"shipping-taxable","16":"purchasable","17":"product-type-simple"},"_links":{"self":[{"href":"https:\/\/roveyayinevi.com.tr\/index.php\/wp-json\/wp\/v2\/product\/774530","targetHints":{"allow":["GET"]}}],"collection":[{"href":"https:\/\/roveyayinevi.com.tr\/index.php\/wp-json\/wp\/v2\/product"}],"about":[{"href":"https:\/\/roveyayinevi.com.tr\/index.php\/wp-json\/wp\/v2\/types\/product"}],"wp:attachment":[{"href":"https:\/\/roveyayinevi.com.tr\/index.php\/wp-json\/wp\/v2\/media?parent=774530"}],"wp:term":[{"taxonomy":"product_brand","embeddable":true,"href":"https:\/\/roveyayinevi.com.tr\/index.php\/wp-json\/wp\/v2\/product_brand?post=774530"},{"taxonomy":"product_cat","embeddable":true,"href":"https:\/\/roveyayinevi.com.tr\/index.php\/wp-json\/wp\/v2\/product_cat?post=774530"},{"taxonomy":"product_tag","embeddable":true,"href":"https:\/\/roveyayinevi.com.tr\/index.php\/wp-json\/wp\/v2\/product_tag?post=774530"}],"curies":[{"name":"wp","href":"https:\/\/api.w.org\/{rel}","templated":true}]}}