{"id":774528,"date":"2025-08-29T18:26:11","date_gmt":"2025-08-29T15:26:11","guid":{"rendered":"https:\/\/roveyayinevi.com.tr\/index.php\/urun\/iskelet-sovalye-baska-bir-dunyada-1\/"},"modified":"2026-04-15T03:41:40","modified_gmt":"2026-04-15T00:41:40","slug":"iskelet-sovalye-baska-bir-dunyada-1","status":"publish","type":"product","link":"https:\/\/roveyayinevi.com.tr\/index.php\/urun\/iskelet-sovalye-baska-bir-dunyada-1\/","title":{"rendered":"\u0130skelet \u015e\u00f6valye: Ba\u015fka Bir D\u00fcnyada 1"},"content":{"rendered":"<p>Uyand\u0131\u011f\u0131nda kendini bir MMORPG karakteri olarak bulan bir adam\u2026   O, ba\u015ftan a\u015fa\u011f\u0131 z\u0131rhla kapl\u0131 bir \u0130skelet \u015e\u00f6valye.   Kimli\u011finin ortaya \u00e7\u0131kmas\u0131 halinde insanlar\u0131n onu bir canavar san\u0131p hayat\u0131na kastedece\u011finden korkar. Bu y\u00fczden g\u00f6zlerden uzak, sessiz bir hayat s\u00fcrmeye karar verir.   Ancak kar\u015f\u0131la\u015ft\u0131\u011f\u0131 k\u00f6t\u00fcl\u00fcklere kay\u0131ts\u0131z kalamaz.   Oyunda geli\u015ftirdi\u011fi beceri ve yetenekleriyle ger\u00e7ek d\u00fcnyada da efsanevi ba\u015far\u0131lara imza atar!   \u201cBen bir gezginim. Ad\u0131m&#8230; Arc.\u201d   Fark\u0131nda olmadan k\u00f6t\u00fcl\u00fckleri iyile\u015ftiren \u0130skelet \u015e\u00f6valye Arc\u2019\u0131n bu d\u00fcnyadaki maceralar\u0131 ba\u015fl\u0131yor!   \u00dcstelik kitab\u0131n sonunda, yazar taraf\u0131ndan \u00f6zel olarak kaleme al\u0131nm\u0131\u015f bir bonus hik\u00e2ye de sizleri bekliyor! <\/p>\n","protected":false},"excerpt":{"rendered":"<p>Uyand\u0131\u011f\u0131nda kendini bir MMORPG karakteri olarak bulan bir adam\u2026 O, ba\u015ftan a\u015fa\u011f\u0131 z\u0131rhla kapl\u0131 bir \u0130skelet \u015e\u00f6valye. Kimli\u011finin ortaya \u00e7\u0131kmas\u0131 halinde insanlar\u0131n onu bir canavar san\u0131p<span class=\"excerpt-hellip\"> [\u2026]<\/span><\/p>\n","protected":false},"featured_media":0,"template":"","meta":{"_monsterinsights_skip_tracking":false,"_monsterinsights_sitenote_active":false,"_monsterinsights_sitenote_note":"","_monsterinsights_sitenote_category":0},"product_brand":[],"product_cat":[12416,12291],"product_tag":[],"class_list":{"0":"post-774528","1":"product","2":"type-product","3":"status-publish","5":"product_cat-cizgi-roman","6":"product_cat-edebiyat","7":"pa_cilt-ciltsiz","8":"pa_tur-kitap","9":"pa_yayinevi-athica-yayinlari","10":"pa_yazar-ennki-hakari","12":"first","13":"instock","14":"sale","15":"shipping-taxable","16":"purchasable","17":"product-type-simple"},"_links":{"self":[{"href":"https:\/\/roveyayinevi.com.tr\/index.php\/wp-json\/wp\/v2\/product\/774528","targetHints":{"allow":["GET"]}}],"collection":[{"href":"https:\/\/roveyayinevi.com.tr\/index.php\/wp-json\/wp\/v2\/product"}],"about":[{"href":"https:\/\/roveyayinevi.com.tr\/index.php\/wp-json\/wp\/v2\/types\/product"}],"wp:attachment":[{"href":"https:\/\/roveyayinevi.com.tr\/index.php\/wp-json\/wp\/v2\/media?parent=774528"}],"wp:term":[{"taxonomy":"product_brand","embeddable":true,"href":"https:\/\/roveyayinevi.com.tr\/index.php\/wp-json\/wp\/v2\/product_brand?post=774528"},{"taxonomy":"product_cat","embeddable":true,"href":"https:\/\/roveyayinevi.com.tr\/index.php\/wp-json\/wp\/v2\/product_cat?post=774528"},{"taxonomy":"product_tag","embeddable":true,"href":"https:\/\/roveyayinevi.com.tr\/index.php\/wp-json\/wp\/v2\/product_tag?post=774528"}],"curies":[{"name":"wp","href":"https:\/\/api.w.org\/{rel}","templated":true}]}}