{"id":774525,"date":"2025-08-29T18:26:04","date_gmt":"2025-08-29T15:26:04","guid":{"rendered":"https:\/\/roveyayinevi.com.tr\/index.php\/urun\/psikanalitik-tedaviye-bakis\/"},"modified":"2025-11-12T12:02:04","modified_gmt":"2025-11-12T09:02:04","slug":"psikanalitik-tedaviye-bakis","status":"publish","type":"product","link":"https:\/\/roveyayinevi.com.tr\/index.php\/urun\/psikanalitik-tedaviye-bakis\/","title":{"rendered":"Psikanalitik Tedaviye Bak\u0131\u015f"},"content":{"rendered":"<p>Psikanaliz, tekrarlayan i\u00e7sel \u00f6r\u00fcnt\u00fcleri d\u00f6n\u00fc\u015ft\u00fcrerek yeni yollar a\u00e7ar.   \u0130nsan zihninin derinliklerinde bazen fark\u0131nda bile olmad\u0131\u011f\u0131m\u0131z \u00e7at\u0131\u015fmalar, tekrar eden \u00f6r\u00fcnt\u00fcler ve \u00e7\u0131k\u0131\u015fs\u0131z g\u00f6r\u00fcnen duygusal labirentler vard\u0131r. Psikanaliz, bu karma\u015f\u0131k i\u00e7 d\u00fcnyay\u0131 anlayan ve d\u00f6n\u00fc\u015ft\u00fcren sa\u011flam bir kuramd\u0131r. Divandaki klasik psikanalizden destekleyici psikoterapiye kadar uzanan geni\u015f bir klinik yelpazede, klinisyenler taraf\u0131ndan kullan\u0131lan temel kavramlar psikanalitik psikoterapilerde de \u00f6nem ta\u015f\u0131r. Vam\u0131k D. Volkan ve I\u015f\u0131l Vahip bu kitapta hem temel kavramlar\u0131 g\u00fcnl\u00fck dilde ve m\u00fcmk\u00fcn oldu\u011funca herkesin anlayaca\u011f\u0131 \u015fekilde anlat\u0131yor hem de psikanalizin ve psikanalitik psikoterapilerin nas\u0131l i\u015fledi\u011fini g\u00f6steriyor. \u00c7e\u015fitli olgu analizleriyle birlikte aktar\u0131m, kar\u015f\u0131-aktar\u0131m, yorum, form\u00fclasyon, r\u00fcya, bilin\u00e7d\u0131\u015f\u0131 d\u00fc\u015flem, ki\u015filik \u00f6rg\u00fctlenmesi, eyleme vurma gibi psikanalitik temel kavramlar ele al\u0131n\u0131yor. Bu eser, entelekt\u00fcel ufkunu geni\u015fletmek isteyen okurlar\u0131n yan\u0131 s\u0131ra, bak\u0131\u015f a\u00e7\u0131s\u0131n\u0131 derinle\u015ftirmek, uygulamalar\u0131n\u0131 zenginle\u015ftirmek ve daha etkin k\u0131lmak isteyen klinisyenlerin, psikanalist adaylar\u0131n\u0131n ve psikanalistlerin vazge\u00e7ilmez ba\u015fvuru kayna\u011f\u0131 olacak. <\/p>\n","protected":false},"excerpt":{"rendered":"<p>Psikanaliz, tekrarlayan i\u00e7sel \u00f6r\u00fcnt\u00fcleri d\u00f6n\u00fc\u015ft\u00fcrerek yeni yollar a\u00e7ar. \u0130nsan zihninin derinliklerinde bazen fark\u0131nda bile olmad\u0131\u011f\u0131m\u0131z \u00e7at\u0131\u015fmalar, tekrar eden \u00f6r\u00fcnt\u00fcler ve \u00e7\u0131k\u0131\u015fs\u0131z g\u00f6r\u00fcnen duygusal labirentler vard\u0131r. Psikanaliz,<span class=\"excerpt-hellip\"> [\u2026]<\/span><\/p>\n","protected":false},"featured_media":0,"template":"","meta":{"_monsterinsights_skip_tracking":false,"_monsterinsights_sitenote_active":false,"_monsterinsights_sitenote_note":"","_monsterinsights_sitenote_category":0},"product_brand":[],"product_cat":[12357],"product_tag":[],"class_list":{"0":"post-774525","1":"product","2":"type-product","3":"status-publish","5":"product_cat-psikoloji","6":"pa_cilt-ciltsiz","7":"pa_tur-kitap","8":"pa_yayinevi-beyaz-baykus-yayinlari","9":"pa_yazar-vamik-volkan-isil-vahip","11":"first","12":"instock","13":"sale","14":"shipping-taxable","15":"purchasable","16":"product-type-simple"},"_links":{"self":[{"href":"https:\/\/roveyayinevi.com.tr\/index.php\/wp-json\/wp\/v2\/product\/774525","targetHints":{"allow":["GET"]}}],"collection":[{"href":"https:\/\/roveyayinevi.com.tr\/index.php\/wp-json\/wp\/v2\/product"}],"about":[{"href":"https:\/\/roveyayinevi.com.tr\/index.php\/wp-json\/wp\/v2\/types\/product"}],"wp:attachment":[{"href":"https:\/\/roveyayinevi.com.tr\/index.php\/wp-json\/wp\/v2\/media?parent=774525"}],"wp:term":[{"taxonomy":"product_brand","embeddable":true,"href":"https:\/\/roveyayinevi.com.tr\/index.php\/wp-json\/wp\/v2\/product_brand?post=774525"},{"taxonomy":"product_cat","embeddable":true,"href":"https:\/\/roveyayinevi.com.tr\/index.php\/wp-json\/wp\/v2\/product_cat?post=774525"},{"taxonomy":"product_tag","embeddable":true,"href":"https:\/\/roveyayinevi.com.tr\/index.php\/wp-json\/wp\/v2\/product_tag?post=774525"}],"curies":[{"name":"wp","href":"https:\/\/api.w.org\/{rel}","templated":true}]}}