{"id":774456,"date":"2025-08-29T01:33:34","date_gmt":"2025-08-28T22:33:34","guid":{"rendered":"https:\/\/roveyayinevi.com.tr\/index.php\/urun\/bir-edebiyat-mistigi-mehmet-nuri-parmaksiz\/"},"modified":"2026-04-15T03:39:24","modified_gmt":"2026-04-15T00:39:24","slug":"bir-edebiyat-mistigi-mehmet-nuri-parmaksiz","status":"publish","type":"product","link":"https:\/\/roveyayinevi.com.tr\/index.php\/urun\/bir-edebiyat-mistigi-mehmet-nuri-parmaksiz\/","title":{"rendered":"Bir Edebiyat Misti\u011fi: Mehmet Nuri Parmaks\u0131z"},"content":{"rendered":"<p>G\u00fcn\u00fcm\u00fcz T\u00fcrk edebiyat\u0131n\u0131n \u00f6nde gelen edebiyat adamlar\u0131ndan biri olan Mehmet Nuri Parmaks\u0131z, b\u00fct\u00fcn hayat\u0131n\u0131 neredeyse tamamen T\u00fcrk edebiyat\u0131na hasretmi\u015f bir edebiyat ve k\u00fclt\u00fcr misti\u011fidir. O, \u0130LESAM Genel ba\u015fkan\u0131 olarak, ayr\u0131ca ba\u015fka kurum ve etkinlikler kanal\u0131yla T\u00fcrk edebiyat\u0131 ve k\u00fclt\u00fcr\u00fcn\u00fcn yay\u0131lmas\u0131na ve geli\u015fmesine hizmet eden bir k\u00fclt\u00fcr adam\u0131d\u0131r. Bunun yan\u0131nda halis T\u00fcrk \u015fiirinin \u00f6nde gelen temsilcilerinden biridir. Saf \u015fiirin en g\u00fczel \u00f6rneklerini vermi\u015f, vermeye devam etmektedir. Onun \u015fiirleri, geleneksel T\u00fcrk k\u00fclt\u00fcr ve edebiyat birikiminden oldu\u011fu kadar; g\u00fcncel anlamdaki g\u00f6zlem, izlenim ve ya\u015fant\u0131lardan da s\u00fcz\u00fclm\u00fc\u015f \u00f6zg\u00fcn, \u00e7arp\u0131c\u0131, yeni ve g\u00fczel imgelerle zenginle\u015fmi\u015ftir. <\/p>\n","protected":false},"excerpt":{"rendered":"<p>G\u00fcn\u00fcm\u00fcz T\u00fcrk edebiyat\u0131n\u0131n \u00f6nde gelen edebiyat adamlar\u0131ndan biri olan Mehmet Nuri Parmaks\u0131z, b\u00fct\u00fcn hayat\u0131n\u0131 neredeyse tamamen T\u00fcrk edebiyat\u0131na hasretmi\u015f bir edebiyat ve k\u00fclt\u00fcr misti\u011fidir. O, \u0130LESAM<span class=\"excerpt-hellip\"> [\u2026]<\/span><\/p>\n","protected":false},"featured_media":0,"template":"","meta":{"_monsterinsights_skip_tracking":false,"_monsterinsights_sitenote_active":false,"_monsterinsights_sitenote_note":"","_monsterinsights_sitenote_category":0},"product_brand":[],"product_cat":[13835],"product_tag":[],"class_list":{"0":"post-774456","1":"product","2":"type-product","3":"status-publish","5":"product_cat-cok-satanlar","6":"pa_cilt-ciltsiz","7":"pa_tur-kitap","8":"pa_yayinevi-korkut-yayinlari","9":"pa_yazar-nurullah-cetin","11":"first","12":"instock","13":"sale","14":"shipping-taxable","15":"purchasable","16":"product-type-simple"},"_links":{"self":[{"href":"https:\/\/roveyayinevi.com.tr\/index.php\/wp-json\/wp\/v2\/product\/774456","targetHints":{"allow":["GET"]}}],"collection":[{"href":"https:\/\/roveyayinevi.com.tr\/index.php\/wp-json\/wp\/v2\/product"}],"about":[{"href":"https:\/\/roveyayinevi.com.tr\/index.php\/wp-json\/wp\/v2\/types\/product"}],"wp:attachment":[{"href":"https:\/\/roveyayinevi.com.tr\/index.php\/wp-json\/wp\/v2\/media?parent=774456"}],"wp:term":[{"taxonomy":"product_brand","embeddable":true,"href":"https:\/\/roveyayinevi.com.tr\/index.php\/wp-json\/wp\/v2\/product_brand?post=774456"},{"taxonomy":"product_cat","embeddable":true,"href":"https:\/\/roveyayinevi.com.tr\/index.php\/wp-json\/wp\/v2\/product_cat?post=774456"},{"taxonomy":"product_tag","embeddable":true,"href":"https:\/\/roveyayinevi.com.tr\/index.php\/wp-json\/wp\/v2\/product_tag?post=774456"}],"curies":[{"name":"wp","href":"https:\/\/api.w.org\/{rel}","templated":true}]}}