{"id":774437,"date":"2025-08-29T01:10:33","date_gmt":"2025-08-28T22:10:33","guid":{"rendered":"https:\/\/roveyayinevi.com.tr\/index.php\/urun\/turkiyede-tarimin-yuzyillik-yonetimi\/"},"modified":"2026-04-15T03:35:51","modified_gmt":"2026-04-15T00:35:51","slug":"turkiyede-tarimin-yuzyillik-yonetimi","status":"publish","type":"product","link":"https:\/\/roveyayinevi.com.tr\/index.php\/urun\/turkiyede-tarimin-yuzyillik-yonetimi\/","title":{"rendered":"T\u00fcrkiye\u2019de Tar\u0131m\u0131n Y\u00fczy\u0131ll\u0131k Y\u00f6netimi"},"content":{"rendered":"<p>\u25d8Tar\u0131m neden me\u015fakkatli bir faaliyettir? \u25d8Tar\u0131m politikalar\u0131n\u0131 belirleyen fakt\u00f6rler nelerdir? \u25d8Tar\u0131mda kendine yeterlilik kavram\u0131ndan ne anla\u015f\u0131lmal\u0131d\u0131r? \u25d81929 D\u00fcnya Ekonomik Buhran\u0131\u2019nda tar\u0131m \u00fcr\u00fcnlerinin fiyat\u0131 d\u00fc\u015ferken \u0130kinci D\u00fcnya Sava\u015f\u0131\u2019nda neden y\u00fckselmi\u015ftir? \u25d8G\u0131da fiyatlar\u0131n\u0131 her d\u00f6nem tart\u0131\u015fma konusu yapan fakt\u00f6rler nelerdir? \u25d8Toprak reformu ner anlama gelmektedir ve tar\u0131mda her d\u00fczenleme neden reform niteli\u011fi ta\u015f\u0131r? \u25d8Osmanl\u0131\u2019n\u0131n miras\u0131 T\u00fcrkiye\u2019de tar\u0131m\u0131 nas\u0131l etkilemi\u015ftir? \u25d8Tar\u0131mda \u00f6zelle\u015ftirme ve kooperatifle\u015fmenin sonu\u00e7lar\u0131 neler olmu\u015ftur? Yazar, T\u00fcrkiye\u2019nin ilk y\u00fczy\u0131l\u0131nda politik ve ekonomik geli\u015fmelerin tar\u0131m\u0131n y\u00f6netimine olan etkisini akademik ve profesyonel bir yakla\u015f\u0131mla analiz ederek yukar\u0131da s\u0131ralanan sorulara cevaplar \u00fcretmektedir. <\/p>\n","protected":false},"excerpt":{"rendered":"<p>\u25d8Tar\u0131m neden me\u015fakkatli bir faaliyettir? \u25d8Tar\u0131m politikalar\u0131n\u0131 belirleyen fakt\u00f6rler nelerdir? \u25d8Tar\u0131mda kendine yeterlilik kavram\u0131ndan ne anla\u015f\u0131lmal\u0131d\u0131r? \u25d81929 D\u00fcnya Ekonomik Buhran\u0131\u2019nda tar\u0131m \u00fcr\u00fcnlerinin fiyat\u0131 d\u00fc\u015ferken \u0130kinci D\u00fcnya<span class=\"excerpt-hellip\"> [\u2026]<\/span><\/p>\n","protected":false},"featured_media":0,"template":"","meta":{"_monsterinsights_skip_tracking":false,"_monsterinsights_sitenote_active":false,"_monsterinsights_sitenote_note":"","_monsterinsights_sitenote_category":0},"product_brand":[],"product_cat":[52477],"product_tag":[],"class_list":{"0":"post-774437","1":"product","2":"type-product","3":"status-publish","5":"product_cat-arastirma","6":"pa_cilt-ciltsiz","7":"pa_tur-kitap","8":"pa_yayinevi-gulnar-yayinlari","9":"pa_yazar-hayati-basaran","11":"first","12":"instock","13":"sale","14":"shipping-taxable","15":"purchasable","16":"product-type-simple"},"_links":{"self":[{"href":"https:\/\/roveyayinevi.com.tr\/index.php\/wp-json\/wp\/v2\/product\/774437","targetHints":{"allow":["GET"]}}],"collection":[{"href":"https:\/\/roveyayinevi.com.tr\/index.php\/wp-json\/wp\/v2\/product"}],"about":[{"href":"https:\/\/roveyayinevi.com.tr\/index.php\/wp-json\/wp\/v2\/types\/product"}],"wp:attachment":[{"href":"https:\/\/roveyayinevi.com.tr\/index.php\/wp-json\/wp\/v2\/media?parent=774437"}],"wp:term":[{"taxonomy":"product_brand","embeddable":true,"href":"https:\/\/roveyayinevi.com.tr\/index.php\/wp-json\/wp\/v2\/product_brand?post=774437"},{"taxonomy":"product_cat","embeddable":true,"href":"https:\/\/roveyayinevi.com.tr\/index.php\/wp-json\/wp\/v2\/product_cat?post=774437"},{"taxonomy":"product_tag","embeddable":true,"href":"https:\/\/roveyayinevi.com.tr\/index.php\/wp-json\/wp\/v2\/product_tag?post=774437"}],"curies":[{"name":"wp","href":"https:\/\/api.w.org\/{rel}","templated":true}]}}