{"id":774433,"date":"2025-08-29T01:03:30","date_gmt":"2025-08-28T22:03:30","guid":{"rendered":"https:\/\/roveyayinevi.com.tr\/index.php\/urun\/makas\/"},"modified":"2026-04-15T03:34:49","modified_gmt":"2026-04-15T00:34:49","slug":"makas","status":"publish","type":"product","link":"https:\/\/roveyayinevi.com.tr\/index.php\/urun\/makas\/","title":{"rendered":"Makas"},"content":{"rendered":"<p>\u0130nsan olmak; hatalarla b\u00fcy\u00fcmek ve s\u0131n\u0131rlar\u0131 sorgulamakt\u0131r. Peki ya, bu s\u0131n\u0131rlar birer yan\u0131lsamadan ibaretse? Kahraman\u0131m\u0131z, kendini garip bir zincirin ilk halkas\u0131nda buluyor; rastlant\u0131lar, tuhaf karakterler ve ad\u0131m ad\u0131m b\u00fcy\u00fcyen bir bilinmezlik. G\u00fcl\u00fcp ge\u00e7ece\u011finiz anlar kadar, \u201cBen kimim?\u201d sorusunu yeniden hat\u0131rlatacak derinlikte olaylar\u2026   Bu hik\u00e2ye, yaln\u0131zca nefes kesen bir macera de\u011fil; ayn\u0131 zamanda insan olman\u0131n, irade ve \u00f6zg\u00fcrl\u00fck gibi kavramlar\u0131n titizlikle sorguland\u0131\u011f\u0131 bir yolculuk. Her ipucu, sizi daha b\u00fcy\u00fck bir s\u0131rra yakla\u015ft\u0131racak. Ama dikkat edin: Sonunda y\u00fczle\u015fece\u011finiz ger\u00e7ek, bug\u00fcne kadar inand\u0131\u011f\u0131n\u0131z her \u015feyi yerle bir edebilir\u2026 <\/p>\n","protected":false},"excerpt":{"rendered":"<p>\u0130nsan olmak; hatalarla b\u00fcy\u00fcmek ve s\u0131n\u0131rlar\u0131 sorgulamakt\u0131r. Peki ya, bu s\u0131n\u0131rlar birer yan\u0131lsamadan ibaretse? Kahraman\u0131m\u0131z, kendini garip bir zincirin ilk halkas\u0131nda buluyor; rastlant\u0131lar, tuhaf karakterler ve<span class=\"excerpt-hellip\"> [\u2026]<\/span><\/p>\n","protected":false},"featured_media":0,"template":"","meta":{"_monsterinsights_skip_tracking":false,"_monsterinsights_sitenote_active":false,"_monsterinsights_sitenote_note":"","_monsterinsights_sitenote_category":0},"product_brand":[],"product_cat":[12291,12711],"product_tag":[],"class_list":{"0":"post-774433","1":"product","2":"type-product","3":"status-publish","5":"product_cat-edebiyat","6":"product_cat-roman-oyku","7":"pa_cilt-ciltsiz","8":"pa_tur-kitap","9":"pa_yayinevi-luna-yayinlari","10":"pa_yazar-vedat-akyol","12":"first","13":"instock","14":"sale","15":"shipping-taxable","16":"purchasable","17":"product-type-simple"},"_links":{"self":[{"href":"https:\/\/roveyayinevi.com.tr\/index.php\/wp-json\/wp\/v2\/product\/774433","targetHints":{"allow":["GET"]}}],"collection":[{"href":"https:\/\/roveyayinevi.com.tr\/index.php\/wp-json\/wp\/v2\/product"}],"about":[{"href":"https:\/\/roveyayinevi.com.tr\/index.php\/wp-json\/wp\/v2\/types\/product"}],"wp:attachment":[{"href":"https:\/\/roveyayinevi.com.tr\/index.php\/wp-json\/wp\/v2\/media?parent=774433"}],"wp:term":[{"taxonomy":"product_brand","embeddable":true,"href":"https:\/\/roveyayinevi.com.tr\/index.php\/wp-json\/wp\/v2\/product_brand?post=774433"},{"taxonomy":"product_cat","embeddable":true,"href":"https:\/\/roveyayinevi.com.tr\/index.php\/wp-json\/wp\/v2\/product_cat?post=774433"},{"taxonomy":"product_tag","embeddable":true,"href":"https:\/\/roveyayinevi.com.tr\/index.php\/wp-json\/wp\/v2\/product_tag?post=774433"}],"curies":[{"name":"wp","href":"https:\/\/api.w.org\/{rel}","templated":true}]}}