{"id":774431,"date":"2025-08-29T00:45:41","date_gmt":"2025-08-28T21:45:41","guid":{"rendered":"https:\/\/roveyayinevi.com.tr\/index.php\/urun\/doganin-gucuyle-iyiles\/"},"modified":"2026-04-15T03:31:40","modified_gmt":"2026-04-15T00:31:40","slug":"doganin-gucuyle-iyiles","status":"publish","type":"product","link":"https:\/\/roveyayinevi.com.tr\/index.php\/urun\/doganin-gucuyle-iyiles\/","title":{"rendered":"Do\u011fan\u0131n G\u00fcc\u00fcyle \u0130yile\u015f"},"content":{"rendered":"<p>Almanya\u2019n\u0131n \u00fcnl\u00fc do\u011fal t\u0131p uzman\u0131         Prof. Dr. Andreas Michalsen\u2019den, insan bedeninin kendiniiyile\u015ftirme g\u00fcc\u00fcne ve do\u011fal t\u0131bb\u0131n potansiyeline daird\u00fc\u015f\u00fcnceli ve etkileyici bir \u00e7al\u0131\u015fma. Bug\u00fcn ge\u00e7mi\u015fe g\u00f6re daha uzun ya\u015f\u0131yoruz. Ancak bu uzun \u00f6m\u00fcr bize bir bedel \u00f6detti: kronik hastal\u0131klar\u0131n art\u0131\u015f\u0131. Giderek daha fazla insan sindirim bozukluklar\u0131, y\u00fcksek tansiyon, kalp hastal\u0131\u011f\u0131, artrit ve kanser gibi kronik rahats\u0131zl\u0131klara yakalan\u0131yor. Bu hastal\u0131klar semptomlar\u0131 kontrol alt\u0131na almakla yetinen ancak kronik hastal\u0131klar\u0131n temeline inemeyen modern t\u0131p i\u00e7in b\u00fcy\u00fck bir zorluk te\u015fkil ediyor. Oysa y\u00fczy\u0131llardan beri kullan\u0131lan bir \u00e7\u00f6z\u00fcme sahibiz: Do\u011fal T\u0131p. \u25b6 Bitkilerin \u015fifa g\u00fcc\u00fcn\u00fc nas\u0131l kullanabiliriz?\u25b6 Do\u011fal t\u0131p tedavi y\u00f6ntemlerini g\u00fcnl\u00fck hayat\u0131m\u0131za nas\u0131l entegre edebiliriz?\u25b6 Kronik hastal\u0131klarla nas\u0131l m\u00fccadele edebiliriz?\u25b6 Akupunktur, hidroterapi, aral\u0131kl\u0131 oru\u00e7 ve yoga gibi do\u011fal y\u00f6ntemlerle hayat kalitemizi nas\u0131l art\u0131rabiliriz? Bu sorular\u0131n cevaplar\u0131n\u0131 ve \u00e7ok daha fazlas\u0131n\u0131, Dr. Michalsen\u2019in kendi tecr\u00fcbelerinden yola \u00e7\u0131karak kaleme ald\u0131\u011f\u0131 bu eserde bulacak ve sa\u011fl\u0131\u011f\u0131n\u0131za dair yepyeni bir bak\u0131\u015f a\u00e7\u0131s\u0131 kazanacaks\u0131n\u0131z.<\/p>\n","protected":false},"excerpt":{"rendered":"<p>Almanya\u2019n\u0131n \u00fcnl\u00fc do\u011fal t\u0131p uzman\u0131 Prof. Dr. Andreas Michalsen\u2019den, insan bedeninin kendiniiyile\u015ftirme g\u00fcc\u00fcne ve do\u011fal t\u0131bb\u0131n potansiyeline daird\u00fc\u015f\u00fcnceli ve etkileyici bir \u00e7al\u0131\u015fma. Bug\u00fcn ge\u00e7mi\u015fe g\u00f6re daha<span class=\"excerpt-hellip\"> [\u2026]<\/span><\/p>\n","protected":false},"featured_media":0,"template":"","meta":{"_monsterinsights_skip_tracking":false,"_monsterinsights_sitenote_active":false,"_monsterinsights_sitenote_note":"","_monsterinsights_sitenote_category":0},"product_brand":[],"product_cat":[13397,13365],"product_tag":[],"class_list":{"0":"post-774431","1":"product","2":"type-product","3":"status-publish","5":"product_cat-alternatif-tip-sifali-bitkiler","6":"product_cat-saglik","7":"pa_cilt-ciltsiz","8":"pa_tur-kitap","9":"pa_yayinevi-epsilon-yayinlari","10":"pa_yazar-andreas-michalsen","12":"first","13":"instock","14":"sale","15":"shipping-taxable","16":"purchasable","17":"product-type-simple"},"_links":{"self":[{"href":"https:\/\/roveyayinevi.com.tr\/index.php\/wp-json\/wp\/v2\/product\/774431","targetHints":{"allow":["GET"]}}],"collection":[{"href":"https:\/\/roveyayinevi.com.tr\/index.php\/wp-json\/wp\/v2\/product"}],"about":[{"href":"https:\/\/roveyayinevi.com.tr\/index.php\/wp-json\/wp\/v2\/types\/product"}],"wp:attachment":[{"href":"https:\/\/roveyayinevi.com.tr\/index.php\/wp-json\/wp\/v2\/media?parent=774431"}],"wp:term":[{"taxonomy":"product_brand","embeddable":true,"href":"https:\/\/roveyayinevi.com.tr\/index.php\/wp-json\/wp\/v2\/product_brand?post=774431"},{"taxonomy":"product_cat","embeddable":true,"href":"https:\/\/roveyayinevi.com.tr\/index.php\/wp-json\/wp\/v2\/product_cat?post=774431"},{"taxonomy":"product_tag","embeddable":true,"href":"https:\/\/roveyayinevi.com.tr\/index.php\/wp-json\/wp\/v2\/product_tag?post=774431"}],"curies":[{"name":"wp","href":"https:\/\/api.w.org\/{rel}","templated":true}]}}