{"id":774376,"date":"2025-08-28T22:25:09","date_gmt":"2025-08-28T19:25:09","guid":{"rendered":"https:\/\/roveyayinevi.com.tr\/index.php\/urun\/annemi-bir-robotla-degistirdim\/"},"modified":"2026-04-16T02:54:45","modified_gmt":"2026-04-15T23:54:45","slug":"annemi-bir-robotla-degistirdim","status":"publish","type":"product","link":"https:\/\/roveyayinevi.com.tr\/index.php\/urun\/annemi-bir-robotla-degistirdim\/","title":{"rendered":"Annemi Bir Robotla De\u011fi\u015ftirdim"},"content":{"rendered":"<p>Ger\u00e7ekten yapt\u0131m. Evet, annemi bir robotla de\u011fi\u015ftirdim. \u00dcstelik \u00e7ok yetenekli ve ak\u0131ll\u0131 bir robotla. Daha da \u00f6nemlisi; robotum, annemin \u201chay\u0131r\u201d dedi\u011fi her \u015feye izin veren e\u015fsiz birprogramla tasarland\u0131. Bir \u00e7ocuk daha ne isteyebilir, de\u011fil mi? Yine de \u015funu s\u00f6ylemeliyim ki ne istedi\u011fimize dikkat etmeliyiz! Hem de \u00e7ok dikkat etmeliyiz! Benden s\u00f6ylemesi&#8230;<\/p>\n","protected":false},"excerpt":{"rendered":"<p>Ger\u00e7ekten yapt\u0131m. Evet, annemi bir robotla de\u011fi\u015ftirdim. \u00dcstelik \u00e7ok yetenekli ve ak\u0131ll\u0131 bir robotla. Daha da \u00f6nemlisi; robotum, annemin \u201chay\u0131r\u201d dedi\u011fi her \u015feye izin veren e\u015fsiz<span class=\"excerpt-hellip\"> [\u2026]<\/span><\/p>\n","protected":false},"featured_media":0,"template":"","meta":{"_monsterinsights_skip_tracking":false,"_monsterinsights_sitenote_active":false,"_monsterinsights_sitenote_note":"","_monsterinsights_sitenote_category":0},"product_brand":[],"product_cat":[12274,12284],"product_tag":[],"class_list":{"0":"post-774376","1":"product","2":"type-product","3":"status-publish","5":"product_cat-cocuk-ve-genclik-kitaplari","6":"product_cat-hikayeler","7":"pa_cilt-ciltsiz","8":"pa_tur-kitap","9":"pa_yayinevi-epsilon-ozel-urun","10":"pa_yazar-nilay-sanli","12":"first","13":"instock","14":"sale","15":"shipping-taxable","16":"purchasable","17":"product-type-simple"},"_links":{"self":[{"href":"https:\/\/roveyayinevi.com.tr\/index.php\/wp-json\/wp\/v2\/product\/774376","targetHints":{"allow":["GET"]}}],"collection":[{"href":"https:\/\/roveyayinevi.com.tr\/index.php\/wp-json\/wp\/v2\/product"}],"about":[{"href":"https:\/\/roveyayinevi.com.tr\/index.php\/wp-json\/wp\/v2\/types\/product"}],"wp:attachment":[{"href":"https:\/\/roveyayinevi.com.tr\/index.php\/wp-json\/wp\/v2\/media?parent=774376"}],"wp:term":[{"taxonomy":"product_brand","embeddable":true,"href":"https:\/\/roveyayinevi.com.tr\/index.php\/wp-json\/wp\/v2\/product_brand?post=774376"},{"taxonomy":"product_cat","embeddable":true,"href":"https:\/\/roveyayinevi.com.tr\/index.php\/wp-json\/wp\/v2\/product_cat?post=774376"},{"taxonomy":"product_tag","embeddable":true,"href":"https:\/\/roveyayinevi.com.tr\/index.php\/wp-json\/wp\/v2\/product_tag?post=774376"}],"curies":[{"name":"wp","href":"https:\/\/api.w.org\/{rel}","templated":true}]}}