{"id":774374,"date":"2025-08-28T22:21:52","date_gmt":"2025-08-28T19:21:52","guid":{"rendered":"https:\/\/roveyayinevi.com.tr\/index.php\/urun\/dusun-korkma-sor\/"},"modified":"2026-04-16T02:53:58","modified_gmt":"2026-04-15T23:53:58","slug":"dusun-korkma-sor","status":"publish","type":"product","link":"https:\/\/roveyayinevi.com.tr\/index.php\/urun\/dusun-korkma-sor\/","title":{"rendered":"D\u00fc\u015f\u00fcn Korkma Sor"},"content":{"rendered":"<p>Bir M\u00fcsl\u00fcman\u0131n, \u0130slam dininin genel kabul g\u00f6rm\u00fc\u015f baz\u0131 esaslar\u0131 ve inan\u00e7lar\u0131 ile ilgili \u015f\u00fcpheye d\u00fc\u015f\u00fcp sorular sormas\u0131 ile o ki\u015finin iman\u0131 hi\u00e7bir yere gitmez! \u0130nan\u00e7 m\u00fcktesabat\u0131 i\u00e7indeki baz\u0131 esaslar\u0131n dinden olup olmad\u0131\u011f\u0131n\u0131 (bidat\/hurafe olup olmad\u0131\u011f\u0131n\u0131) sorgulamas\u0131 da zarars\u0131z, hatta gereklidir. Kuran\u2019\u0131n anlat\u0131m\u0131na g\u00f6re, Allah\u2019\u0131n \u00dcl\u00fc\u2019lAzm olan iki Rasul\u00fc bile (Hz. \u0130brahim ve Hz. Musa) sorgulama yoluna gitmi\u015flerdir.   \u201cDin\u201d diye sunulan her \u015feyi sorgusuz kabul edip almak m\u0131, yoksa belli kriterlere g\u00f6re tart\u0131p elemek mi daha sak\u0131ncal\u0131d\u0131r? Ya\u015fanan bunca tecr\u00fcbeye bakt\u0131\u011f\u0131m\u0131zda, acaba hangisinin bu \u00fcmmete zarar getirdi\u011fini g\u00f6r\u00fcr\u00fcz? Do\u011fru cevab\u0131n bulunmas\u0131 gerekti\u011fi en \u00f6nemli sorulardan birisi de i\u015fte budur!<\/p>\n","protected":false},"excerpt":{"rendered":"<p>Bir M\u00fcsl\u00fcman\u0131n, \u0130slam dininin genel kabul g\u00f6rm\u00fc\u015f baz\u0131 esaslar\u0131 ve inan\u00e7lar\u0131 ile ilgili \u015f\u00fcpheye d\u00fc\u015f\u00fcp sorular sormas\u0131 ile o ki\u015finin iman\u0131 hi\u00e7bir yere gitmez! \u0130nan\u00e7 m\u00fcktesabat\u0131<span class=\"excerpt-hellip\"> [\u2026]<\/span><\/p>\n","protected":false},"featured_media":0,"template":"","meta":{"_monsterinsights_skip_tracking":false,"_monsterinsights_sitenote_active":false,"_monsterinsights_sitenote_note":"","_monsterinsights_sitenote_category":0},"product_brand":[],"product_cat":[12777,12291],"product_tag":[],"class_list":{"0":"post-774374","1":"product","2":"type-product","3":"status-publish","5":"product_cat-deneme","6":"product_cat-edebiyat","7":"pa_cilt-ciltsiz","8":"pa_tur-kitap","9":"pa_yayinevi-gulnar-yayinlari","10":"pa_yazar-metin-sevil","12":"first","13":"instock","14":"sale","15":"shipping-taxable","16":"purchasable","17":"product-type-simple"},"_links":{"self":[{"href":"https:\/\/roveyayinevi.com.tr\/index.php\/wp-json\/wp\/v2\/product\/774374","targetHints":{"allow":["GET"]}}],"collection":[{"href":"https:\/\/roveyayinevi.com.tr\/index.php\/wp-json\/wp\/v2\/product"}],"about":[{"href":"https:\/\/roveyayinevi.com.tr\/index.php\/wp-json\/wp\/v2\/types\/product"}],"wp:attachment":[{"href":"https:\/\/roveyayinevi.com.tr\/index.php\/wp-json\/wp\/v2\/media?parent=774374"}],"wp:term":[{"taxonomy":"product_brand","embeddable":true,"href":"https:\/\/roveyayinevi.com.tr\/index.php\/wp-json\/wp\/v2\/product_brand?post=774374"},{"taxonomy":"product_cat","embeddable":true,"href":"https:\/\/roveyayinevi.com.tr\/index.php\/wp-json\/wp\/v2\/product_cat?post=774374"},{"taxonomy":"product_tag","embeddable":true,"href":"https:\/\/roveyayinevi.com.tr\/index.php\/wp-json\/wp\/v2\/product_tag?post=774374"}],"curies":[{"name":"wp","href":"https:\/\/api.w.org\/{rel}","templated":true}]}}