{"id":774373,"date":"2025-08-28T22:20:58","date_gmt":"2025-08-28T19:20:58","guid":{"rendered":"https:\/\/roveyayinevi.com.tr\/index.php\/urun\/pesinden-kosma-uzerine-cek\/"},"modified":"2025-10-01T20:00:04","modified_gmt":"2025-10-01T17:00:04","slug":"pesinden-kosma-uzerine-cek","status":"publish","type":"product","link":"https:\/\/roveyayinevi.com.tr\/index.php\/urun\/pesinden-kosma-uzerine-cek\/","title":{"rendered":"Pe\u015finden Ko\u015fma \u00dczerine \u00c7ek"},"content":{"rendered":"<p>&#8220;Baz\u0131 insanlar\u0131 bilirsin, herkes onlardan bahseder\u2026 Ellerine bir enstr\u00fcman ald\u0131klar\u0131nda adeta onu dile getirirler. E\u011fer o bir konu\u015fmac\u0131ysa dinlerken asla s\u0131k\u0131lmazs\u0131n, i\u00e7indeki cesareti ortaya \u00e7\u0131kar\u0131r, y\u00fcre\u011fin \u00e7arpar. E\u011fer bir a\u015f\u00e7\u0131ysa, sanki yemek yapan birini de\u011fil de en iyi eserini bitirmeye \u00e7al\u0131\u015fan Picasso\u2019yu izliyormu\u015f gibi hissedersin. Kitaplar\u0131n\u0131 okurken \u201cHi\u00e7 bitmese!\u201d der, filmlerini defalarca izler ama doyamazs\u0131n. Bir \u015firket ya da organizasyon y\u00f6neten bir liderse onlar\u0131n oldu\u011fu yerde g\u00fcven duyar, ilham al\u0131rs\u0131n. Yoklu\u011fu da varl\u0131\u011f\u0131 da hep hissedilir. Onlar\u0131 sahnede ya da futbol sahas\u0131nda izliyor olman fark etmez, t\u00fcm hareketlerinde, s\u00f6zlerinde bir ahenk vard\u0131r. Onlar\u0131n sana nas\u0131l hissettirdiklerini asla unutamazs\u0131n\u2026   Herkes onlardan \u201c\u00c7ok yetenekliler, ke\u015fke ben de \u00f6yle olabilseydim,\u201d diye bahseder. Ancak konu yetenek, beceri ya da \u015fans de\u011fildir. Bir\u00e7oklar\u0131n\u0131n yapmad\u0131klar\u0131n\u0131 \u00e7oktan yapm\u0131\u015flard\u0131r\u2026 Di\u011ferlerinden farklar\u0131; d\u00fcnyaya hafta sonunu beklemek, fatura \u00f6demek, birilerinin onay\u0131n\u0131 almak ya da yard\u0131m dilenmek i\u00e7in gelmediklerinin bilincinde olmalar\u0131d\u0131r.   Onlar\u0131n en b\u00fcy\u00fck fark\u0131, di\u011ferlerinin hi\u00e7 d\u00fc\u015f\u00fcnmedi\u011fi bir \u015feyi d\u00fc\u015f\u00fcnm\u00fc\u015f olmalar\u0131d\u0131r. Ne i\u00e7in ya\u015fad\u0131klar\u0131n\u0131n bilincindedirler. B\u00fcy\u00fck \u00e7o\u011funlu\u011fun ke\u015ffetmedi\u011fini ke\u015ffetmi\u015f, hayat ama\u00e7lar\u0131n\u0131 belirlemi\u015flerdir. Odaklar\u0131 yaln\u0131zca tutku ile ba\u011fl\u0131 olduklar\u0131 o ama\u00e7t\u0131r. Para kazanmak i\u00e7in kayg\u0131lanmazlar, be\u011fenilmeme korkular\u0131 yoktur, onay alma beklentileri de\u2026 \u201cBa\u015far\u0131; pe\u015finden ko\u015ftu\u011fun de\u011fil, \u00fczerine \u00e7ekti\u011fin \u015feydir.\u201d s\u00f6z\u00fcn\u00fcn v\u00fccut bulmu\u015f h\u00e2li gibidirler. Onlar neden burada olduklar\u0131n\u0131 bilir ve i\u015flerini o kadar iyi yaparlar ki ba\u015fkalar\u0131n\u0131n kayg\u0131 duydu\u011fu \u015feyler, onlara kendili\u011finden gelir. &#8221;   Edit\u00f6r\u00fcn Notu: Elinizdeki kitap; Yolunu kaybedenlerin, bir  \u00e7\u0131k\u0131\u015f yolu arayanlar\u0131n,  vazge\u00e7mek \u00fczere olanlar\u0131n ya da \u015fahane bir hayat i\u00e7in yeni yollar arayanlar\u0131n elinden tutan bir dost niteli\u011finde\u2026.<\/p>\n","protected":false},"excerpt":{"rendered":"<p>&#8220;Baz\u0131 insanlar\u0131 bilirsin, herkes onlardan bahseder\u2026 Ellerine bir enstr\u00fcman ald\u0131klar\u0131nda adeta onu dile getirirler. E\u011fer o bir konu\u015fmac\u0131ysa dinlerken asla s\u0131k\u0131lmazs\u0131n, i\u00e7indeki cesareti ortaya \u00e7\u0131kar\u0131r, y\u00fcre\u011fin<span class=\"excerpt-hellip\"> [\u2026]<\/span><\/p>\n","protected":false},"featured_media":0,"template":"","meta":{"_monsterinsights_skip_tracking":false,"_monsterinsights_sitenote_active":false,"_monsterinsights_sitenote_note":"","_monsterinsights_sitenote_category":0},"product_brand":[],"product_cat":[12364,12376],"product_tag":[],"class_list":{"0":"post-774373","1":"product","2":"type-product","3":"status-publish","5":"product_cat-genel-konular","6":"product_cat-kisisel-gelisim","7":"pa_cilt-ciltsiz","8":"pa_tur-kitap","9":"pa_yayinevi-servet-yayinevi","10":"pa_yazar-baris-ege","12":"first","13":"instock","14":"sale","15":"shipping-taxable","16":"purchasable","17":"product-type-simple"},"_links":{"self":[{"href":"https:\/\/roveyayinevi.com.tr\/index.php\/wp-json\/wp\/v2\/product\/774373","targetHints":{"allow":["GET"]}}],"collection":[{"href":"https:\/\/roveyayinevi.com.tr\/index.php\/wp-json\/wp\/v2\/product"}],"about":[{"href":"https:\/\/roveyayinevi.com.tr\/index.php\/wp-json\/wp\/v2\/types\/product"}],"wp:attachment":[{"href":"https:\/\/roveyayinevi.com.tr\/index.php\/wp-json\/wp\/v2\/media?parent=774373"}],"wp:term":[{"taxonomy":"product_brand","embeddable":true,"href":"https:\/\/roveyayinevi.com.tr\/index.php\/wp-json\/wp\/v2\/product_brand?post=774373"},{"taxonomy":"product_cat","embeddable":true,"href":"https:\/\/roveyayinevi.com.tr\/index.php\/wp-json\/wp\/v2\/product_cat?post=774373"},{"taxonomy":"product_tag","embeddable":true,"href":"https:\/\/roveyayinevi.com.tr\/index.php\/wp-json\/wp\/v2\/product_tag?post=774373"}],"curies":[{"name":"wp","href":"https:\/\/api.w.org\/{rel}","templated":true}]}}