{"id":774333,"date":"2025-08-28T16:47:40","date_gmt":"2025-08-28T13:47:40","guid":{"rendered":"https:\/\/roveyayinevi.com.tr\/index.php\/urun\/daglarin-golgesinde\/"},"modified":"2026-04-15T03:41:44","modified_gmt":"2026-04-15T00:41:44","slug":"daglarin-golgesinde","status":"publish","type":"product","link":"https:\/\/roveyayinevi.com.tr\/index.php\/urun\/daglarin-golgesinde\/","title":{"rendered":"Da\u011flar\u0131n G\u00f6lgesinde"},"content":{"rendered":"<p>Baz\u0131 yollar insana \u00e7\u0131kmaz. Baz\u0131 g\u00f6lgeler, karanl\u0131k de\u011fil; s\u0131\u011f\u0131nakt\u0131r\u2026 \u201cDa\u011flar\u0131n G\u00f6lgesinde\u201d s\u0131radan bir yolculu\u011fun de\u011fil, ruhun yorgun ama kararl\u0131 y\u00fcr\u00fcy\u00fc\u015f\u00fcn\u00fcn hik\u00e2yesidir. Her kelimesi; sessizlikle konu\u015fur, da\u011flarla dertle\u015fir, r\u00fczg\u00e2rla s\u0131rla\u015f\u0131r. Bu kitapta; insan\u0131n kendi i\u00e7ine y\u00fcr\u00fcy\u00fc\u015f\u00fcn\u00fc, do\u011fan\u0131n mutlak sessizli\u011fiyle kurdu\u011fu kadim ba\u011flar\u0131, bir ba\u015f\u0131na kalman\u0131n \u00f6\u011fretici s\u00fck\u00fbnetini bulacaks\u0131n\u0131z. Y\u00fcksek zirveler anlatmaz, sadece dinler\u2026 Ve bu kitap, anlatmaktan \u00e7ok, sizi dinlemeye \u00e7a\u011f\u0131r\u0131yor. <\/p>\n","protected":false},"excerpt":{"rendered":"<p>Baz\u0131 yollar insana \u00e7\u0131kmaz. Baz\u0131 g\u00f6lgeler, karanl\u0131k de\u011fil; s\u0131\u011f\u0131nakt\u0131r\u2026 \u201cDa\u011flar\u0131n G\u00f6lgesinde\u201d s\u0131radan bir yolculu\u011fun de\u011fil, ruhun yorgun ama kararl\u0131 y\u00fcr\u00fcy\u00fc\u015f\u00fcn\u00fcn hik\u00e2yesidir. Her kelimesi; sessizlikle konu\u015fur, da\u011flarla<span class=\"excerpt-hellip\"> [\u2026]<\/span><\/p>\n","protected":false},"featured_media":0,"template":"","meta":{"_monsterinsights_skip_tracking":false,"_monsterinsights_sitenote_active":false,"_monsterinsights_sitenote_note":"","_monsterinsights_sitenote_category":0},"product_brand":[],"product_cat":[141304],"product_tag":[],"class_list":{"0":"post-774333","1":"product","2":"type-product","3":"status-publish","5":"product_cat-yeni-cikanlar","6":"pa_cilt-ciltsiz","7":"pa_tur-kitap","8":"pa_yayinevi-kalyora-yayincilik","9":"pa_yazar-selahattin-simsek","11":"first","12":"instock","13":"sale","14":"shipping-taxable","15":"purchasable","16":"product-type-simple"},"_links":{"self":[{"href":"https:\/\/roveyayinevi.com.tr\/index.php\/wp-json\/wp\/v2\/product\/774333","targetHints":{"allow":["GET"]}}],"collection":[{"href":"https:\/\/roveyayinevi.com.tr\/index.php\/wp-json\/wp\/v2\/product"}],"about":[{"href":"https:\/\/roveyayinevi.com.tr\/index.php\/wp-json\/wp\/v2\/types\/product"}],"wp:attachment":[{"href":"https:\/\/roveyayinevi.com.tr\/index.php\/wp-json\/wp\/v2\/media?parent=774333"}],"wp:term":[{"taxonomy":"product_brand","embeddable":true,"href":"https:\/\/roveyayinevi.com.tr\/index.php\/wp-json\/wp\/v2\/product_brand?post=774333"},{"taxonomy":"product_cat","embeddable":true,"href":"https:\/\/roveyayinevi.com.tr\/index.php\/wp-json\/wp\/v2\/product_cat?post=774333"},{"taxonomy":"product_tag","embeddable":true,"href":"https:\/\/roveyayinevi.com.tr\/index.php\/wp-json\/wp\/v2\/product_tag?post=774333"}],"curies":[{"name":"wp","href":"https:\/\/api.w.org\/{rel}","templated":true}]}}