{"id":774317,"date":"2025-08-28T16:47:14","date_gmt":"2025-08-28T13:47:14","guid":{"rendered":"https:\/\/roveyayinevi.com.tr\/index.php\/urun\/babam-ve-ben-ciltli\/"},"modified":"2026-04-15T03:41:44","modified_gmt":"2026-04-15T00:41:44","slug":"babam-ve-ben-ciltli","status":"publish","type":"product","link":"https:\/\/roveyayinevi.com.tr\/index.php\/urun\/babam-ve-ben-ciltli\/","title":{"rendered":"Babam ve Ben (Ciltli)"},"content":{"rendered":"<p>Yavru tilki babas\u0131yla bir g\u00fcn park gidiyor, bir g\u00fcn kampa, ba\u015fka bir g\u00fcnse al\u0131\u015fveri\u015fe\u2026   Delikli kitaplar serimizin yeni kitaplar\u0131ndan Babam ve Ben, yavru tilki ile babas\u0131n\u0131n maceralar\u0131n\u0131 sevgi dolu bir dille anlat\u0131yor. <\/p>\n","protected":false},"excerpt":{"rendered":"<p>Yavru tilki babas\u0131yla bir g\u00fcn park gidiyor, bir g\u00fcn kampa, ba\u015fka bir g\u00fcnse al\u0131\u015fveri\u015fe\u2026 Delikli kitaplar serimizin yeni kitaplar\u0131ndan Babam ve Ben, yavru tilki ile babas\u0131n\u0131n<span class=\"excerpt-hellip\"> [\u2026]<\/span><\/p>\n","protected":false},"featured_media":0,"template":"","meta":{"_monsterinsights_skip_tracking":false,"_monsterinsights_sitenote_active":false,"_monsterinsights_sitenote_note":"","_monsterinsights_sitenote_category":0},"product_brand":[],"product_cat":[12274,12518],"product_tag":[],"class_list":{"0":"post-774317","1":"product","2":"type-product","3":"status-publish","5":"product_cat-cocuk-ve-genclik-kitaplari","6":"product_cat-okul-oncesi-kitaplar","7":"pa_cilt-ciltli","8":"pa_tur-kitap","9":"pa_yayinevi-potikare-yayincilik","10":"pa_yazar-giovanna-mantegazza","12":"first","13":"instock","14":"sale","15":"shipping-taxable","16":"purchasable","17":"product-type-simple"},"_links":{"self":[{"href":"https:\/\/roveyayinevi.com.tr\/index.php\/wp-json\/wp\/v2\/product\/774317","targetHints":{"allow":["GET"]}}],"collection":[{"href":"https:\/\/roveyayinevi.com.tr\/index.php\/wp-json\/wp\/v2\/product"}],"about":[{"href":"https:\/\/roveyayinevi.com.tr\/index.php\/wp-json\/wp\/v2\/types\/product"}],"wp:attachment":[{"href":"https:\/\/roveyayinevi.com.tr\/index.php\/wp-json\/wp\/v2\/media?parent=774317"}],"wp:term":[{"taxonomy":"product_brand","embeddable":true,"href":"https:\/\/roveyayinevi.com.tr\/index.php\/wp-json\/wp\/v2\/product_brand?post=774317"},{"taxonomy":"product_cat","embeddable":true,"href":"https:\/\/roveyayinevi.com.tr\/index.php\/wp-json\/wp\/v2\/product_cat?post=774317"},{"taxonomy":"product_tag","embeddable":true,"href":"https:\/\/roveyayinevi.com.tr\/index.php\/wp-json\/wp\/v2\/product_tag?post=774317"}],"curies":[{"name":"wp","href":"https:\/\/api.w.org\/{rel}","templated":true}]}}