{"id":774290,"date":"2025-08-28T16:46:30","date_gmt":"2025-08-28T13:46:30","guid":{"rendered":"https:\/\/roveyayinevi.com.tr\/index.php\/urun\/kader-bagi-teorisi\/"},"modified":"2026-04-15T03:41:42","modified_gmt":"2026-04-15T00:41:42","slug":"kader-bagi-teorisi","status":"publish","type":"product","link":"https:\/\/roveyayinevi.com.tr\/index.php\/urun\/kader-bagi-teorisi\/","title":{"rendered":"Kader Ba\u011f\u0131 Teorisi"},"content":{"rendered":"<p>\u201cLauren bu g\u00fcl\u00fcn\u00e7 derecede e\u011flenceli hik\u00e2yede kahkaha, sevgi ve co\u015fku sunuyor!\u201d \u2014SARAH ADAMS, NEW YORK TIMES \u00c7OK SATAN YAZARI    &#8220;SADECE B\u0130R RANDEVU MU YOKSA KADER\u0130N C\u0130LVES\u0130 M\u0130?&#8221;        Rooney, s\u00f6z konusu a\u015fk ve sanat olunca i\u015faretlerin g\u00fcc\u00fcne inanmaktad\u0131r. \u00d6zellikle de herkesin ger\u00e7ek a\u015fk\u0131na kaderin k\u0131rm\u0131z\u0131 ipiyle ba\u011fl\u0131 oldu\u011funu ifade eden \u00c7in efsanesine&#8230; Bu inan\u00e7, bir sanat\u00e7\u0131 olan Rooney\u2019nin kariyerine ve k\u0131rm\u0131z\u0131 iplerle yapt\u0131\u011f\u0131 sanat eserlerine ilham vermi\u015ftir. Jack ise m\u00fckemmel say\u0131labilecek bir \u015fekilde zeki, ba\u015far\u0131l\u0131 ve yak\u0131\u015f\u0131kl\u0131d\u0131r. Rooney\u2019den farkl\u0131 olarak bilime inan\u0131r. Buz gibi bir \u015fubat ay\u0131nda tesad\u00fcfen tan\u0131\u015ft\u0131\u011f\u0131 ve daha sonra tekrar kar\u015f\u0131la\u015ft\u0131\u011f\u0131 Rooney ile birlikte, b\u00fcy\u00fcleyici bir New York gecesi ge\u00e7irir. Ya\u015fad\u0131klar\u0131 her \u015fey bir masal gibidir. Ancak t\u00fcm i\u015faretler kaderi g\u00f6sterse de Jack kadere inanmamaktad\u0131r. Bu sihirli tesad\u00fcfler sonras\u0131nda yollar\u0131 tekrar ayr\u0131l\u0131r. Ta ki birbirleriyle yeniden ba\u011flant\u0131 kurmak i\u00e7in bir \u015fanslar\u0131 daha olana kadar. Acaba Rooney, isteksiz ve ku\u015fkucu birini, kaderi benimsemesi i\u00e7in ikna edebilecek midir? <\/p>\n","protected":false},"excerpt":{"rendered":"<p>\u201cLauren bu g\u00fcl\u00fcn\u00e7 derecede e\u011flenceli hik\u00e2yede kahkaha, sevgi ve co\u015fku sunuyor!\u201d \u2014SARAH ADAMS, NEW YORK TIMES \u00c7OK SATAN YAZARI &#8220;SADECE B\u0130R RANDEVU MU YOKSA KADER\u0130N C\u0130LVES\u0130<span class=\"excerpt-hellip\"> [\u2026]<\/span><\/p>\n","protected":false},"featured_media":0,"template":"","meta":{"_monsterinsights_skip_tracking":false,"_monsterinsights_sitenote_active":false,"_monsterinsights_sitenote_note":"","_monsterinsights_sitenote_category":0},"product_brand":[],"product_cat":[12291,12711],"product_tag":[],"class_list":{"0":"post-774290","1":"product","2":"type-product","3":"status-publish","5":"product_cat-edebiyat","6":"product_cat-roman-oyku","7":"pa_cilt-ciltsiz","8":"pa_tur-kitap","9":"pa_yayinevi-artemis-yayinlari","10":"pa_yazar-lauren-kung-jessen","12":"first","13":"instock","14":"sale","15":"shipping-taxable","16":"purchasable","17":"product-type-simple"},"_links":{"self":[{"href":"https:\/\/roveyayinevi.com.tr\/index.php\/wp-json\/wp\/v2\/product\/774290","targetHints":{"allow":["GET"]}}],"collection":[{"href":"https:\/\/roveyayinevi.com.tr\/index.php\/wp-json\/wp\/v2\/product"}],"about":[{"href":"https:\/\/roveyayinevi.com.tr\/index.php\/wp-json\/wp\/v2\/types\/product"}],"wp:attachment":[{"href":"https:\/\/roveyayinevi.com.tr\/index.php\/wp-json\/wp\/v2\/media?parent=774290"}],"wp:term":[{"taxonomy":"product_brand","embeddable":true,"href":"https:\/\/roveyayinevi.com.tr\/index.php\/wp-json\/wp\/v2\/product_brand?post=774290"},{"taxonomy":"product_cat","embeddable":true,"href":"https:\/\/roveyayinevi.com.tr\/index.php\/wp-json\/wp\/v2\/product_cat?post=774290"},{"taxonomy":"product_tag","embeddable":true,"href":"https:\/\/roveyayinevi.com.tr\/index.php\/wp-json\/wp\/v2\/product_tag?post=774290"}],"curies":[{"name":"wp","href":"https:\/\/api.w.org\/{rel}","templated":true}]}}