{"id":774286,"date":"2025-08-28T16:46:23","date_gmt":"2025-08-28T13:46:23","guid":{"rendered":"https:\/\/roveyayinevi.com.tr\/index.php\/urun\/damasceno-monteireonun-kayip-basi\/"},"modified":"2026-04-15T03:41:41","modified_gmt":"2026-04-15T00:41:41","slug":"damasceno-monteireonun-kayip-basi","status":"publish","type":"product","link":"https:\/\/roveyayinevi.com.tr\/index.php\/urun\/damasceno-monteireonun-kayip-basi\/","title":{"rendered":"Damasceno Monteireo\u2019nun Kay\u0131p Ba\u015f\u0131"},"content":{"rendered":"<p>\u201c\u015eimdiden ba\u015fl\u0131\u011f\u0131 g\u00f6r\u00fcr gibiydi: Ba\u015fs\u0131z cesedi bulan adam konu\u015fuyor.\u201d 20. y\u00fczy\u0131l \u0130talyan edebiyat\u0131n\u0131n en \u00f6nemli isimlerinden Antonio Tabucchi, Damasceno Monteiro\u2019nun Kay\u0131p Ba\u015f\u0131\u2019nda entelekt\u00fcel derinlikten \u00f6d\u00fcn vermeden s\u00fcr\u00fckleyici bir polisiye hik\u00e2ye anlat\u0131yor. Roman, Porto\u2019da bir parkta ba\u015fs\u0131z bir cesedin bulunmas\u0131 \u00fczerine olay\u0131 ara\u015ft\u0131rmaya ba\u015flayan gazete muhabiri Firmino ve s\u0131rad\u0131\u015f\u0131 avukat Loton\u2019un soru\u015fturmalar\u0131yla ilerliyor. \u00dcstelik ger\u00e7ek bir olaydan yola \u00e7\u0131karak kaleme alarak yazd\u0131\u011f\u0131 bu romanda Tabucchi, o tarihlerde hen\u00fcz ayd\u0131nlanmam\u0131\u015f cinayetin katilini de do\u011fru tahmin ediyor. Damasceno Monteiro\u2019nun Kay\u0131p Ba\u015f\u0131 adalet kavram\u0131n\u0131, polis \u015fiddetini, i\u015fkenceyi ve uyu\u015fturucu trafi\u011fini felsefi boyutta irdeleyen, bunlar\u0131 yaparken gerilimin dozunu bir an olsun d\u00fc\u015f\u00fcrmeyen bir roman. Bilmem fark ettiniz mi, d\u00fcnya ikilidir, do\u011fa ikili yap\u0131lar \u00fczerinde y\u00fcr\u00fcr, en az\u0131ndan bizim Bat\u0131 uygarl\u0131\u011f\u0131m\u0131z (sonu\u00e7ta, t\u00fcm s\u0131n\u0131fland\u0131rmalar\u0131 yapan uygarl\u0131kt\u0131r), 18. y\u00fczy\u0131l\u0131 d\u00fc\u015f\u00fcn\u00fcn, do\u011fabilimcileri, ne bileyim, Linnaeus\u2019u, ama ona nas\u0131l hak vermezlik edebiliriz, ger\u00e7ekte uzayda d\u00f6nen ve bizim \u00fczerinde seyretti\u011fimiz bu sefil k\u00fcre par\u00e7as\u0131 tamam\u0131yla ilkel bir ikili \u015femay\u0131 zorunlu k\u0131l\u0131yor, ne diyorsunuz bu konuda?<\/p>\n","protected":false},"excerpt":{"rendered":"<p>\u201c\u015eimdiden ba\u015fl\u0131\u011f\u0131 g\u00f6r\u00fcr gibiydi: Ba\u015fs\u0131z cesedi bulan adam konu\u015fuyor.\u201d 20. y\u00fczy\u0131l \u0130talyan edebiyat\u0131n\u0131n en \u00f6nemli isimlerinden Antonio Tabucchi, Damasceno Monteiro\u2019nun Kay\u0131p Ba\u015f\u0131\u2019nda entelekt\u00fcel derinlikten \u00f6d\u00fcn vermeden<span class=\"excerpt-hellip\"> [\u2026]<\/span><\/p>\n","protected":false},"featured_media":0,"template":"","meta":{"_monsterinsights_skip_tracking":false,"_monsterinsights_sitenote_active":false,"_monsterinsights_sitenote_note":"","_monsterinsights_sitenote_category":0},"product_brand":[],"product_cat":[141304],"product_tag":[],"class_list":{"0":"post-774286","1":"product","2":"type-product","3":"status-publish","5":"product_cat-yeni-cikanlar","6":"pa_cilt-ciltsiz","7":"pa_tur-kitap","8":"pa_yayinevi-everest-yayinlari","9":"pa_yazar-antonio-tabucchi","11":"first","12":"instock","13":"sale","14":"shipping-taxable","15":"purchasable","16":"product-type-simple"},"_links":{"self":[{"href":"https:\/\/roveyayinevi.com.tr\/index.php\/wp-json\/wp\/v2\/product\/774286","targetHints":{"allow":["GET"]}}],"collection":[{"href":"https:\/\/roveyayinevi.com.tr\/index.php\/wp-json\/wp\/v2\/product"}],"about":[{"href":"https:\/\/roveyayinevi.com.tr\/index.php\/wp-json\/wp\/v2\/types\/product"}],"wp:attachment":[{"href":"https:\/\/roveyayinevi.com.tr\/index.php\/wp-json\/wp\/v2\/media?parent=774286"}],"wp:term":[{"taxonomy":"product_brand","embeddable":true,"href":"https:\/\/roveyayinevi.com.tr\/index.php\/wp-json\/wp\/v2\/product_brand?post=774286"},{"taxonomy":"product_cat","embeddable":true,"href":"https:\/\/roveyayinevi.com.tr\/index.php\/wp-json\/wp\/v2\/product_cat?post=774286"},{"taxonomy":"product_tag","embeddable":true,"href":"https:\/\/roveyayinevi.com.tr\/index.php\/wp-json\/wp\/v2\/product_tag?post=774286"}],"curies":[{"name":"wp","href":"https:\/\/api.w.org\/{rel}","templated":true}]}}