{"id":774284,"date":"2025-08-28T16:46:19","date_gmt":"2025-08-28T13:46:19","guid":{"rendered":"https:\/\/roveyayinevi.com.tr\/index.php\/urun\/sessizlik-6\/"},"modified":"2026-04-15T03:41:41","modified_gmt":"2026-04-15T00:41:41","slug":"sessizlik-6","status":"publish","type":"product","link":"https:\/\/roveyayinevi.com.tr\/index.php\/urun\/sessizlik-6\/","title":{"rendered":"Sessizlik"},"content":{"rendered":"<p>Baz\u0131 kitaplar hi\u00e7 yaz\u0131lmaz. Baz\u0131 c\u00fcmleler kurulmaz. Baz\u0131 tan\u0131klar daima sessiz kal\u0131r. Fakat bu, onlar\u0131n hi\u00e7 var olmad\u0131klar\u0131 anlam\u0131na gelmez. Tam tersine, en derin yaralar genellikle en az konu\u015fulanlard\u0131r. Susturulmu\u015f her kelime, gelecekte bir g\u00fcn yaz\u0131lacak bir metinde yank\u0131lanmak \u00fczere ertelenmi\u015ftir. \u015eimdi elinizde tutu\u011funuz bu kitap, konu\u015fmayanlar\u0131n de\u011fil; konu\u015fturulmayanlar\u0131n izini s\u00fcr\u00fcyor. Hayk\u0131rmayanlar\u0131n de\u011fil; hayk\u0131rmalar\u0131 bast\u0131r\u0131lanlar\u0131n. S\u00f6zc\u00fckler sessizce ilerliyor burada; ba\u011f\u0131rmadan, ama susturulmu\u015fluklar\u0131n\u0131 y\u00fcklenerek. Her paragraf, bo\u011fulmu\u015f bir \u00e7\u0131\u011fl\u0131\u011f\u0131n yank\u0131s\u0131. Her sat\u0131r, zaman\u0131n kenar\u0131na not d\u00fc\u015f\u00fclm\u00fc\u015f bir vicdan k\u0131r\u0131nt\u0131s\u0131. <\/p>\n","protected":false},"excerpt":{"rendered":"<p>Baz\u0131 kitaplar hi\u00e7 yaz\u0131lmaz. Baz\u0131 c\u00fcmleler kurulmaz. Baz\u0131 tan\u0131klar daima sessiz kal\u0131r. Fakat bu, onlar\u0131n hi\u00e7 var olmad\u0131klar\u0131 anlam\u0131na gelmez. Tam tersine, en derin yaralar genellikle<span class=\"excerpt-hellip\"> [\u2026]<\/span><\/p>\n","protected":false},"featured_media":0,"template":"","meta":{"_monsterinsights_skip_tracking":false,"_monsterinsights_sitenote_active":false,"_monsterinsights_sitenote_note":"","_monsterinsights_sitenote_category":0},"product_brand":[],"product_cat":[12777,12291],"product_tag":[],"class_list":{"0":"post-774284","1":"product","2":"type-product","3":"status-publish","5":"product_cat-deneme","6":"product_cat-edebiyat","7":"pa_cilt-ciltsiz","8":"pa_tur-kitap","9":"pa_yayinevi-sinirsiz-kitap","10":"pa_yazar-hasan-kaya","12":"first","13":"instock","14":"sale","15":"shipping-taxable","16":"purchasable","17":"product-type-simple"},"_links":{"self":[{"href":"https:\/\/roveyayinevi.com.tr\/index.php\/wp-json\/wp\/v2\/product\/774284","targetHints":{"allow":["GET"]}}],"collection":[{"href":"https:\/\/roveyayinevi.com.tr\/index.php\/wp-json\/wp\/v2\/product"}],"about":[{"href":"https:\/\/roveyayinevi.com.tr\/index.php\/wp-json\/wp\/v2\/types\/product"}],"wp:attachment":[{"href":"https:\/\/roveyayinevi.com.tr\/index.php\/wp-json\/wp\/v2\/media?parent=774284"}],"wp:term":[{"taxonomy":"product_brand","embeddable":true,"href":"https:\/\/roveyayinevi.com.tr\/index.php\/wp-json\/wp\/v2\/product_brand?post=774284"},{"taxonomy":"product_cat","embeddable":true,"href":"https:\/\/roveyayinevi.com.tr\/index.php\/wp-json\/wp\/v2\/product_cat?post=774284"},{"taxonomy":"product_tag","embeddable":true,"href":"https:\/\/roveyayinevi.com.tr\/index.php\/wp-json\/wp\/v2\/product_tag?post=774284"}],"curies":[{"name":"wp","href":"https:\/\/api.w.org\/{rel}","templated":true}]}}