{"id":774270,"date":"2025-08-28T16:45:59","date_gmt":"2025-08-28T13:45:59","guid":{"rendered":"https:\/\/roveyayinevi.com.tr\/index.php\/urun\/barnaby-rudge-2\/"},"modified":"2026-04-15T03:41:41","modified_gmt":"2026-04-15T00:41:41","slug":"barnaby-rudge-2","status":"publish","type":"product","link":"https:\/\/roveyayinevi.com.tr\/index.php\/urun\/barnaby-rudge-2\/","title":{"rendered":"Barnaby Rudge 2"},"content":{"rendered":"<p>Charles Dickens\u2019\u0131n ilk tarihi roman\u0131&#8230; 1780 Gordon Ayaklanmalar\u0131\u2019n\u0131 bir tarih\u00e7i titizli\u011fiyle i\u015fleyen ve yazar\u0131n sadece iki tarihi roman\u0131ndan ilki olan bu ba\u015fyap\u0131t, dini tahamm\u00fcls\u00fczl\u00fc\u011f\u00fcn nas\u0131l bir toplumsal kaosa d\u00f6n\u00fc\u015ft\u00fc\u011f\u00fcn\u00fc anlat\u0131yor. Edgar Allan Poe\u2019nun me\u015fhur \u201cKuzgun\u201duna ilham oldu\u011fu s\u00f6ylenen Grip, Dickens\u2019\u0131n en \u015fahs\u0131na m\u00fcnhas\u0131r karakterlerinden Barnaby Rudge ve \u201cPapal\u0131\u011fa Hay\u0131r!\u201d nidalar\u0131yla Londra semalar\u0131n\u0131 k\u0131z\u0131la boyayan \u00f6fkeli kalabal\u0131klar, Dickens\u2019\u0131n kaleminde yeniden hayat buluyor. Gordon Ayaklanmalar\u0131\u2019n\u0131n ortas\u0131nda, kitle psikolojisini, insan ruhunun karanl\u0131k y\u00f6nlerini, a\u015fk\u0131 ve kahramanl\u0131\u011f\u0131 ustal\u0131kla i\u015fleyen bir klasik. <\/p>\n","protected":false},"excerpt":{"rendered":"<p>Charles Dickens\u2019\u0131n ilk tarihi roman\u0131&#8230; 1780 Gordon Ayaklanmalar\u0131\u2019n\u0131 bir tarih\u00e7i titizli\u011fiyle i\u015fleyen ve yazar\u0131n sadece iki tarihi roman\u0131ndan ilki olan bu ba\u015fyap\u0131t, dini tahamm\u00fcls\u00fczl\u00fc\u011f\u00fcn nas\u0131l bir<span class=\"excerpt-hellip\"> [\u2026]<\/span><\/p>\n","protected":false},"featured_media":0,"template":"","meta":{"_monsterinsights_skip_tracking":false,"_monsterinsights_sitenote_active":false,"_monsterinsights_sitenote_note":"","_monsterinsights_sitenote_category":0},"product_brand":[],"product_cat":[141304],"product_tag":[],"class_list":{"0":"post-774270","1":"product","2":"type-product","3":"status-publish","5":"product_cat-yeni-cikanlar","6":"pa_cilt-ciltsiz","7":"pa_tur-kitap","8":"pa_yayinevi-inkilap-kitabevi","9":"pa_yazar-charles-dickens","11":"first","12":"instock","13":"sale","14":"shipping-taxable","15":"purchasable","16":"product-type-simple"},"_links":{"self":[{"href":"https:\/\/roveyayinevi.com.tr\/index.php\/wp-json\/wp\/v2\/product\/774270","targetHints":{"allow":["GET"]}}],"collection":[{"href":"https:\/\/roveyayinevi.com.tr\/index.php\/wp-json\/wp\/v2\/product"}],"about":[{"href":"https:\/\/roveyayinevi.com.tr\/index.php\/wp-json\/wp\/v2\/types\/product"}],"wp:attachment":[{"href":"https:\/\/roveyayinevi.com.tr\/index.php\/wp-json\/wp\/v2\/media?parent=774270"}],"wp:term":[{"taxonomy":"product_brand","embeddable":true,"href":"https:\/\/roveyayinevi.com.tr\/index.php\/wp-json\/wp\/v2\/product_brand?post=774270"},{"taxonomy":"product_cat","embeddable":true,"href":"https:\/\/roveyayinevi.com.tr\/index.php\/wp-json\/wp\/v2\/product_cat?post=774270"},{"taxonomy":"product_tag","embeddable":true,"href":"https:\/\/roveyayinevi.com.tr\/index.php\/wp-json\/wp\/v2\/product_tag?post=774270"}],"curies":[{"name":"wp","href":"https:\/\/api.w.org\/{rel}","templated":true}]}}