{"id":774265,"date":"2025-08-28T16:45:49","date_gmt":"2025-08-28T13:45:49","guid":{"rendered":"https:\/\/roveyayinevi.com.tr\/index.php\/urun\/uzun-yuruyus-2\/"},"modified":"2026-04-15T03:41:40","modified_gmt":"2026-04-15T00:41:40","slug":"uzun-yuruyus-2","status":"publish","type":"product","link":"https:\/\/roveyayinevi.com.tr\/index.php\/urun\/uzun-yuruyus-2\/","title":{"rendered":"Uzun Y\u00fcr\u00fcy\u00fc\u015f"},"content":{"rendered":"<p>Kazanan hayatta kal\u0131r, hayatta kalan kazan\u0131r! Geri d\u00f6n\u00fc\u015f\u2026 Asla!Yak\u0131n bir gelecekte Amerika \u00e7\u00f6k\u00fc\u015f\u00fcn e\u015fi\u011findedir. On alt\u0131 ya\u015f\u0131ndaki Ray Garraty her y\u0131l d\u00fczenlenen ac\u0131mas\u0131z Uzun Y\u00fcr\u00fcy\u00fc\u015f\u2019e kat\u0131lmak \u00fczeredir.Kurallar basittir: Y\u00fcz gen\u00e7, gece g\u00fcnd\u00fcz demeden, saatte en az d\u00f6rt mil h\u0131zla y\u00fcr\u00fcmek zorundad\u0131r. Durmak, yava\u015flamak ya da yard\u0131m almak yasakt\u0131r. Her yava\u015flama bir uyar\u0131 getirir. \u00dc\u00e7 uyar\u0131dan sonra oyun sona erer, sonsuza dek.Bu yar\u0131\u015fta biti\u015f \u00e7izgisi yoktur.Kazanan sadece hayatta kalan son ki\u015fidir.Ve \u00f6d\u00fcl: Hayat\u0131n boyunca istedi\u011fin her \u015fey senindir.Ama baz\u0131 y\u00fcr\u00fcy\u00fc\u015fler sadece ayaklara de\u011fil, ruhlara da a\u011f\u0131r gelir.Usta anlat\u0131c\u0131 Stephen King\u2019den sars\u0131c\u0131 bir distopya.<\/p>\n","protected":false},"excerpt":{"rendered":"<p>Kazanan hayatta kal\u0131r, hayatta kalan kazan\u0131r! Geri d\u00f6n\u00fc\u015f\u2026 Asla!Yak\u0131n bir gelecekte Amerika \u00e7\u00f6k\u00fc\u015f\u00fcn e\u015fi\u011findedir. On alt\u0131 ya\u015f\u0131ndaki Ray Garraty her y\u0131l d\u00fczenlenen ac\u0131mas\u0131z Uzun Y\u00fcr\u00fcy\u00fc\u015f\u2019e kat\u0131lmak<span class=\"excerpt-hellip\"> [\u2026]<\/span><\/p>\n","protected":false},"featured_media":0,"template":"","meta":{"_monsterinsights_skip_tracking":false,"_monsterinsights_sitenote_active":false,"_monsterinsights_sitenote_note":"","_monsterinsights_sitenote_category":0},"product_brand":[],"product_cat":[12291,17033],"product_tag":[],"class_list":{"0":"post-774265","1":"product","2":"type-product","3":"status-publish","5":"product_cat-edebiyat","6":"product_cat-korku-gerilim","7":"pa_cilt-ciltsiz","8":"pa_tur-kitap","9":"pa_yayinevi-altin-kitaplar","10":"pa_yazar-stephen-king","12":"first","13":"instock","14":"sale","15":"shipping-taxable","16":"purchasable","17":"product-type-simple"},"_links":{"self":[{"href":"https:\/\/roveyayinevi.com.tr\/index.php\/wp-json\/wp\/v2\/product\/774265","targetHints":{"allow":["GET"]}}],"collection":[{"href":"https:\/\/roveyayinevi.com.tr\/index.php\/wp-json\/wp\/v2\/product"}],"about":[{"href":"https:\/\/roveyayinevi.com.tr\/index.php\/wp-json\/wp\/v2\/types\/product"}],"wp:attachment":[{"href":"https:\/\/roveyayinevi.com.tr\/index.php\/wp-json\/wp\/v2\/media?parent=774265"}],"wp:term":[{"taxonomy":"product_brand","embeddable":true,"href":"https:\/\/roveyayinevi.com.tr\/index.php\/wp-json\/wp\/v2\/product_brand?post=774265"},{"taxonomy":"product_cat","embeddable":true,"href":"https:\/\/roveyayinevi.com.tr\/index.php\/wp-json\/wp\/v2\/product_cat?post=774265"},{"taxonomy":"product_tag","embeddable":true,"href":"https:\/\/roveyayinevi.com.tr\/index.php\/wp-json\/wp\/v2\/product_tag?post=774265"}],"curies":[{"name":"wp","href":"https:\/\/api.w.org\/{rel}","templated":true}]}}