{"id":774247,"date":"2025-08-28T16:45:22","date_gmt":"2025-08-28T13:45:22","guid":{"rendered":"https:\/\/roveyayinevi.com.tr\/index.php\/urun\/ciyanlarin-vakti\/"},"modified":"2026-04-15T03:41:40","modified_gmt":"2026-04-15T00:41:40","slug":"ciyanlarin-vakti","status":"publish","type":"product","link":"https:\/\/roveyayinevi.com.tr\/index.php\/urun\/ciyanlarin-vakti\/","title":{"rendered":"\u00c7\u0131yanlar\u0131n Vakti"},"content":{"rendered":"<p>\u0130\u00e7imizdeydiler. Yan\u0131m\u0131zdayd\u0131lar. Yemin ettiler, ihanet ettiler. Devletin kalbine \u00e7\u00f6reklenen \u00e7\u0131yanlar, emirleri ba\u015fka yerden ald\u0131. Adalet susarken, onlar b\u00fcy\u00fcd\u00fc. Kurumlar birer birer zehirlendi. Ve biz sustuk\u00e7a, \u00e7\u0131yanlar vakit kazand\u0131. Ali Bayram, bu romanda sadece ger\u00e7ekleri anlatm\u0131yor &#8211; maskeleri y\u0131rt\u0131yor, karanl\u0131\u011f\u0131 te\u015fhir ediyor. Dosyalar kapat\u0131ld\u0131, deliller unutturuldu, cinayetler \u00f6rt\u00fcld\u00fc. Ama bu kitap konu\u015fuyor. FET\u00d6\u2019n\u00fcn arka odalar\u0131, istihbarat\u0131n k\u00f6r noktalar\u0131, susan yarg\u0131, y\u00f6nlendirilen medya&#8230; Hepsi burada. Ger\u00e7e\u011fin kustu\u011fu yerdeyiz. \u201c\u00c7\u0131yanlar\u0131n Vakti\u201d bir hesapla\u015fma. Kimin yan\u0131nda oldu\u011funu se\u00e7mek zorundas\u0131n: Ya \u00c7\u0131yanlarlayd\u0131n, ya onlara kar\u015f\u0131!  <\/p>\n","protected":false},"excerpt":{"rendered":"<p>\u0130\u00e7imizdeydiler. Yan\u0131m\u0131zdayd\u0131lar. Yemin ettiler, ihanet ettiler. Devletin kalbine \u00e7\u00f6reklenen \u00e7\u0131yanlar, emirleri ba\u015fka yerden ald\u0131. Adalet susarken, onlar b\u00fcy\u00fcd\u00fc. Kurumlar birer birer zehirlendi. Ve biz sustuk\u00e7a, \u00e7\u0131yanlar<span class=\"excerpt-hellip\"> [\u2026]<\/span><\/p>\n","protected":false},"featured_media":0,"template":"","meta":{"_monsterinsights_skip_tracking":false,"_monsterinsights_sitenote_active":false,"_monsterinsights_sitenote_note":"","_monsterinsights_sitenote_category":0},"product_brand":[],"product_cat":[141304],"product_tag":[],"class_list":{"0":"post-774247","1":"product","2":"type-product","3":"status-publish","5":"product_cat-yeni-cikanlar","6":"pa_cilt-ciltsiz","7":"pa_tur-kitap","8":"pa_yayinevi-kalyora-yayincilik","9":"pa_yazar-ali-bayram","11":"first","12":"instock","13":"sale","14":"shipping-taxable","15":"purchasable","16":"product-type-simple"},"_links":{"self":[{"href":"https:\/\/roveyayinevi.com.tr\/index.php\/wp-json\/wp\/v2\/product\/774247","targetHints":{"allow":["GET"]}}],"collection":[{"href":"https:\/\/roveyayinevi.com.tr\/index.php\/wp-json\/wp\/v2\/product"}],"about":[{"href":"https:\/\/roveyayinevi.com.tr\/index.php\/wp-json\/wp\/v2\/types\/product"}],"wp:attachment":[{"href":"https:\/\/roveyayinevi.com.tr\/index.php\/wp-json\/wp\/v2\/media?parent=774247"}],"wp:term":[{"taxonomy":"product_brand","embeddable":true,"href":"https:\/\/roveyayinevi.com.tr\/index.php\/wp-json\/wp\/v2\/product_brand?post=774247"},{"taxonomy":"product_cat","embeddable":true,"href":"https:\/\/roveyayinevi.com.tr\/index.php\/wp-json\/wp\/v2\/product_cat?post=774247"},{"taxonomy":"product_tag","embeddable":true,"href":"https:\/\/roveyayinevi.com.tr\/index.php\/wp-json\/wp\/v2\/product_tag?post=774247"}],"curies":[{"name":"wp","href":"https:\/\/api.w.org\/{rel}","templated":true}]}}