{"id":774243,"date":"2025-08-28T16:45:15","date_gmt":"2025-08-28T13:45:15","guid":{"rendered":"https:\/\/roveyayinevi.com.tr\/index.php\/urun\/curuyen-kalabaliklar\/"},"modified":"2026-04-03T03:32:38","modified_gmt":"2026-04-03T00:32:38","slug":"curuyen-kalabaliklar","status":"publish","type":"product","link":"https:\/\/roveyayinevi.com.tr\/index.php\/urun\/curuyen-kalabaliklar\/","title":{"rendered":"\u00c7\u00fcr\u00fcyen Kalabal\u0131klar"},"content":{"rendered":"<p>Kalabal\u0131klar\u0131n ortas\u0131nda, en derin yaln\u0131zl\u0131k ya\u015fan\u0131r\u2026 Bu kitap; bak\u0131\u015flar\u0131n kirlendi\u011fi, s\u00f6zlerin anlam\u0131n\u0131 yitirdi\u011fi, insanlar\u0131n birbirine yabanc\u0131la\u015ft\u0131\u011f\u0131 bir \u00e7a\u011f\u0131n \u015fiirli aynas\u0131d\u0131r. \u201c\u00c7\u00fcr\u00fcyen Kalabal\u0131klar\u201d g\u00f6r\u00fcn\u00fcrde bir arada ama i\u00e7eride parampar\u00e7a olmu\u015f insanlar\u0131n i\u00e7 sesini m\u0131sralara d\u00f6k\u00fcyor. Her \u015fiir, sokakta susan bir \u00e7\u0131\u011fl\u0131k, kalabal\u0131kta duyulmayan bir f\u0131s\u0131lt\u0131, bir yaln\u0131zl\u0131\u011f\u0131n yank\u0131s\u0131\u2026Yazar, duygular\u0131n plastikle\u015fti\u011fi modern zamanlara, kelimelerin en do\u011fal h\u00e2liyle meydan okuyor. Bu kitapta, \u00e7\u00fcr\u00fcmenin esteti\u011fi var. Ve belki de kendinize ait sand\u0131\u011f\u0131n\u0131z kalabal\u0131klar\u0131n, asl\u0131nda sizi hi\u00e7 tan\u0131mad\u0131\u011f\u0131n\u0131 fark edeceksiniz. <\/p>\n","protected":false},"excerpt":{"rendered":"<p>Kalabal\u0131klar\u0131n ortas\u0131nda, en derin yaln\u0131zl\u0131k ya\u015fan\u0131r\u2026 Bu kitap; bak\u0131\u015flar\u0131n kirlendi\u011fi, s\u00f6zlerin anlam\u0131n\u0131 yitirdi\u011fi, insanlar\u0131n birbirine yabanc\u0131la\u015ft\u0131\u011f\u0131 bir \u00e7a\u011f\u0131n \u015fiirli aynas\u0131d\u0131r. \u201c\u00c7\u00fcr\u00fcyen Kalabal\u0131klar\u201d g\u00f6r\u00fcn\u00fcrde bir arada ama<span class=\"excerpt-hellip\"> [\u2026]<\/span><\/p>\n","protected":false},"featured_media":0,"template":"","meta":{"_monsterinsights_skip_tracking":false,"_monsterinsights_sitenote_active":false,"_monsterinsights_sitenote_note":"","_monsterinsights_sitenote_category":0},"product_brand":[],"product_cat":[12291,12711],"product_tag":[],"class_list":{"0":"post-774243","1":"product","2":"type-product","3":"status-publish","5":"product_cat-edebiyat","6":"product_cat-roman-oyku","7":"pa_cilt-ciltsiz","8":"pa_tur-kitap","9":"pa_yayinevi-fera-yayincilik","10":"pa_yazar-idris-aldi","12":"first","13":"instock","14":"sale","15":"shipping-taxable","16":"purchasable","17":"product-type-simple"},"_links":{"self":[{"href":"https:\/\/roveyayinevi.com.tr\/index.php\/wp-json\/wp\/v2\/product\/774243","targetHints":{"allow":["GET"]}}],"collection":[{"href":"https:\/\/roveyayinevi.com.tr\/index.php\/wp-json\/wp\/v2\/product"}],"about":[{"href":"https:\/\/roveyayinevi.com.tr\/index.php\/wp-json\/wp\/v2\/types\/product"}],"wp:attachment":[{"href":"https:\/\/roveyayinevi.com.tr\/index.php\/wp-json\/wp\/v2\/media?parent=774243"}],"wp:term":[{"taxonomy":"product_brand","embeddable":true,"href":"https:\/\/roveyayinevi.com.tr\/index.php\/wp-json\/wp\/v2\/product_brand?post=774243"},{"taxonomy":"product_cat","embeddable":true,"href":"https:\/\/roveyayinevi.com.tr\/index.php\/wp-json\/wp\/v2\/product_cat?post=774243"},{"taxonomy":"product_tag","embeddable":true,"href":"https:\/\/roveyayinevi.com.tr\/index.php\/wp-json\/wp\/v2\/product_tag?post=774243"}],"curies":[{"name":"wp","href":"https:\/\/api.w.org\/{rel}","templated":true}]}}