{"id":774226,"date":"2025-08-28T16:44:13","date_gmt":"2025-08-28T13:44:13","guid":{"rendered":"https:\/\/roveyayinevi.com.tr\/index.php\/urun\/dusunmek-tasniflemek\/"},"modified":"2025-10-13T11:30:27","modified_gmt":"2025-10-13T08:30:27","slug":"dusunmek-tasniflemek","status":"publish","type":"product","link":"https:\/\/roveyayinevi.com.tr\/index.php\/urun\/dusunmek-tasniflemek\/","title":{"rendered":"D\u00fc\u015f\u00fcnmek  Tasniflemek"},"content":{"rendered":"<p>Georges Perec\u2019in vefat\u0131n\u0131n ard\u0131ndan, ilk kez 1985\u2019te yay\u0131mlanan D\u00fc\u015f\u00fcnmek\/Tasniflemek, yazar\u0131n 1976-1982 y\u0131llar\u0131 aras\u0131nda kaleme ald\u0131\u011f\u0131, \u00e7e\u015fitli gazete ve dergilerde yay\u0131mlanan on \u00fc\u00e7 denemesini bir araya getiriyor. Tasnifleme, listeleme ve s\u0131ralama y\u00f6ntemlerini ele ald\u0131\u011f\u0131 bu metinlerinde Perec, d\u00fcnyay\u0131 kendine \u00f6zg\u00fc \u00fcslubuyla yeniden bi\u00e7imlendirirken g\u00fcndelik ya\u015fam\u0131n s\u0131radanl\u0131\u011f\u0131n\u0131, \u00e7evremizdeki nesnelerin al\u0131\u015f\u0131lagelmi\u015f \u00e7a\u011fr\u0131\u015f\u0131mlar\u0131n\u0131 da alt\u00fcst ediyor. Bana sorulan tam olarak nedir? Acaba \u00f6nce d\u00fc\u015f\u00fcn\u00fcp sonra m\u0131 tasnifliyorum? Yoksa \u00f6nce tasnifleyip sonra m\u0131 d\u00fc\u015f\u00fcn\u00fcyorum? D\u00fc\u015f\u00fcnd\u00fc\u011f\u00fcm \u015feyleri nas\u0131l m\u0131 tasnifliyorum? Tasniflemek istedi\u011fimde nas\u0131l m\u0131 d\u00fc\u015f\u00fcn\u00fcyorum?<\/p>\n","protected":false},"excerpt":{"rendered":"<p>Georges Perec\u2019in vefat\u0131n\u0131n ard\u0131ndan, ilk kez 1985\u2019te yay\u0131mlanan D\u00fc\u015f\u00fcnmek\/Tasniflemek, yazar\u0131n 1976-1982 y\u0131llar\u0131 aras\u0131nda kaleme ald\u0131\u011f\u0131, \u00e7e\u015fitli gazete ve dergilerde yay\u0131mlanan on \u00fc\u00e7 denemesini bir araya getiriyor.<span class=\"excerpt-hellip\"> [\u2026]<\/span><\/p>\n","protected":false},"featured_media":0,"template":"","meta":{"_monsterinsights_skip_tracking":false,"_monsterinsights_sitenote_active":false,"_monsterinsights_sitenote_note":"","_monsterinsights_sitenote_category":0},"product_brand":[],"product_cat":[12777,12291],"product_tag":[],"class_list":{"0":"post-774226","1":"product","2":"type-product","3":"status-publish","5":"product_cat-deneme","6":"product_cat-edebiyat","7":"pa_cilt-ciltsiz","8":"pa_tur-kitap","9":"pa_yayinevi-everest-yayinlari","10":"pa_yazar-georges-perec","12":"first","13":"instock","14":"sale","15":"shipping-taxable","16":"purchasable","17":"product-type-simple"},"_links":{"self":[{"href":"https:\/\/roveyayinevi.com.tr\/index.php\/wp-json\/wp\/v2\/product\/774226","targetHints":{"allow":["GET"]}}],"collection":[{"href":"https:\/\/roveyayinevi.com.tr\/index.php\/wp-json\/wp\/v2\/product"}],"about":[{"href":"https:\/\/roveyayinevi.com.tr\/index.php\/wp-json\/wp\/v2\/types\/product"}],"wp:attachment":[{"href":"https:\/\/roveyayinevi.com.tr\/index.php\/wp-json\/wp\/v2\/media?parent=774226"}],"wp:term":[{"taxonomy":"product_brand","embeddable":true,"href":"https:\/\/roveyayinevi.com.tr\/index.php\/wp-json\/wp\/v2\/product_brand?post=774226"},{"taxonomy":"product_cat","embeddable":true,"href":"https:\/\/roveyayinevi.com.tr\/index.php\/wp-json\/wp\/v2\/product_cat?post=774226"},{"taxonomy":"product_tag","embeddable":true,"href":"https:\/\/roveyayinevi.com.tr\/index.php\/wp-json\/wp\/v2\/product_tag?post=774226"}],"curies":[{"name":"wp","href":"https:\/\/api.w.org\/{rel}","templated":true}]}}