{"id":774196,"date":"2025-08-28T16:43:23","date_gmt":"2025-08-28T13:43:23","guid":{"rendered":"https:\/\/roveyayinevi.com.tr\/index.php\/urun\/cocuklar-icin-dua\/"},"modified":"2026-04-15T03:41:38","modified_gmt":"2026-04-15T00:41:38","slug":"cocuklar-icin-dua","status":"publish","type":"product","link":"https:\/\/roveyayinevi.com.tr\/index.php\/urun\/cocuklar-icin-dua\/","title":{"rendered":"\u00c7ocuklar \u0130\u00e7in Dua"},"content":{"rendered":"<p>Sevgili \u00e7ocuklar, Bu kitap size y\u00fcce kitab\u0131m\u0131zdaki en g\u00fczel dualar\u0131 ve ba\u015fta Sevgili Peygamberimizin (a.s.m.) ve di\u011fer peygamberlerin okudu\u011fu en g\u00fczel dualar olmak \u00fczere \u0130slam b\u00fcy\u00fcklerinin okudu\u011fu dualar\u0131 \u00f6\u011fretecek. Bu dualarla hem huzur bulacaks\u0131n\u0131z hem de Sevgili Peygamberimizin (a.s.m.) okudu\u011fu dualarla onu tan\u0131y\u0131p bizlere \u00f6rnek olan y\u00fcce ki\u015fili\u011fini iyice \u00f6\u011frenip-kavray\u0131p onu hayat\u0131n\u0131za rehber edeceksiniz. Ayn\u0131 zamanda da bilge ve \u00f6rnek \u00e7ocuklar olacaks\u0131n\u0131z ve edilen dualar\u0131n nas\u0131l kabul edildi\u011fini g\u00f6r\u00fcp sizler de dua etmenin sonsuz tad\u0131na varacaks\u0131n\u0131z. Tabii haz\u0131rlad\u0131\u011f\u0131m\u0131z etkinliklerle t\u00fcm bunlar\u0131 e\u011flenerek \u00f6\u011freneceksiniz. Haydi \u00f6yleyse \u201cBismillah\u201d diyerek kitab\u0131m\u0131z\u0131 okumaya ba\u015flayal\u0131m.<\/p>\n","protected":false},"excerpt":{"rendered":"<p>Sevgili \u00e7ocuklar, Bu kitap size y\u00fcce kitab\u0131m\u0131zdaki en g\u00fczel dualar\u0131 ve ba\u015fta Sevgili Peygamberimizin (a.s.m.) ve di\u011fer peygamberlerin okudu\u011fu en g\u00fczel dualar olmak \u00fczere \u0130slam b\u00fcy\u00fcklerinin<span class=\"excerpt-hellip\"> [\u2026]<\/span><\/p>\n","protected":false},"featured_media":0,"template":"","meta":{"_monsterinsights_skip_tracking":false,"_monsterinsights_sitenote_active":false,"_monsterinsights_sitenote_note":"","_monsterinsights_sitenote_category":0},"product_brand":[],"product_cat":[141304],"product_tag":[],"class_list":{"0":"post-774196","1":"product","2":"type-product","3":"status-publish","5":"product_cat-yeni-cikanlar","6":"pa_cilt-ciltsiz","7":"pa_tur-kitap","8":"pa_yayinevi-nesil-cocuk-yayinlari","9":"pa_yazar-yilmaz-yenidinc","11":"first","12":"instock","13":"sale","14":"shipping-taxable","15":"purchasable","16":"product-type-simple"},"_links":{"self":[{"href":"https:\/\/roveyayinevi.com.tr\/index.php\/wp-json\/wp\/v2\/product\/774196","targetHints":{"allow":["GET"]}}],"collection":[{"href":"https:\/\/roveyayinevi.com.tr\/index.php\/wp-json\/wp\/v2\/product"}],"about":[{"href":"https:\/\/roveyayinevi.com.tr\/index.php\/wp-json\/wp\/v2\/types\/product"}],"wp:attachment":[{"href":"https:\/\/roveyayinevi.com.tr\/index.php\/wp-json\/wp\/v2\/media?parent=774196"}],"wp:term":[{"taxonomy":"product_brand","embeddable":true,"href":"https:\/\/roveyayinevi.com.tr\/index.php\/wp-json\/wp\/v2\/product_brand?post=774196"},{"taxonomy":"product_cat","embeddable":true,"href":"https:\/\/roveyayinevi.com.tr\/index.php\/wp-json\/wp\/v2\/product_cat?post=774196"},{"taxonomy":"product_tag","embeddable":true,"href":"https:\/\/roveyayinevi.com.tr\/index.php\/wp-json\/wp\/v2\/product_tag?post=774196"}],"curies":[{"name":"wp","href":"https:\/\/api.w.org\/{rel}","templated":true}]}}