{"id":774194,"date":"2025-08-28T16:43:20","date_gmt":"2025-08-28T13:43:20","guid":{"rendered":"https:\/\/roveyayinevi.com.tr\/index.php\/urun\/adim-adim\/"},"modified":"2026-04-15T03:41:38","modified_gmt":"2026-04-15T00:41:38","slug":"adim-adim","status":"publish","type":"product","link":"https:\/\/roveyayinevi.com.tr\/index.php\/urun\/adim-adim\/","title":{"rendered":"Ad\u0131m Ad\u0131m"},"content":{"rendered":"<p>D\u00fcnya, Alp\u2019in ke\u015ffetmesi i\u00e7in merak uyand\u0131r\u0131c\u0131 yeni \u015feylerle dolu\u2026 Ama yeni \u015feyler bazen korkutucu olabilir! Alp her ge\u00e7en g\u00fcn biraz daha b\u00fcy\u00fcyor ve ilk defa ba\u011f kurdu\u011fu deneyimlerle kar\u015f\u0131la\u015f\u0131yor: bir \u00e7iftlik gezisi, yeni bir arkada\u015f\u0131n evine gitmek veya okulun ilk g\u00fcn\u00fc gibi. G\u00fcvenli d\u00fcnyas\u0131n\u0131n ve al\u0131\u015fkanl\u0131klar\u0131n\u0131n d\u0131\u015f\u0131na \u00e7\u0131kmak onun i\u00e7in endi\u015fe verici olsa da annesinin deste\u011fi Alp\u2019in endi\u015felerinin \u00fczerine gidebilmesi i\u00e7in gerekli cesareti bulmas\u0131na yard\u0131mc\u0131 oluyor. Minik hedefler, yard\u0131msever arkada\u015flar ve destekleyici yeti\u015fkinlerin yard\u0131m\u0131yla, Alp g\u00fcvenli \u00e7emberinin d\u0131\u015f\u0131na ad\u0131m ad\u0131m \u00e7\u0131kabilmeyi \u00f6\u011freniyor.  Alp\u2019in d\u00fcnyas\u0131nda b\u00fcy\u00fck ve k\u00fc\u00e7\u00fck pek \u00e7ok \u201cilk\u201d var: okyanusa gitmek, \u00e7iftli\u011fe gitmek, yeni arkada\u015flarla tan\u0131\u015fmak\u2026 Ancak bu yenilikler bir o kadar da korkutucu gelebiliyor. Annesi, Alp\u2019i destekleyerek, onunla \u201cBir ad\u0131m daha!\u201d diyor. Bu k\u00fc\u00e7\u00fck cesaret ad\u0131mlar\u0131 dizisiyle, Alp korkular\u0131n\u0131 yener ve kendine g\u00fcveni g\u00fc\u00e7lenir. Kitab\u0131n sonunda ebeveynlere, \u00e7ocuklar\u0131n duygular\u0131n\u0131 nas\u0131l anlay\u0131p destekleyebileceklerine dair yol g\u00f6sterici bir not yer al\u0131r.  Ad\u0131m Ad\u0131m, yeniyle kar\u015f\u0131la\u015fman\u0131n getirdi\u011fi korkular\u0131 -bir \u00e7ocu\u011fun bak\u0131\u015f a\u00e7\u0131s\u0131ndan- sevgi dolu bir annenin varl\u0131\u011f\u0131yla nas\u0131l d\u00f6n\u00fc\u015febilece\u011fini anlat\u0131yor. Alp\u2019in annesi, ona her \u015feyi bir anda yapmak zorunda olmad\u0131\u011f\u0131n\u0131, k\u00fc\u00e7\u00fck ad\u0131mlarla ilerleyerek korkular\u0131n \u00fcstesinden gelinebilece\u011fini model oluyor. Kitab\u0131n sonunda yer alan bilgilendirici b\u00f6l\u00fcm\u00fc ise \u00e7ocuklar\u0131n korkular\u0131n\u0131 anlamak ve onlar\u0131 desteklemek isteyen yeti\u015fkinler i\u00e7in yol g\u00f6sterici bilgiler, tart\u0131\u015fma sorular\u0131 ve kaynak \u00f6nerileri sunuyor.  Bu kitap neden \u00f6nemli? \u00b7    Ad\u0131m Ad\u0131m, \u00e7ocuklar\u0131n geli\u015fimsel kayg\u0131lar\u0131na duyarl\u0131 yakla\u015f\u0131m\u0131 ve bilimsel temellere dayanan anlat\u0131m\u0131yla \u00f6ne \u00e7\u0131k\u0131yor. \u00b7    Amerikan Psikoloji Derne\u011fi (APA) taraf\u0131ndan onaylanan &#8220;Psikolojik Hik\u00e2yeler Serisi&#8221; i\u00e7inde yer almas\u0131, kitab\u0131n yaln\u0131zca edebi de\u011fil, ayn\u0131 zamanda terap\u00f6tik bir kaynak olarak da de\u011ferlendirilebilece\u011fini g\u00f6steriyor. \u00b7    Yazar Kathryn Boger, kayg\u0131 ile ba\u015f etmede uzmanla\u015fm\u0131\u015f, alanda deneyimli bir \u00e7ocuk ve ergen psikolo\u011fudur. Uzmanl\u0131\u011f\u0131, kitab\u0131n g\u00fcvenilirli\u011fini art\u0131r\u0131rken, kitap sonunda sundu\u011fu bili\u015fsel- davran\u0131\u015f\u00e7\u0131 stratejiler ebeveynler i\u00e7in rehber niteli\u011fi ta\u015f\u0131yor. \u00b7    Kitap, \u00e7ocuklara yaln\u0131zca cesaret vermekle kalm\u0131yor; ayn\u0131 zamanda onlara, \u201c\u0130ki \u015fey birden do\u011fru olabilir\u201d (Bu zor, ama \u00e7abalarsam yapabilirim) d\u00fc\u015f\u00fcncesini \u00f6\u011fretmeyi hedefliyor.  \u00b7    Psikolojik dayan\u0131kl\u0131l\u0131\u011f\u0131n geli\u015fimini destekleyen stratejiler sunuyor.  \u00b7    Ailelerin birlikte okuyabilece\u011fi, g\u00fcvenli ve destekleyici bir \u00f6\u011frenme ortam\u0131 yarat\u0131yor.  Kazan\u0131mlar \u00b7    Yeni durumlara kar\u015f\u0131 fark\u0131ndal\u0131k geli\u015ftirme \u00b7    K\u00fc\u00e7\u00fck ve y\u00f6netilebilir ad\u0131mlarla korkularla ba\u015f etmeyi \u00f6\u011frenme \u00b7    Aile i\u00e7inde duygular hakk\u0131nda konu\u015fma al\u0131\u015fkanl\u0131\u011f\u0131 \u00b7    Psikolojik esneklik ve \u00f6z g\u00fcven kazan\u0131m\u0131 \u00b7    \u00c7ocuklar\u0131n b\u00fcy\u00fck duygularla ba\u015f ederken yaln\u0131z olmad\u0131klar\u0131n\u0131 fark etmeleri \u00b7    Ebeveynlerin \u00e7ocuklar\u0131na nas\u0131l destek olabileceklerine dair pratik rehberlik  Temalar \u00b7    Korkularla y\u00fczle\u015fme \u00b7    G\u00fcvenli ba\u011flanma \u00b7    Duygusal dayan\u0131kl\u0131l\u0131k \u00b7    Annelik deste\u011fi \u00b7    Cesaret ve i\u00e7sel g\u00fc\u00e7 \u00b7    Yeniye ad\u0131m atmak \u00b7    Hem zorlanmak hem ba\u015farmak \u00b7    Geli\u015fimsel psikolojiye uygun destekleyici dil <\/p>\n","protected":false},"excerpt":{"rendered":"<p>D\u00fcnya, Alp\u2019in ke\u015ffetmesi i\u00e7in merak uyand\u0131r\u0131c\u0131 yeni \u015feylerle dolu\u2026 Ama yeni \u015feyler bazen korkutucu olabilir! Alp her ge\u00e7en g\u00fcn biraz daha b\u00fcy\u00fcyor ve ilk defa ba\u011f<span class=\"excerpt-hellip\"> [\u2026]<\/span><\/p>\n","protected":false},"featured_media":0,"template":"","meta":{"_monsterinsights_skip_tracking":false,"_monsterinsights_sitenote_active":false,"_monsterinsights_sitenote_note":"","_monsterinsights_sitenote_category":0},"product_brand":[],"product_cat":[12274,12284],"product_tag":[],"class_list":{"0":"post-774194","1":"product","2":"type-product","3":"status-publish","5":"product_cat-cocuk-ve-genclik-kitaplari","6":"product_cat-hikayeler","7":"pa_cilt-ciltsiz","8":"pa_tur-kitap","9":"pa_yayinevi-okuyan-koala","10":"pa_yazar-kathryn-boger","12":"first","13":"instock","14":"sale","15":"shipping-taxable","16":"purchasable","17":"product-type-simple"},"_links":{"self":[{"href":"https:\/\/roveyayinevi.com.tr\/index.php\/wp-json\/wp\/v2\/product\/774194","targetHints":{"allow":["GET"]}}],"collection":[{"href":"https:\/\/roveyayinevi.com.tr\/index.php\/wp-json\/wp\/v2\/product"}],"about":[{"href":"https:\/\/roveyayinevi.com.tr\/index.php\/wp-json\/wp\/v2\/types\/product"}],"wp:attachment":[{"href":"https:\/\/roveyayinevi.com.tr\/index.php\/wp-json\/wp\/v2\/media?parent=774194"}],"wp:term":[{"taxonomy":"product_brand","embeddable":true,"href":"https:\/\/roveyayinevi.com.tr\/index.php\/wp-json\/wp\/v2\/product_brand?post=774194"},{"taxonomy":"product_cat","embeddable":true,"href":"https:\/\/roveyayinevi.com.tr\/index.php\/wp-json\/wp\/v2\/product_cat?post=774194"},{"taxonomy":"product_tag","embeddable":true,"href":"https:\/\/roveyayinevi.com.tr\/index.php\/wp-json\/wp\/v2\/product_tag?post=774194"}],"curies":[{"name":"wp","href":"https:\/\/api.w.org\/{rel}","templated":true}]}}