{"id":774160,"date":"2025-08-28T16:42:21","date_gmt":"2025-08-28T13:42:21","guid":{"rendered":"https:\/\/roveyayinevi.com.tr\/index.php\/urun\/draculanin-donusumu\/"},"modified":"2026-04-15T03:41:37","modified_gmt":"2026-04-15T00:41:37","slug":"draculanin-donusumu","status":"publish","type":"product","link":"https:\/\/roveyayinevi.com.tr\/index.php\/urun\/draculanin-donusumu\/","title":{"rendered":"Dracula\u2019n\u0131n D\u00f6n\u00fc\u015f\u00fcm\u00fc"},"content":{"rendered":"<p>Bu kitap, Bram Stoker\u2019\u0131n kaleminde hayat bulan Kont Dracula\u2019n\u0131n sinemadaki seru\u0308venine odaklan\u0131yor. Dracula anlat\u0131s\u0131n\u0131n 1920\u2019lerde ba\u015flayan ve gu\u0308nu\u0308mu\u0308ze dek uzanan beyazperde maceras\u0131, yaln\u0131zca korku tu\u0308ru\u0308nu\u0308n de\u011fil, ayn\u0131 zamanda popu\u0308ler ku\u0308ltu\u0308ru\u0308n evriminin de izlerini ta\u015f\u0131r. Neredeyse her on y\u0131lda bir yeniden do\u011fan Dracula, her defas\u0131nda d\u00f6neminin korkular\u0131na, arzular\u0131na ve estetik be\u011fenilerine g\u00f6re bi\u00e7imlenir. Canavar kuram\u0131, gotik edebiyat\u0131n karanl\u0131k esteti\u011fi, Hollywood\u2019un stu\u0308dyo sistemi, \u00e7izgi romanlar ve televizyon yap\u0131mlar\u0131 gibi farkl\u0131 mecralar, bu kitapta Dracula\u2019n\u0131n yeniden bedenlendi\u011fi alanlar olarak ele al\u0131n\u0131yor.   Peki ama Dracula\u2019y\u0131 bu kadar \u00f6zel k\u0131lan nedir? Neden o, kendisinden \u00f6nce gelen vampir anlat\u0131lar\u0131n\u0131 g\u00f6lgede b\u0131rak\u0131p kal\u0131c\u0131 bir arketipe d\u00f6nu\u0308\u015febilmi\u015ftir? \u0130\u015fte bu sorular, okuru korku sinemas\u0131n\u0131n tarihsel ve ku\u0308ltu\u0308rel katmanlar\u0131nda, hem canavar\u0131n hem de toplumun bilin\u00e7alt\u0131nda su\u0308ru\u0308kleyici bir yolculu\u011fa davet ediyor. Bir edebiyat kahraman\u0131n\u0131n sinema perdesinde onlarca kez yeniden do\u011fu\u015funa ve her defas\u0131nda nas\u0131l farkl\u0131 anlat\u0131larla \u015fekillendi\u011fine tan\u0131kl\u0131k etmek isteyenler i\u00e7in&#8230; <\/p>\n","protected":false},"excerpt":{"rendered":"<p>Bu kitap, Bram Stoker\u2019\u0131n kaleminde hayat bulan Kont Dracula\u2019n\u0131n sinemadaki seru\u0308venine odaklan\u0131yor. Dracula anlat\u0131s\u0131n\u0131n 1920\u2019lerde ba\u015flayan ve gu\u0308nu\u0308mu\u0308ze dek uzanan beyazperde maceras\u0131, yaln\u0131zca korku tu\u0308ru\u0308nu\u0308n de\u011fil,<span class=\"excerpt-hellip\"> [\u2026]<\/span><\/p>\n","protected":false},"featured_media":0,"template":"","meta":{"_monsterinsights_skip_tracking":false,"_monsterinsights_sitenote_active":false,"_monsterinsights_sitenote_note":"","_monsterinsights_sitenote_category":0},"product_brand":[],"product_cat":[13072,12291],"product_tag":[],"class_list":{"0":"post-774160","1":"product","2":"type-product","3":"status-publish","5":"product_cat-arastirma-inceleme-referans","6":"product_cat-edebiyat","7":"pa_cilt-ciltsiz","8":"pa_tur-kitap","9":"pa_yayinevi-ithaki-yayinlari","10":"pa_yazar-ugur-kilinc","12":"first","13":"instock","14":"sale","15":"shipping-taxable","16":"purchasable","17":"product-type-simple"},"_links":{"self":[{"href":"https:\/\/roveyayinevi.com.tr\/index.php\/wp-json\/wp\/v2\/product\/774160","targetHints":{"allow":["GET"]}}],"collection":[{"href":"https:\/\/roveyayinevi.com.tr\/index.php\/wp-json\/wp\/v2\/product"}],"about":[{"href":"https:\/\/roveyayinevi.com.tr\/index.php\/wp-json\/wp\/v2\/types\/product"}],"wp:attachment":[{"href":"https:\/\/roveyayinevi.com.tr\/index.php\/wp-json\/wp\/v2\/media?parent=774160"}],"wp:term":[{"taxonomy":"product_brand","embeddable":true,"href":"https:\/\/roveyayinevi.com.tr\/index.php\/wp-json\/wp\/v2\/product_brand?post=774160"},{"taxonomy":"product_cat","embeddable":true,"href":"https:\/\/roveyayinevi.com.tr\/index.php\/wp-json\/wp\/v2\/product_cat?post=774160"},{"taxonomy":"product_tag","embeddable":true,"href":"https:\/\/roveyayinevi.com.tr\/index.php\/wp-json\/wp\/v2\/product_tag?post=774160"}],"curies":[{"name":"wp","href":"https:\/\/api.w.org\/{rel}","templated":true}]}}