{"id":774157,"date":"2025-08-28T16:42:15","date_gmt":"2025-08-28T13:42:15","guid":{"rendered":"https:\/\/roveyayinevi.com.tr\/index.php\/urun\/ramayla-bulusma\/"},"modified":"2026-04-15T03:41:37","modified_gmt":"2026-04-15T00:41:37","slug":"ramayla-bulusma","status":"publish","type":"product","link":"https:\/\/roveyayinevi.com.tr\/index.php\/urun\/ramayla-bulusma\/","title":{"rendered":"Rama\u2019yla Bulu\u015fma"},"content":{"rendered":"<p>HUGO EN \u0130Y\u0130 ROMAN \u00d6D\u00dcL\u00dc NEBULA EN \u0130Y\u0130 ROMAN \u00d6D\u00dcL\u00dc LOCUS EN \u0130Y\u0130 B\u0130L\u0130MKURGU ROMANI \u00d6D\u00dcL\u00dc   \u201cRama\u2019yla Bulu\u015fma beni \u00e7ok heyecanland\u0131ran bir roman. \u015eahane bir ke\u015fif yolculu\u011fu. Uyarlamas\u0131n\u0131 yaparken ilk kez sert bilimkurgu u\u0308zerine \u00e7al\u0131\u015fabilece\u011fim. Hayat\u0131mda en az bir kez bunu yapmak istiyorum.\u201d \u2014Denis Villeneuve (DUNE ve BLADE RUNNER 2049\u2019un \u00f6d\u00fcll\u00fc y\u00f6netmeni)   \u201c\u0130NSAN IRKININ GELECE\u011e\u0130 S\u00d6Z KONUSUYSA H\u0130\u00c7B\u0130R \u015eEY\u0130 \u015eANSA BIRAKAMAYIZ.\u201d   Arthur C. Clarke, bilimi edebiyatla e\u015fsizce birle\u015ftiren, bilimkurgunun u\u0308\u00e7 bu\u0308yu\u0308k ustas\u0131ndan biri. Uzayl\u0131larla ilk temas tu\u0308ru\u0308nde yaz\u0131lm\u0131\u015f en \u00f6nemli romanlardan biri olan Rama\u2019yla Bulu\u015fma insanl\u0131\u011f\u0131n evrendeki yerini sorgulatan, hayal gu\u0308cu\u0308nu\u0308n s\u0131n\u0131rlar\u0131n\u0131 zorlayan heyecan dolu bir ke\u015fif hik\u00e2yesi.   Gu\u0308ne\u015f sisteminde ke\u015ffedilen devasa silindirik bir cisim, insanl\u0131k tarihinde e\u015fi benzeri g\u00f6ru\u0308lmemi\u015f bir ke\u015ffin kap\u0131s\u0131n\u0131 aralar. \u201cRama\u201d ad\u0131 verilen bu yabanc\u0131 yap\u0131, onu incelemek i\u00e7in g\u00f6nderilen Endeavour gemisinin mu\u0308rettebat\u0131n\u0131 sessizce beklemektedir. \u0130\u00e7ine girildi\u011finde ise Rama, devasa \u015fehirler, u\u00e7suz bucaks\u0131z denizler ve ak\u0131l almaz mu\u0308hendislik harikalar\u0131yla dolu, kendi ba\u015f\u0131na ya\u015fayan bir du\u0308nya olarak ortaya \u00e7\u0131kar. \u0130nsan zek\u00e2s\u0131n\u0131n s\u0131n\u0131rlar\u0131n\u0131 zorlayan bu yap\u0131, hem insan\u0131n evrendeki konumuna hem de insan \u0131rk\u0131ndan \u00e7ok daha ileri bir uygarl\u0131\u011f\u0131n varl\u0131\u011f\u0131na dair derin sorular uyand\u0131r\u0131r.   Clarke\u2019\u0131n bilimsel titizli\u011fi ve edebi ustal\u0131\u011f\u0131yla \u015fekillenen Rama\u2019yla Bulu\u015fma, ke\u015fif arzusunun ve insan\u0131n evren kar\u015f\u0131s\u0131ndaki k\u0131r\u0131lganl\u0131\u011f\u0131n\u0131n bu\u0308yu\u0308leyici bir anlat\u0131s\u0131.   Rama\u2019yla Bulu\u015fma, ke\u015ffin bu\u0308yu\u0308su\u0308nu\u0308n en saf h\u00e2li. <\/p>\n","protected":false},"excerpt":{"rendered":"<p>HUGO EN \u0130Y\u0130 ROMAN \u00d6D\u00dcL\u00dc NEBULA EN \u0130Y\u0130 ROMAN \u00d6D\u00dcL\u00dc LOCUS EN \u0130Y\u0130 B\u0130L\u0130MKURGU ROMANI \u00d6D\u00dcL\u00dc \u201cRama\u2019yla Bulu\u015fma beni \u00e7ok heyecanland\u0131ran bir roman. \u015eahane bir ke\u015fif<span class=\"excerpt-hellip\"> [\u2026]<\/span><\/p>\n","protected":false},"featured_media":0,"template":"","meta":{"_monsterinsights_skip_tracking":false,"_monsterinsights_sitenote_active":false,"_monsterinsights_sitenote_note":"","_monsterinsights_sitenote_category":0},"product_brand":[],"product_cat":[12540,12291],"product_tag":[],"class_list":{"0":"post-774157","1":"product","2":"type-product","3":"status-publish","5":"product_cat-bilim-kurgu","6":"product_cat-edebiyat","7":"pa_cilt-ciltsiz","8":"pa_tur-kitap","9":"pa_yayinevi-ithaki-yayinlari","10":"pa_yazar-arthur-c-clarke","12":"first","13":"instock","14":"sale","15":"shipping-taxable","16":"purchasable","17":"product-type-simple"},"_links":{"self":[{"href":"https:\/\/roveyayinevi.com.tr\/index.php\/wp-json\/wp\/v2\/product\/774157","targetHints":{"allow":["GET"]}}],"collection":[{"href":"https:\/\/roveyayinevi.com.tr\/index.php\/wp-json\/wp\/v2\/product"}],"about":[{"href":"https:\/\/roveyayinevi.com.tr\/index.php\/wp-json\/wp\/v2\/types\/product"}],"wp:attachment":[{"href":"https:\/\/roveyayinevi.com.tr\/index.php\/wp-json\/wp\/v2\/media?parent=774157"}],"wp:term":[{"taxonomy":"product_brand","embeddable":true,"href":"https:\/\/roveyayinevi.com.tr\/index.php\/wp-json\/wp\/v2\/product_brand?post=774157"},{"taxonomy":"product_cat","embeddable":true,"href":"https:\/\/roveyayinevi.com.tr\/index.php\/wp-json\/wp\/v2\/product_cat?post=774157"},{"taxonomy":"product_tag","embeddable":true,"href":"https:\/\/roveyayinevi.com.tr\/index.php\/wp-json\/wp\/v2\/product_tag?post=774157"}],"curies":[{"name":"wp","href":"https:\/\/api.w.org\/{rel}","templated":true}]}}