{"id":774147,"date":"2025-08-28T16:41:58","date_gmt":"2025-08-28T13:41:58","guid":{"rendered":"https:\/\/roveyayinevi.com.tr\/index.php\/urun\/canavar-adasi-okulu-karaya-vuranlar-1\/"},"modified":"2026-04-15T03:41:37","modified_gmt":"2026-04-15T00:41:37","slug":"canavar-adasi-okulu-karaya-vuranlar-1","status":"publish","type":"product","link":"https:\/\/roveyayinevi.com.tr\/index.php\/urun\/canavar-adasi-okulu-karaya-vuranlar-1\/","title":{"rendered":"Canavar Adas\u0131 Okulu Karaya Vuranlar 1"},"content":{"rendered":"<p>Tapio, ablas\u0131 Aina ile \u0131ss\u0131z bir adada mahsur kal\u0131r. \u00c7ok ge\u00e7meden karde\u015fler adada ya\u015fayan b\u00fcy\u00fcl\u00fc varl\u0131klarla kar\u015f\u0131la\u015f\u0131r ve onlardan ka\u00e7arken b\u00fcy\u00fck bir s\u00fcrpriz ke\u015ffeder: Adada, \u00f6zel yeteneklere sahip \u00e7ocuklar i\u00e7in ger\u00e7ek bir okul vard\u0131r! Garip yarat\u0131klar ve b\u00fcy\u00fcl\u00fc maceralarla dolu adada tuhaf \u015feyler olmaya ba\u015flad\u0131\u011f\u0131nda Tapio aniden kendini olaylar\u0131n merkezinde bulur.   GAR\u0130P, KOM\u0130K VE S\u00dcR\u00dcKLEY\u0130C\u0130 B\u0130R H\u0130K\u00c2YE -HEM DE G\u00dc\u00c7L\u00dc MANGA \u00c7\u0130Z\u0130MLER\u0130YLE\u2026 <\/p>\n","protected":false},"excerpt":{"rendered":"<p>Tapio, ablas\u0131 Aina ile \u0131ss\u0131z bir adada mahsur kal\u0131r. \u00c7ok ge\u00e7meden karde\u015fler adada ya\u015fayan b\u00fcy\u00fcl\u00fc varl\u0131klarla kar\u015f\u0131la\u015f\u0131r ve onlardan ka\u00e7arken b\u00fcy\u00fck bir s\u00fcrpriz ke\u015ffeder: Adada, \u00f6zel<span class=\"excerpt-hellip\"> [\u2026]<\/span><\/p>\n","protected":false},"featured_media":0,"template":"","meta":{"_monsterinsights_skip_tracking":false,"_monsterinsights_sitenote_active":false,"_monsterinsights_sitenote_note":"","_monsterinsights_sitenote_category":0},"product_brand":[],"product_cat":[141304],"product_tag":[],"class_list":{"0":"post-774147","1":"product","2":"type-product","3":"status-publish","5":"product_cat-yeni-cikanlar","6":"pa_cilt-ciltsiz","7":"pa_tur-kitap","8":"pa_yayinevi-buyulu-fener-yayinlari","9":"pa_yazar-christian-tielmann","11":"first","12":"instock","13":"sale","14":"shipping-taxable","15":"purchasable","16":"product-type-simple"},"_links":{"self":[{"href":"https:\/\/roveyayinevi.com.tr\/index.php\/wp-json\/wp\/v2\/product\/774147","targetHints":{"allow":["GET"]}}],"collection":[{"href":"https:\/\/roveyayinevi.com.tr\/index.php\/wp-json\/wp\/v2\/product"}],"about":[{"href":"https:\/\/roveyayinevi.com.tr\/index.php\/wp-json\/wp\/v2\/types\/product"}],"wp:attachment":[{"href":"https:\/\/roveyayinevi.com.tr\/index.php\/wp-json\/wp\/v2\/media?parent=774147"}],"wp:term":[{"taxonomy":"product_brand","embeddable":true,"href":"https:\/\/roveyayinevi.com.tr\/index.php\/wp-json\/wp\/v2\/product_brand?post=774147"},{"taxonomy":"product_cat","embeddable":true,"href":"https:\/\/roveyayinevi.com.tr\/index.php\/wp-json\/wp\/v2\/product_cat?post=774147"},{"taxonomy":"product_tag","embeddable":true,"href":"https:\/\/roveyayinevi.com.tr\/index.php\/wp-json\/wp\/v2\/product_tag?post=774147"}],"curies":[{"name":"wp","href":"https:\/\/api.w.org\/{rel}","templated":true}]}}