{"id":774146,"date":"2025-08-28T16:41:57","date_gmt":"2025-08-28T13:41:57","guid":{"rendered":"https:\/\/roveyayinevi.com.tr\/index.php\/urun\/mis-gibi-yetiskinler-2\/"},"modified":"2026-04-15T03:41:37","modified_gmt":"2026-04-15T00:41:37","slug":"mis-gibi-yetiskinler-2","status":"publish","type":"product","link":"https:\/\/roveyayinevi.com.tr\/index.php\/urun\/mis-gibi-yetiskinler-2\/","title":{"rendered":"M\u0131\u015f Gibi Yeti\u015fkinler"},"content":{"rendered":"<p>Baz\u0131 insanlar duygusal olarak geli\u015femeyince bir yeti\u015fkinin olgunlu\u011funu davran\u0131\u015flar\u0131nda, konu\u015fmalar\u0131nda, ili\u015fkilerinde g\u00f6steremiyorlar. Ancak biz onlar\u0131 bedenen bu\u0308yu\u0308mu\u0308\u015f, \u201cyeti\u015fkin\u201d olarak g\u00f6rdu\u0308\u011fu\u0308mu\u0308z i\u00e7in onlardan beklentilerimiz olgun insan davran\u0131\u015flar\u0131 oluyor. Hayal k\u0131r\u0131kl\u0131\u011f\u0131na u\u011fruyoruz ve \u00e7o\u011fu zaman onlar\u0131 oldu\u011fu gibi kabul etmekte zorlan\u0131yor ve \u00f6fkeleniyoruz. Ve belki de b\u00f6yle davran\u0131p fark\u0131nda olmayan yeti\u015fkin \u00e7ocuklardan biri de biziz. Yeti\u015fkin \u00e7ocuklar\u0131n \u201c\u2018m\u0131\u015f gibi\u2019 yeti\u015fkin\u201d olmalar\u0131 b\u00fcy\u00fck \u00f6l\u00e7\u00fcde psikolojik gereksinmelerini kar\u015f\u0131lamayan ailelerde b\u00fcy\u00fcmelerinden kaynaklan\u0131yor ve fark\u0131na var\u0131lmamas\u0131 durumunda bu hik\u00e2ye ku\u015faktan ku\u015fa\u011fa aktar\u0131l\u0131yor. Ger\u00e7ek \u00d6zg\u00fcrl\u00fck kitab\u0131n\u0131n kahramanlar\u0131 Timur ile Yakup Bey, bu sefer, g\u00f6r\u00fcn\u00fc\u015f\u00fc yeti\u015fkin ama i\u00e7i olgunla\u015famam\u0131\u015f, \u201c\u00e7ocuk kalm\u0131\u015f\u201d insanlar\u0131n hayatlar\u0131n\u0131 ili\u015fkilerin dokusu i\u00e7inde, hatal\u0131 davran\u0131\u015flar\u0131m\u0131z\u0131 bize g\u00f6stererek aktar\u0131yor ve aile ortam\u0131 ve \u00e7ocuk yeti\u015ftirme \u00fczerine g\u00fcnl\u00fck ya\u015famda kar\u015f\u0131la\u015ft\u0131\u011f\u0131m\u0131z olaylar\u0131 \u00f6yk\u00fcle\u015ftirerek kendimizi daha yak\u0131ndan g\u00f6rmemize ve tan\u0131mam\u0131za olanak sa\u011fl\u0131yor. Bu kitapta; \u201cYeti\u015fkin \u00e7ocuk kimdir? Yeti\u015fkin \u00e7ocuklar nas\u0131l ve hangi ortamda b\u00fcy\u00fcr?\u201d, \u201cAile kurarken kar\u015f\u0131ndakinden ve kendinden beklemen gerekenler nelerdir?\u201d, \u201c\u00c7ocu\u011fun gereksinmeleri kar\u015f\u0131lanmazsa \u00e7ocu\u011fa ne olur?\u201d, \u201cAilede neden hep diken \u00fcst\u00fcndeyiz?\u201d sorular\u0131n\u0131n cevaplar\u0131n\u0131 Do\u011fan C\u00fccelo\u011flu\u2019nun e\u015fsiz bak\u0131\u015f a\u00e7\u0131s\u0131yla \u00f6\u011freneceksiniz.   Bu kitap bir ayna\u2026 Sayfalar\u0131 \u00e7evirdik\u00e7e \u00e7ocuklu\u011funuzu, ailenizi, \u00e7evrenizdeki insanlar\u0131 ve en \u00f6nemlisi kendinizi daha iyi anlayacaks\u0131n\u0131z. <\/p>\n","protected":false},"excerpt":{"rendered":"<p>Baz\u0131 insanlar duygusal olarak geli\u015femeyince bir yeti\u015fkinin olgunlu\u011funu davran\u0131\u015flar\u0131nda, konu\u015fmalar\u0131nda, ili\u015fkilerinde g\u00f6steremiyorlar. Ancak biz onlar\u0131 bedenen bu\u0308yu\u0308mu\u0308\u015f, \u201cyeti\u015fkin\u201d olarak g\u00f6rdu\u0308\u011fu\u0308mu\u0308z i\u00e7in onlardan beklentilerimiz olgun insan davran\u0131\u015flar\u0131<span class=\"excerpt-hellip\"> [\u2026]<\/span><\/p>\n","protected":false},"featured_media":0,"template":"","meta":{"_monsterinsights_skip_tracking":false,"_monsterinsights_sitenote_active":false,"_monsterinsights_sitenote_note":"","_monsterinsights_sitenote_category":0},"product_brand":[],"product_cat":[25175,12357],"product_tag":[],"class_list":{"0":"post-774146","1":"product","2":"type-product","3":"status-publish","5":"product_cat-egitim-psikolojisi","6":"product_cat-psikoloji","7":"pa_cilt-ciltsiz","8":"pa_tur-kitap","9":"pa_yayinevi-kronik-kitap","10":"pa_yazar-dogan-cuceloglu","12":"first","13":"instock","14":"sale","15":"shipping-taxable","16":"purchasable","17":"product-type-simple"},"_links":{"self":[{"href":"https:\/\/roveyayinevi.com.tr\/index.php\/wp-json\/wp\/v2\/product\/774146","targetHints":{"allow":["GET"]}}],"collection":[{"href":"https:\/\/roveyayinevi.com.tr\/index.php\/wp-json\/wp\/v2\/product"}],"about":[{"href":"https:\/\/roveyayinevi.com.tr\/index.php\/wp-json\/wp\/v2\/types\/product"}],"wp:attachment":[{"href":"https:\/\/roveyayinevi.com.tr\/index.php\/wp-json\/wp\/v2\/media?parent=774146"}],"wp:term":[{"taxonomy":"product_brand","embeddable":true,"href":"https:\/\/roveyayinevi.com.tr\/index.php\/wp-json\/wp\/v2\/product_brand?post=774146"},{"taxonomy":"product_cat","embeddable":true,"href":"https:\/\/roveyayinevi.com.tr\/index.php\/wp-json\/wp\/v2\/product_cat?post=774146"},{"taxonomy":"product_tag","embeddable":true,"href":"https:\/\/roveyayinevi.com.tr\/index.php\/wp-json\/wp\/v2\/product_tag?post=774146"}],"curies":[{"name":"wp","href":"https:\/\/api.w.org\/{rel}","templated":true}]}}