{"id":774141,"date":"2025-08-28T16:41:49","date_gmt":"2025-08-28T13:41:49","guid":{"rendered":"https:\/\/roveyayinevi.com.tr\/index.php\/urun\/caesar-hanesinin-yukselisi-ve-cokusu\/"},"modified":"2026-04-15T03:41:37","modified_gmt":"2026-04-15T00:41:37","slug":"caesar-hanesinin-yukselisi-ve-cokusu","status":"publish","type":"product","link":"https:\/\/roveyayinevi.com.tr\/index.php\/urun\/caesar-hanesinin-yukselisi-ve-cokusu\/","title":{"rendered":"Caesar Hanesi\u2019nin Y\u00fckseli\u015fi ve \u00c7\u00f6k\u00fc\u015f\u00fc"},"content":{"rendered":"<p>\u201cHolland, Roma tarihini bir roman\u0131n t\u00fcm s\u00fcr\u00fckleyici detaylar\u0131 ve dinamizmiyle anlat\u0131yor. \u2026 Okurlara Antik Roma\u2019n\u0131n \u015fiddetini, vah\u015fetini ve a\u015f\u0131r\u0131l\u0131klar\u0131n\u0131 derinden hissettirmeyi ba\u015far\u0131yor.\u201d \u2013 New York Times   Rubicon ge\u00e7ildi, Cumhuriyet tarihe kar\u0131\u015ft\u0131. Art\u0131k ne senato eski g\u00fcc\u00fcne sahipti ne de halk\u0131n sesi bir anlam ifade ediyordu. Roma&#8217;n\u0131n kaderi, bir avu\u00e7 soylu aras\u0131nda d\u00f6nen ac\u0131mas\u0131z bir iktidar oyununa d\u00f6n\u00fc\u015fm\u00fc\u015ft\u00fc. G\u00fcc\u00fcn tek bir ailede topland\u0131\u011f\u0131 bu \u00e7a\u011fda, iktidar bir miras de\u011fil, bir \u00f6l\u00fcm kal\u0131m meselesiydi.   Tom Holland, \u00e7ok satan Roma Tarihi \u00fc\u00e7lemesinin ilk kitab\u0131 olan Rubicon\u2019da Iulius Caesar\u2019\u0131n diktat\u00f6rl\u00fc\u011fe uzanan hikayesini anlat\u0131rken, ikinci kitab\u0131 Hanedan\u2019da bizleri Roma\u2019n\u0131n en karanl\u0131k, en ihtiras dolu d\u00f6nemine g\u00f6t\u00fcr\u00fcyor. Augustus\u2019un sinsice \u00f6rd\u00fc\u011f\u00fc mutlak\u0131yet d\u00fczeniyle ba\u015flayan s\u00fcre\u00e7, Tiberius\u2019un korku imparatorlu\u011funa, Caligula\u2019n\u0131n \u00e7\u0131lg\u0131n tiranl\u0131\u011f\u0131na, Claudius\u2019un g\u00f6lgelerde ge\u00e7en h\u00fck\u00fcmdarl\u0131\u011f\u0131na ve Nero\u2019nun ihti\u015famla ba\u015flay\u0131p yang\u0131nla biten \u00e7\u00f6k\u00fc\u015f\u00fcne uzan\u0131yor.   Her tahta \u00e7\u0131k\u0131\u015f bir komplonun sonucuydu. Her saray, entrika mek\u00e2n\u0131yd\u0131. Zehirli mektuplar, gece yar\u0131s\u0131 infazlar\u0131, sahte intiharlar ve kanl\u0131 darbeler&#8230; Roma art\u0131k g\u00fcce ula\u015fmak isteyen hanedan \u00fcyelerinin gladyat\u00f6rler gibi birbirlerine sald\u0131rd\u0131\u011f\u0131 bir arena haline gelmi\u015fti. Karde\u015fler karde\u015flere k\u0131yd\u0131, o\u011fullar anneleri \u00f6ld\u00fcrd\u00fc, generaller k\u0131l\u0131\u00e7 ku\u015fand\u0131, \u015fairler susturuldu. \u00c7\u00fcnk\u00fc Roma\u2019da g\u00fc\u00e7 sahibi olmak, sadece kazanmakla de\u011fil, hayatta kalmakla m\u00fcmk\u00fcnd\u00fc.   Hanedan, sadece bir imparatorluk tarihini de\u011fil; g\u00fcc\u00fcn, sapk\u0131nl\u0131\u011f\u0131n, korkunun ve hayatta kalma i\u00e7g\u00fcd\u00fcs\u00fcn\u00fcn \u00e7arp\u0131c\u0131 \u00f6yk\u00fcs\u00fcn\u00fc anlat\u0131yor. Roma tarihi bir kez daha kanla yaz\u0131l\u0131yor. <\/p>\n","protected":false},"excerpt":{"rendered":"<p>\u201cHolland, Roma tarihini bir roman\u0131n t\u00fcm s\u00fcr\u00fckleyici detaylar\u0131 ve dinamizmiyle anlat\u0131yor. \u2026 Okurlara Antik Roma\u2019n\u0131n \u015fiddetini, vah\u015fetini ve a\u015f\u0131r\u0131l\u0131klar\u0131n\u0131 derinden hissettirmeyi ba\u015far\u0131yor.\u201d \u2013 New York Times<span class=\"excerpt-hellip\"> [\u2026]<\/span><\/p>\n","protected":false},"featured_media":0,"template":"","meta":{"_monsterinsights_skip_tracking":false,"_monsterinsights_sitenote_active":false,"_monsterinsights_sitenote_note":"","_monsterinsights_sitenote_category":0},"product_brand":[],"product_cat":[141304],"product_tag":[],"class_list":{"0":"post-774141","1":"product","2":"type-product","3":"status-publish","5":"product_cat-yeni-cikanlar","6":"pa_cilt-ciltsiz","7":"pa_tur-kitap","8":"pa_yayinevi-kronik-kitap","9":"pa_yazar-tom-holland","11":"first","12":"instock","13":"sale","14":"shipping-taxable","15":"purchasable","16":"product-type-simple"},"_links":{"self":[{"href":"https:\/\/roveyayinevi.com.tr\/index.php\/wp-json\/wp\/v2\/product\/774141","targetHints":{"allow":["GET"]}}],"collection":[{"href":"https:\/\/roveyayinevi.com.tr\/index.php\/wp-json\/wp\/v2\/product"}],"about":[{"href":"https:\/\/roveyayinevi.com.tr\/index.php\/wp-json\/wp\/v2\/types\/product"}],"wp:attachment":[{"href":"https:\/\/roveyayinevi.com.tr\/index.php\/wp-json\/wp\/v2\/media?parent=774141"}],"wp:term":[{"taxonomy":"product_brand","embeddable":true,"href":"https:\/\/roveyayinevi.com.tr\/index.php\/wp-json\/wp\/v2\/product_brand?post=774141"},{"taxonomy":"product_cat","embeddable":true,"href":"https:\/\/roveyayinevi.com.tr\/index.php\/wp-json\/wp\/v2\/product_cat?post=774141"},{"taxonomy":"product_tag","embeddable":true,"href":"https:\/\/roveyayinevi.com.tr\/index.php\/wp-json\/wp\/v2\/product_tag?post=774141"}],"curies":[{"name":"wp","href":"https:\/\/api.w.org\/{rel}","templated":true}]}}