{"id":774137,"date":"2025-08-28T16:41:42","date_gmt":"2025-08-28T13:41:42","guid":{"rendered":"https:\/\/roveyayinevi.com.tr\/index.php\/urun\/dakikalar-icinde-matematik\/"},"modified":"2026-04-15T03:41:37","modified_gmt":"2026-04-15T00:41:37","slug":"dakikalar-icinde-matematik","status":"publish","type":"product","link":"https:\/\/roveyayinevi.com.tr\/index.php\/urun\/dakikalar-icinde-matematik\/","title":{"rendered":"Dakikalar \u0130\u00e7inde Matematik"},"content":{"rendered":"<p>MATEMAT\u0130\u011e\u0130N B\u00dcY\u00dcLEY\u0130C\u0130 EVREN\u0130   S\u0131f\u0131r\u0131n icad\u0131ndan sonsuzluk kavram\u0131na, asal say\u0131lar\u0131n gizeminden G\u00f6del\u2019in tamamlanmam\u0131\u015fl\u0131k teoremlerine&#8230; Matematik, yaln\u0131zca denklemler ve rakamlar b\u00fct\u00fcn\u00fc de\u011fil, ayn\u0131 zamanda evreni anlamland\u0131rma bi\u00e7imimiz.   Peki, Pi say\u0131s\u0131 neden bu kadar \u00f6nemli? Sonsuzluk ger\u00e7ekten sonsuz mu? Hilbert\u2019in Oteli\u2019nde bir oda her zaman bo\u015f mu kal\u0131r? Cantor k\u00fcmeleri ve alt\u0131n oran\u0131n ortak noktas\u0131 ne olabilir? Karek\u00f6k\u00fc negatif olan bir say\u0131 ger\u00e7ek olabilir mi? Matematikle bir kelebek etkisi yarat\u0131labilir mi?   Dakikalar \u0130\u00e7inde Matematik, d\u00f6rt bin y\u0131ll\u0131k matematik tarihini 200 temel kavramla \u00f6zetliyor. Say\u0131lar teorisinden cebire, mant\u0131ktan topolojiye kadar uzanan bu yolculuk, \u00e7arp\u0131c\u0131 g\u00f6rselleri ve sade anlat\u0131m\u0131yla matemati\u011fi korkulan bir alan olmaktan \u00e7\u0131kar\u0131p merak uyand\u0131ran bir ke\u015ffe d\u00f6n\u00fc\u015ft\u00fcr\u00fcyor. \u0130ster \u00f6\u011frenci ister merakl\u0131 bir yeti\u015fkin olun, bu kitap herkesin anlayabilece\u011fi bir dille matemati\u011fin \u00f6z\u00fcne iniyor. <\/p>\n","protected":false},"excerpt":{"rendered":"<p>MATEMAT\u0130\u011e\u0130N B\u00dcY\u00dcLEY\u0130C\u0130 EVREN\u0130 S\u0131f\u0131r\u0131n icad\u0131ndan sonsuzluk kavram\u0131na, asal say\u0131lar\u0131n gizeminden G\u00f6del\u2019in tamamlanmam\u0131\u015fl\u0131k teoremlerine&#8230; Matematik, yaln\u0131zca denklemler ve rakamlar b\u00fct\u00fcn\u00fc de\u011fil, ayn\u0131 zamanda evreni anlamland\u0131rma bi\u00e7imimiz. Peki,<span class=\"excerpt-hellip\"> [\u2026]<\/span><\/p>\n","protected":false},"featured_media":0,"template":"","meta":{"_monsterinsights_skip_tracking":false,"_monsterinsights_sitenote_active":false,"_monsterinsights_sitenote_note":"","_monsterinsights_sitenote_category":0},"product_brand":[],"product_cat":[13005,16724],"product_tag":[],"class_list":{"0":"post-774137","1":"product","2":"type-product","3":"status-publish","5":"product_cat-bilim-muhendislik","6":"product_cat-matematik","7":"pa_cilt-ciltsiz","8":"pa_tur-kitap","9":"pa_yayinevi-kronik-kitap","10":"pa_yazar-paul-glendinning","12":"first","13":"instock","14":"sale","15":"shipping-taxable","16":"purchasable","17":"product-type-simple"},"_links":{"self":[{"href":"https:\/\/roveyayinevi.com.tr\/index.php\/wp-json\/wp\/v2\/product\/774137","targetHints":{"allow":["GET"]}}],"collection":[{"href":"https:\/\/roveyayinevi.com.tr\/index.php\/wp-json\/wp\/v2\/product"}],"about":[{"href":"https:\/\/roveyayinevi.com.tr\/index.php\/wp-json\/wp\/v2\/types\/product"}],"wp:attachment":[{"href":"https:\/\/roveyayinevi.com.tr\/index.php\/wp-json\/wp\/v2\/media?parent=774137"}],"wp:term":[{"taxonomy":"product_brand","embeddable":true,"href":"https:\/\/roveyayinevi.com.tr\/index.php\/wp-json\/wp\/v2\/product_brand?post=774137"},{"taxonomy":"product_cat","embeddable":true,"href":"https:\/\/roveyayinevi.com.tr\/index.php\/wp-json\/wp\/v2\/product_cat?post=774137"},{"taxonomy":"product_tag","embeddable":true,"href":"https:\/\/roveyayinevi.com.tr\/index.php\/wp-json\/wp\/v2\/product_tag?post=774137"}],"curies":[{"name":"wp","href":"https:\/\/api.w.org\/{rel}","templated":true}]}}