{"id":774135,"date":"2025-08-28T16:41:37","date_gmt":"2025-08-28T13:41:37","guid":{"rendered":"https:\/\/roveyayinevi.com.tr\/index.php\/urun\/haberci-3-asalet-ve-ihtisam\/"},"modified":"2026-04-15T03:41:36","modified_gmt":"2026-04-15T00:41:36","slug":"haberci-3-asalet-ve-ihtisam","status":"publish","type":"product","link":"https:\/\/roveyayinevi.com.tr\/index.php\/urun\/haberci-3-asalet-ve-ihtisam\/","title":{"rendered":"Haberci 3: Asalet ve \u0130hti\u015fam"},"content":{"rendered":"<p>D\u00fcnya \u00e7ap\u0131nda tan\u0131nan haberci serisi, Jennifer L. Armentrout\u2019un kaleminden kalpleri \u00e7alan bir hik\u00e2yeyle sonlan\u0131yor!   Tehlike, ihanet ve ba\u015ftan \u00e7\u0131kar\u0131c\u0131 yasak a\u015fk sizi tuza\u011fa d\u00fc\u015f\u00fcrecek&#8230;   Trinity Marrow sava\u015f\u0131n ilk k\u0131sm\u0131n\u0131 ve Koruyucusunu kaybetti. Hem iblisler hem de Gardiyanlar onun taraf\u0131nda olsa bile, Haberci\u2019ye kar\u015f\u0131 verdi\u011fi zorlu m\u00fccadeleyi kazanamayabilir.   Lucifer&#8217;\u0131 onlar\u0131n saf\u0131nda sava\u015fmas\u0131 i\u00e7in d\u00fcnyaya geri getirmek muhtemelen \u00e7ok k\u00f6t\u00fc bir fikir ama ba\u015fka se\u00e7enekleri yok. D\u00fcnyan\u0131n en b\u00fcy\u00fck d\u00fc\u015fm\u00fc\u015f mele\u011fi, sava\u015f\u0131n nihai sonucunu etkileyebilecek kadar g\u00fc\u00e7l\u00fc olan tek varl\u0131k o\u2026   Trin ve Zayne, daha tehlikeli yeni bir ba\u011f kurmaya \u00e7al\u0131\u015f\u0131yorlar. Lucifer h\u00e2kimiyeti alt\u0131ndaki Cehennem\u2019i d\u00fcnyan\u0131n \u00fcst\u00fcne sal\u0131yor, k\u0131yamet yakla\u015f\u0131yor ve d\u00fcnya sonsuzlu\u011fun sonuna do\u011fru sallan\u0131yor.   Kazansalar da kaybetseler de art\u0131k kesin olan bir \u015fey var. Hi\u00e7bir \u015fey eskisi gibi olmayacak. <\/p>\n","protected":false},"excerpt":{"rendered":"<p>D\u00fcnya \u00e7ap\u0131nda tan\u0131nan haberci serisi, Jennifer L. Armentrout\u2019un kaleminden kalpleri \u00e7alan bir hik\u00e2yeyle sonlan\u0131yor! Tehlike, ihanet ve ba\u015ftan \u00e7\u0131kar\u0131c\u0131 yasak a\u015fk sizi tuza\u011fa d\u00fc\u015f\u00fcrecek&#8230; Trinity Marrow<span class=\"excerpt-hellip\"> [\u2026]<\/span><\/p>\n","protected":false},"featured_media":0,"template":"","meta":{"_monsterinsights_skip_tracking":false,"_monsterinsights_sitenote_active":false,"_monsterinsights_sitenote_note":"","_monsterinsights_sitenote_category":0},"product_brand":[],"product_cat":[12291,12711],"product_tag":[],"class_list":{"0":"post-774135","1":"product","2":"type-product","3":"status-publish","5":"product_cat-edebiyat","6":"product_cat-roman-oyku","7":"pa_cilt-ciltsiz","8":"pa_tur-kitap","9":"pa_yayinevi-dex-yayinevi","10":"pa_yazar-jennifer-l-armentrout","12":"first","13":"instock","14":"sale","15":"shipping-taxable","16":"purchasable","17":"product-type-simple"},"_links":{"self":[{"href":"https:\/\/roveyayinevi.com.tr\/index.php\/wp-json\/wp\/v2\/product\/774135","targetHints":{"allow":["GET"]}}],"collection":[{"href":"https:\/\/roveyayinevi.com.tr\/index.php\/wp-json\/wp\/v2\/product"}],"about":[{"href":"https:\/\/roveyayinevi.com.tr\/index.php\/wp-json\/wp\/v2\/types\/product"}],"wp:attachment":[{"href":"https:\/\/roveyayinevi.com.tr\/index.php\/wp-json\/wp\/v2\/media?parent=774135"}],"wp:term":[{"taxonomy":"product_brand","embeddable":true,"href":"https:\/\/roveyayinevi.com.tr\/index.php\/wp-json\/wp\/v2\/product_brand?post=774135"},{"taxonomy":"product_cat","embeddable":true,"href":"https:\/\/roveyayinevi.com.tr\/index.php\/wp-json\/wp\/v2\/product_cat?post=774135"},{"taxonomy":"product_tag","embeddable":true,"href":"https:\/\/roveyayinevi.com.tr\/index.php\/wp-json\/wp\/v2\/product_tag?post=774135"}],"curies":[{"name":"wp","href":"https:\/\/api.w.org\/{rel}","templated":true}]}}