{"id":774112,"date":"2025-08-28T16:40:55","date_gmt":"2025-08-28T13:40:55","guid":{"rendered":"https:\/\/roveyayinevi.com.tr\/index.php\/urun\/celiskilerle-variz\/"},"modified":"2026-04-15T03:41:36","modified_gmt":"2026-04-15T00:41:36","slug":"celiskilerle-variz","status":"publish","type":"product","link":"https:\/\/roveyayinevi.com.tr\/index.php\/urun\/celiskilerle-variz\/","title":{"rendered":"\u00c7eli\u015fkilerle Var\u0131z"},"content":{"rendered":"<p>Tecimer bu kitapta insan\u0131 sorguluyor denebilir. \u00c7eli\u015fkilerimizi, ne kadar \u00f6zg\u00fcr oldu\u011fumuzu, hayat\u0131n anlam\u0131n\u0131 kendi d\u00fc\u015f\u00fcncesince, kendi \u00fcslubunca yorumluyor. <\/p>\n","protected":false},"excerpt":{"rendered":"<p>Tecimer bu kitapta insan\u0131 sorguluyor denebilir. \u00c7eli\u015fkilerimizi, ne kadar \u00f6zg\u00fcr oldu\u011fumuzu, hayat\u0131n anlam\u0131n\u0131 kendi d\u00fc\u015f\u00fcncesince, kendi \u00fcslubunca yorumluyor.<\/p>\n","protected":false},"featured_media":0,"template":"","meta":{"_monsterinsights_skip_tracking":false,"_monsterinsights_sitenote_active":false,"_monsterinsights_sitenote_note":"","_monsterinsights_sitenote_category":0},"product_brand":[],"product_cat":[13488],"product_tag":[],"class_list":{"0":"post-774112","1":"product","2":"type-product","3":"status-publish","5":"product_cat-toplum-ve-insan","6":"pa_cilt-ciltsiz","7":"pa_tur-kitap","8":"pa_yayinevi-ilk-baski-yayinevi","9":"pa_yazar-coskun-tecimer","11":"first","12":"instock","13":"sale","14":"shipping-taxable","15":"purchasable","16":"product-type-simple"},"_links":{"self":[{"href":"https:\/\/roveyayinevi.com.tr\/index.php\/wp-json\/wp\/v2\/product\/774112","targetHints":{"allow":["GET"]}}],"collection":[{"href":"https:\/\/roveyayinevi.com.tr\/index.php\/wp-json\/wp\/v2\/product"}],"about":[{"href":"https:\/\/roveyayinevi.com.tr\/index.php\/wp-json\/wp\/v2\/types\/product"}],"wp:attachment":[{"href":"https:\/\/roveyayinevi.com.tr\/index.php\/wp-json\/wp\/v2\/media?parent=774112"}],"wp:term":[{"taxonomy":"product_brand","embeddable":true,"href":"https:\/\/roveyayinevi.com.tr\/index.php\/wp-json\/wp\/v2\/product_brand?post=774112"},{"taxonomy":"product_cat","embeddable":true,"href":"https:\/\/roveyayinevi.com.tr\/index.php\/wp-json\/wp\/v2\/product_cat?post=774112"},{"taxonomy":"product_tag","embeddable":true,"href":"https:\/\/roveyayinevi.com.tr\/index.php\/wp-json\/wp\/v2\/product_tag?post=774112"}],"curies":[{"name":"wp","href":"https:\/\/api.w.org\/{rel}","templated":true}]}}