{"id":774107,"date":"2025-08-28T16:40:47","date_gmt":"2025-08-28T13:40:47","guid":{"rendered":"https:\/\/roveyayinevi.com.tr\/index.php\/urun\/sivri-uclu-kelimeler\/"},"modified":"2026-04-15T03:41:36","modified_gmt":"2026-04-15T00:41:36","slug":"sivri-uclu-kelimeler","status":"publish","type":"product","link":"https:\/\/roveyayinevi.com.tr\/index.php\/urun\/sivri-uclu-kelimeler\/","title":{"rendered":"Sivri U\u00e7lu Kelimeler"},"content":{"rendered":"<p>Kur\u015fun olur kimi zaman Vurur seni kalbinin orta yerinden Kanat\u0131r g\u00fcnlerce Derman aramak nafile \u0130yile\u015fmez Beyine sirayet eder Ba\u015flar s\u0131z\u0131lar orada S\u00fcrekli yoklar Vurur sivri ucunu Diyagramlar \u00e7izer Fay hatlar\u0131 olu\u015fur ve sonra deprem Y\u0131k\u0131l\u0131r gider bir\u00e7ok \u015fey ge\u00e7mi\u015fe dair Geride h\u00fcz\u00fcn kal\u0131r Y\u0131k\u0131nt\u0131lar alt\u0131nda <\/p>\n","protected":false},"excerpt":{"rendered":"<p>Kur\u015fun olur kimi zaman Vurur seni kalbinin orta yerinden Kanat\u0131r g\u00fcnlerce Derman aramak nafile \u0130yile\u015fmez Beyine sirayet eder Ba\u015flar s\u0131z\u0131lar orada S\u00fcrekli yoklar Vurur sivri ucunu<span class=\"excerpt-hellip\"> [\u2026]<\/span><\/p>\n","protected":false},"featured_media":0,"template":"","meta":{"_monsterinsights_skip_tracking":false,"_monsterinsights_sitenote_active":false,"_monsterinsights_sitenote_note":"","_monsterinsights_sitenote_category":0},"product_brand":[],"product_cat":[12291,12509],"product_tag":[],"class_list":{"0":"post-774107","1":"product","2":"type-product","3":"status-publish","5":"product_cat-edebiyat","6":"product_cat-siir","7":"pa_cilt-ciltsiz","8":"pa_tur-kitap","9":"pa_yayinevi-sinirsiz-kitap","10":"pa_yazar-ismail-kadak","12":"first","13":"instock","14":"sale","15":"shipping-taxable","16":"purchasable","17":"product-type-simple"},"_links":{"self":[{"href":"https:\/\/roveyayinevi.com.tr\/index.php\/wp-json\/wp\/v2\/product\/774107","targetHints":{"allow":["GET"]}}],"collection":[{"href":"https:\/\/roveyayinevi.com.tr\/index.php\/wp-json\/wp\/v2\/product"}],"about":[{"href":"https:\/\/roveyayinevi.com.tr\/index.php\/wp-json\/wp\/v2\/types\/product"}],"wp:attachment":[{"href":"https:\/\/roveyayinevi.com.tr\/index.php\/wp-json\/wp\/v2\/media?parent=774107"}],"wp:term":[{"taxonomy":"product_brand","embeddable":true,"href":"https:\/\/roveyayinevi.com.tr\/index.php\/wp-json\/wp\/v2\/product_brand?post=774107"},{"taxonomy":"product_cat","embeddable":true,"href":"https:\/\/roveyayinevi.com.tr\/index.php\/wp-json\/wp\/v2\/product_cat?post=774107"},{"taxonomy":"product_tag","embeddable":true,"href":"https:\/\/roveyayinevi.com.tr\/index.php\/wp-json\/wp\/v2\/product_tag?post=774107"}],"curies":[{"name":"wp","href":"https:\/\/api.w.org\/{rel}","templated":true}]}}