{"id":774091,"date":"2025-08-28T16:40:09","date_gmt":"2025-08-28T13:40:09","guid":{"rendered":"https:\/\/roveyayinevi.com.tr\/index.php\/urun\/anadolu-keltleri\/"},"modified":"2026-04-15T03:41:35","modified_gmt":"2026-04-15T00:41:35","slug":"anadolu-keltleri","status":"publish","type":"product","link":"https:\/\/roveyayinevi.com.tr\/index.php\/urun\/anadolu-keltleri\/","title":{"rendered":"Anadolu Keltleri"},"content":{"rendered":"<p>Anadolu co\u011frafyas\u0131, jeostratejik ve jeopolitik konumu ile ge\u00e7mi\u015ften g\u00fcn\u00fcm\u00fcze \u00f6nemli bir b\u00f6lge olma \u00f6zelli\u011fini her daim korumu\u015ftur. Bu sebeple bir\u00e7ok k\u00fclt\u00fcre ve topluma ev sahipli\u011fi yapm\u0131\u015f, \u00e7ok katmanl\u0131 tarihsel etkile\u015fim s\u00fcre\u00e7lerine u\u011fram\u0131\u015ft\u0131r. B\u00f6lgenin tarihsel miras\u0131; co\u011frafya ile ili\u015fkili bir\u00e7ok milletin, devletin ve k\u00fclt\u00fcr\u00fcn etkile\u015fiminden olu\u015fan, karma\u015f\u0131k s\u00fcre\u00e7leri i\u00e7ermektedir. Tarihsel uzun d\u00f6nemler i\u00e7erisinde olu\u015fan k\u00fclt\u00fcrel kayna\u015fmay\u0131, net \u00e7izgilerle ayr\u0131\u015ft\u0131rmak olduk\u00e7a zordur. Hatti, Akad, Asur, Luvi, Hitit, Frig, Anadolu Klasik Antik \u00c7a\u011f krall\u0131klar\u0131, B\u00fcy\u00fck \u0130skender y\u00f6netimi, Roma, Sel\u00e7uklu, Osmanl\u0131 ve nihayetinde modern T\u00fcrkiye Cumhuriyeti, Anadolu tarihi ve medeniyetlerinin ayr\u0131lmaz bir par\u00e7as\u0131d\u0131r. Anadolu (Anatolia) ismi Latincedir ve \u201cg\u00fcne\u015fin do\u011fdu\u011fu yer\u201d anlam\u0131na gelmektedir. Roma (Bizans) d\u00f6neminde \u201cuzak idari b\u00f6lge\u201d anlam\u0131nda da kullan\u0131lm\u0131\u015ft\u0131r. Bu co\u011frafyay\u0131 yurt edinen ve kal\u0131c\u0131 olarak b\u00f6lgeye yerle\u015fen T\u00fcrkler de Anadolu (Anatolia) ismini benimsemi\u015f ve kullanm\u0131\u015ft\u0131r. Bat\u0131l\u0131lar taraf\u0131ndan baz\u0131 d\u00f6nemlerde b\u00f6lgeye Asia Min\u00f6r (K\u00fc\u00e7\u00fck Asya) gibi isimler de verilmi\u015ftir. Ancak Anadolu ismi, T\u00fcrklerle birlikte kal\u0131c\u0131 olarak tarihe ge\u00e7mi\u015ftir. Anadolu\u2019da ilk uygarl\u0131k izlerine; Orta, Do\u011fu ve G\u00fcneydo\u011fu b\u00f6lgelerinde rastlanmaktad\u0131r. Bu kadim b\u00f6lgeler, Mezopotamya co\u011frafyas\u0131 ile do\u011frudan ilintilidir. Yak\u0131n zamanlarda arkeolojik ke\u015fiflere konu olan G\u00f6bekli Tepe ve Karahan Tepe gibi buluntular, co\u011frafyan\u0131n tarihsel ge\u00e7mi\u015fini daha da derinle\u015ftirmektedir Modern T\u00fcrkiye Cumhuriyeti\u2019nin ba\u015fkenti olan Ankara\u2019y\u0131 (Ankyra) kuran Kelt\/Galatlar ise ku\u015fkusuz bu s\u00fcrecin en \u00f6nemli akt\u00f6rlerindendir. Orta Anadolu B\u00f6lgesinde kurduklar\u0131 \u015fehirleri, sosyal ya\u015famlar\u0131, k\u00fclt\u00fcrleri ve b\u0131rakt\u0131klar\u0131 ile Anadolu miras\u0131na olan katk\u0131lar\u0131 asla g\u00f6z ard\u0131 edilemez.<\/p>\n","protected":false},"excerpt":{"rendered":"<p>Anadolu co\u011frafyas\u0131, jeostratejik ve jeopolitik konumu ile ge\u00e7mi\u015ften g\u00fcn\u00fcm\u00fcze \u00f6nemli bir b\u00f6lge olma \u00f6zelli\u011fini her daim korumu\u015ftur. Bu sebeple bir\u00e7ok k\u00fclt\u00fcre ve topluma ev sahipli\u011fi yapm\u0131\u015f,<span class=\"excerpt-hellip\"> [\u2026]<\/span><\/p>\n","protected":false},"featured_media":0,"template":"","meta":{"_monsterinsights_skip_tracking":false,"_monsterinsights_sitenote_active":false,"_monsterinsights_sitenote_note":"","_monsterinsights_sitenote_category":0},"product_brand":[],"product_cat":[15499,13488],"product_tag":[],"class_list":{"0":"post-774091","1":"product","2":"type-product","3":"status-publish","5":"product_cat-antropoloji","6":"product_cat-toplum-ve-insan","7":"pa_cilt-ciltsiz","8":"pa_tur-kitap","9":"pa_yayinevi-la-kitap-yayinlari","10":"pa_yazar-celal-celik","12":"first","13":"instock","14":"sale","15":"shipping-taxable","16":"purchasable","17":"product-type-simple"},"_links":{"self":[{"href":"https:\/\/roveyayinevi.com.tr\/index.php\/wp-json\/wp\/v2\/product\/774091","targetHints":{"allow":["GET"]}}],"collection":[{"href":"https:\/\/roveyayinevi.com.tr\/index.php\/wp-json\/wp\/v2\/product"}],"about":[{"href":"https:\/\/roveyayinevi.com.tr\/index.php\/wp-json\/wp\/v2\/types\/product"}],"wp:attachment":[{"href":"https:\/\/roveyayinevi.com.tr\/index.php\/wp-json\/wp\/v2\/media?parent=774091"}],"wp:term":[{"taxonomy":"product_brand","embeddable":true,"href":"https:\/\/roveyayinevi.com.tr\/index.php\/wp-json\/wp\/v2\/product_brand?post=774091"},{"taxonomy":"product_cat","embeddable":true,"href":"https:\/\/roveyayinevi.com.tr\/index.php\/wp-json\/wp\/v2\/product_cat?post=774091"},{"taxonomy":"product_tag","embeddable":true,"href":"https:\/\/roveyayinevi.com.tr\/index.php\/wp-json\/wp\/v2\/product_tag?post=774091"}],"curies":[{"name":"wp","href":"https:\/\/api.w.org\/{rel}","templated":true}]}}