{"id":774068,"date":"2025-08-28T16:39:26","date_gmt":"2025-08-28T13:39:26","guid":{"rendered":"https:\/\/roveyayinevi.com.tr\/index.php\/urun\/beni-en-son-kim-unuttu\/"},"modified":"2026-04-13T03:36:43","modified_gmt":"2026-04-13T00:36:43","slug":"beni-en-son-kim-unuttu","status":"publish","type":"product","link":"https:\/\/roveyayinevi.com.tr\/index.php\/urun\/beni-en-son-kim-unuttu\/","title":{"rendered":"Beni En Son Kim Unuttu"},"content":{"rendered":"<p>Biliyorum, g\u00f6nl\u00fcn yorgun d\u00fc\u015ft\u00fc, y\u00fcre\u011fin dilsiz kald\u0131; herkese yeti\u015ftin de bir kendine ge\u00e7 kald\u0131n. Biliyorum, yapt\u0131\u011f\u0131n iyiliklerin, incelikli d\u00fc\u015f\u00fcncelerin ve iyi niyetlerin neticesinde hayal k\u0131r\u0131kl\u0131\u011f\u0131ndan ba\u015fka bir \u015fey g\u00f6rmedin. Kap\u0131s\u0131na \u00e7i\u00e7eklerle gitti\u011fin insanlar nank\u00f6rl\u00fc\u011f\u00fcn ne oldu\u011funu sana \u00f6yle bir g\u00f6sterdiler ki, binbir hevesle \u00e7\u0131kt\u0131\u011f\u0131n o yollardan i\u00e7in kanaya kanaya geri d\u00f6nd\u00fcn, biliyorum. \u00c7ok k\u0131r\u0131ld\u0131n, y\u0131prand\u0131n, hatta bu k\u00f6t\u00fc insanlar\u0131n i\u00e7inde kaybolmu\u015f gibi hissediyorsun kendini, kalabal\u0131klar i\u00e7inde yapayaln\u0131z, biliyorum. Ve en k\u00f6t\u00fcs\u00fc de, t\u00fcm bunlar\u0131 yaparken kendini unuttun&#8230; Ama art\u0131k ba\u015fkalar\u0131n\u0131n a\u00e7t\u0131\u011f\u0131 yaralara \u00fcz\u00fcl\u00fcp kalbini daha fazla incitme. Yazar Hakk\u0131nda Emre G\u00fcrlek 1991 tarihinde Kayseri\u2019nin Develi il\u00e7esine d\u00fcnyaya geldim. \u0130lkokul ve ortaokulu burada tamamlayarak, lise \u00f6\u011frenimini Kayseri\u2019de tamamlad\u0131m. Nev\u015fehir ve Mersin \u00dcniversitesinde \u00fcniversite \u00f6\u011frenimimi tamamlayarak y\u00fcksek lisans\u0131m\u0131 Biyokimya \u00fczerine yapmaktay\u0131m ayn\u0131 zamanda sa\u011fl\u0131k \u00e7al\u0131\u015fan\u0131y\u0131m. Lise y\u0131llar\u0131nda amat\u00f6r olarak \u015fiir yazmaya ba\u015flad\u0131m. 2015 y\u0131l\u0131ndan itibaren deneme ve \u015fiir t\u00fcr\u00fc \u00fczerine yaz\u0131lar yazd\u0131m. 2019 y\u0131l\u0131ndan itibaren \u015fiir seslendirmelerimi Instagram, YouTube platformlar\u0131nda yay\u0131mlamaya ba\u015flad\u0131m. Yaz\u0131 ve seslendirme hayat\u0131ma aktif olarak devam etmekteyim. Hayykitap\u2019tan yay\u0131mlanan kitaplar\u0131: Beni En Son Kim Unuttu, A\u011fustos 2025 \u00c7ay Koy Yeniden Ba\u015fl\u0131yoruz, Kas\u0131m 2024 \u00c7\u00fcnk\u00fc kimsenin kap\u0131s\u0131na \u00e7i\u00e7eklerini b\u0131rak\u0131p yaln\u0131z d\u00f6nmeyeceksin bundan sonra. \u0130\u00e7indeki sesi susturmaya \u00e7al\u0131\u015fma art\u0131k; o seni ger\u00e7ekten kurtarmaya \u00e7al\u0131\u015fan tek ki\u015fi. \u0130yi niyetinin y\u00fck\u00fcn\u00fc ta\u015f\u0131yacak g\u00fczel bir y\u00fcre\u011fin, bug\u00fcne kadar biriktirdi\u011fin bir sen var. B\u0131rak herkes kendi karanl\u0131\u011f\u0131na mahk\u00fbm olsun; sen art\u0131k kendini hat\u0131rla. Unutma, hayat hat\u0131rad\u0131r, unutursan \u00f6l\u00fcrs\u00fcn\u2026 \u00c7ok satan \u00c7ay Koy Yeniden Ba\u015fl\u0131yoruz kitab\u0131n\u0131n yazar\u0131 Emre G\u00fcrlek\u2019ten\u2026<\/p>\n","protected":false},"excerpt":{"rendered":"<p>Biliyorum, g\u00f6nl\u00fcn yorgun d\u00fc\u015ft\u00fc, y\u00fcre\u011fin dilsiz kald\u0131; herkese yeti\u015ftin de bir kendine ge\u00e7 kald\u0131n. Biliyorum, yapt\u0131\u011f\u0131n iyiliklerin, incelikli d\u00fc\u015f\u00fcncelerin ve iyi niyetlerin neticesinde hayal k\u0131r\u0131kl\u0131\u011f\u0131ndan ba\u015fka<span class=\"excerpt-hellip\"> [\u2026]<\/span><\/p>\n","protected":false},"featured_media":0,"template":"","meta":{"_monsterinsights_skip_tracking":false,"_monsterinsights_sitenote_active":false,"_monsterinsights_sitenote_note":"","_monsterinsights_sitenote_category":0},"product_brand":[],"product_cat":[12777,12291],"product_tag":[],"class_list":{"0":"post-774068","1":"product","2":"type-product","3":"status-publish","5":"product_cat-deneme","6":"product_cat-edebiyat","7":"pa_cilt-ciltsiz","8":"pa_tur-kitap","9":"pa_yayinevi-hayykitap","10":"pa_yazar-emre-gurlek","12":"first","13":"instock","14":"sale","15":"shipping-taxable","16":"purchasable","17":"product-type-simple"},"_links":{"self":[{"href":"https:\/\/roveyayinevi.com.tr\/index.php\/wp-json\/wp\/v2\/product\/774068","targetHints":{"allow":["GET"]}}],"collection":[{"href":"https:\/\/roveyayinevi.com.tr\/index.php\/wp-json\/wp\/v2\/product"}],"about":[{"href":"https:\/\/roveyayinevi.com.tr\/index.php\/wp-json\/wp\/v2\/types\/product"}],"wp:attachment":[{"href":"https:\/\/roveyayinevi.com.tr\/index.php\/wp-json\/wp\/v2\/media?parent=774068"}],"wp:term":[{"taxonomy":"product_brand","embeddable":true,"href":"https:\/\/roveyayinevi.com.tr\/index.php\/wp-json\/wp\/v2\/product_brand?post=774068"},{"taxonomy":"product_cat","embeddable":true,"href":"https:\/\/roveyayinevi.com.tr\/index.php\/wp-json\/wp\/v2\/product_cat?post=774068"},{"taxonomy":"product_tag","embeddable":true,"href":"https:\/\/roveyayinevi.com.tr\/index.php\/wp-json\/wp\/v2\/product_tag?post=774068"}],"curies":[{"name":"wp","href":"https:\/\/api.w.org\/{rel}","templated":true}]}}